(4362,'Royal40FruitsNG','Royal 40 Fruits',3,0,NULL,2,'slots',NULL,NULL,NULL,NULL,NULL,NULL,'{\"line1\":{\"74_80\":\"15\",\"82_88\":\"9\",\"90_96\":\"7\"},\"line3\":{\"74_80\":\"15\",\"82_88\":\"9\",\"90_96\":\"7\"},\"line5\":{\"74_80\":\"12\",\"82_88\":\"8\",\"90_96\":\"6\"},\"line7\":{\"74_80\":\"12\",\"82_88\":\"8\",\"90_96\":\"6\"},\"line9\":{\"74_80\":\"10\",\"82_88\":\"7\",\"90_96\":\"5\"},\"line10\":{\"74_80\":\"10\",\"82_88\":\"7\",\"90_96\":\"5\"}}','{\"line1_bonus\":{\"74_80\":\"15\",\"82_88\":\"9\",\"90_96\":\"7\"},\"line3_bonus\":{\"74_80\":\"15\",\"82_88\":\"9\",\"90_96\":\"7\"},\"line5_bonus\":{\"74_80\":\"12\",\"82_88\":\"8\",\"90_96\":\"6\"},\"line7_bonus\":{\"74_80\":\"12\",\"82_88\":\"8\",\"90_96\":\"6\"},\"line9_bonus\":{\"74_80\":\"10\",\"82_88\":\"7\",\"90_96\":\"5\"},\"line10_bonus\":{\"74_80\":\"10\",\"82_88\":\"7\",\"90_96\":\"5\"}}','{\"line1\":{\"74_80\":\"100\",\"82_88\":\"50\",\"90_96\":\"40\"},\"line3\":{\"74_80\":\"100\",\"82_88\":\"50\",\"90_96\":\"40\"},\"line5\":{\"74_80\":\"100\",\"82_88\":\"50\",\"90_96\":\"40\"},\"line7\":{\"74_80\":\"50\",\"82_88\":\"40\",\"90_96\":\"30\"},\"line9\":{\"74_80\":\"50\",\"82_88\":\"40\",\"90_96\":\"30\"},\"line10\":{\"74_80\":\"50\",\"82_88\":\"40\",\"90_96\":\"30\"}}','{\"line1_bonus\":{\"74_80\":\"100\",\"82_88\":\"50\",\"90_96\":\"40\"},\"line3_bonus\":{\"74_80\":\"100\",\"82_88\":\"50\",\"90_96\":\"40\"},\"line5_bonus\":{\"74_80\":\"100\",\"82_88\":\"50\",\"90_96\":\"40\"},\"line7_bonus\":{\"74_80\":\"50\",\"82_88\":\"40\",\"90_96\":\"30\"},\"line9_bonus\":{\"74_80\":\"50\",\"82_88\":\"40\",\"90_96\":\"30\"},\"line10_bonus\":{\"74_80\":\"50\",\"82_88\":\"40\",\"90_96\":\"30\"}}','4','','','0.01, 0.02, 0.05, 0.10, 0.20','','',1,1.00,NULL,1086,0,0.0000,0.0000,'2022-09-20 15:45:06','2022-09-20 15:45:06'),(4363,'DiscoFruitsNG','Disco Fruits',3,0,NULL,2,'slots',NULL,NULL,NULL,NULL,NULL,NULL,'{\"line1\":{\"74_80\":\"15\",\"82_88\":\"9\",\"90_96\":\"7\"},\"line3\":{\"74_80\":\"15\",\"82_88\":\"9\",\"90_96\":\"7\"},\"line5\":{\"74_80\":\"12\",\"82_88\":\"8\",\"90_96\":\"6\"},\"line7\":{\"74_80\":\"12\",\"82_88\":\"8\",\"90_96\":\"6\"},\"line9\":{\"74_80\":\"10\",\"82_88\":\"7\",\"90_96\":\"5\"},\"line10\":{\"74_80\":\"10\",\"82_88\":\"7\",\"90_96\":\"5\"}}','{\"line1_bonus\":{\"74_80\":\"15\",\"82_88\":\"9\",\"90_96\":\"7\"},\"line3_bonus\":{\"74_80\":\"15\",\"82_88\":\"9\",\"90_96\":\"7\"},\"line5_bonus\":{\"74_80\":\"12\",\"82_88\":\"8\",\"90_96\":\"6\"},\"line7_bonus\":{\"74_80\":\"12\",\"82_88\":\"8\",\"90_96\":\"6\"},\"line9_bonus\":{\"74_80\":\"10\",\"82_88\":\"7\",\"90_96\":\"5\"},\"line10_bonus\":{\"74_80\":\"10\",\"82_88\":\"7\",\"90_96\":\"5\"}}','{\"line1\":{\"74_80\":\"100\",\"82_88\":\"50\",\"90_96\":\"40\"},\"line3\":{\"74_80\":\"100\",\"82_88\":\"50\",\"90_96\":\"40\"},\"line5\":{\"74_80\":\"100\",\"82_88\":\"50\",\"90_96\":\"40\"},\"line7\":{\"74_80\":\"50\",\"82_88\":\"40\",\"90_96\":\"30\"},\"line9\":{\"74_80\":\"50\",\"82_88\":\"40\",\"90_96\":\"30\"},\"line10\":{\"74_80\":\"50\",\"82_88\":\"40\",\"90_96\":\"30\"}}','{\"line1_bonus\":{\"74_80\":\"100\",\"82_88\":\"50\",\"90_96\":\"40\"},\"line3_bonus\":{\"74_80\":\"100\",\"82_88\":\"50\",\"90_96\":\"40\"},\"line5_bonus\":{\"74_80\":\"100\",\"82_88\":\"50\",\"90_96\":\"40\"},\"line7_bonus\":{\"74_80\":\"50\",\"82_88\":\"40\",\"90_96\":\"30\"},\"line9_bonus\":{\"74_80\":\"50\",\"82_88\":\"40\",\"90_96\":\"30\"},\"line10_bonus\":{\"74_80\":\"50\",\"82_88\":\"40\",\"90_96\":\"30\"}}','4','','','0.01, 0.02, 0.05, 0.10, 0.20','','',1,1.00,NULL,1087,0,0.0000,0.0000,'2022-09-20 15:45:06','2022-09-20 15:45:06'),(4364,'AfricanKingNG','African King',3,0,NULL,2,'slots',NULL,NULL,NULL,NULL,NULL,NULL,'{\"line1\":{\"74_80\":\"15\",\"82_88\":\"9\",\"90_96\":\"7\"},\"line3\":{\"74_80\":\"15\",\"82_88\":\"9\",\"90_96\":\"7\"},\"line5\":{\"74_80\":\"12\",\"82_88\":\"8\",\"90_96\":\"6\"},\"line7\":{\"74_80\":\"12\",\"82_88\":\"8\",\"90_96\":\"6\"},\"line9\":{\"74_80\":\"10\",\"82_88\":\"7\",\"90_96\":\"5\"},\"line10\":{\"74_80\":\"10\",\"82_88\":\"7\",\"90_96\":\"5\"}}','{\"line1_bonus\":{\"74_80\":\"15\",\"82_88\":\"9\",\"90_96\":\"7\"},\"line3_bonus\":{\"74_80\":\"15\",\"82_88\":\"9\",\"90_96\":\"7\"},\"line5_bonus\":{\"74_80\":\"12\",\"82_88\":\"8\",\"90_96\":\"6\"},\"line7_bonus\":{\"74_80\":\"12\",\"82_88\":\"8\",\"90_96\":\"6\"},\"line9_bonus\":{\"74_80\":\"10\",\"82_88\":\"7\",\"90_96\":\"5\"},\"line10_bonus\":{\"74_80\":\"10\",\"82_88\":\"7\",\"90_96\":\"5\"}}','{\"line1\":{\"74_80\":\"100\",\"82_88\":\"50\",\"90_96\":\"40\"},\"line3\":{\"74_80\":\"100\",\"82_88\":\"50\",\"90_96\":\"40\"},\"line5\":{\"74_80\":\"100\",\"82_88\":\"50\",\"90_96\":\"40\"},\"line7\":{\"74_80\":\"50\",\"82_88\":\"40\",\"90_96\":\"30\"},\"line9\":{\"74_80\":\"50\",\"82_88\":\"40\",\"90_96\":\"30\"},\"line10\":{\"74_80\":\"50\",\"82_88\":\"40\",\"90_96\":\"30\"}}','{\"line1_bonus\":{\"74_80\":\"100\",\"82_88\":\"50\",\"90_96\":\"40\"},\"line3_bonus\":{\"74_80\":\"100\",\"82_88\":\"50\",\"90_96\":\"40\"},\"line5_bonus\":{\"74_80\":\"100\",\"82_88\":\"50\",\"90_96\":\"40\"},\"line7_bonus\":{\"74_80\":\"50\",\"82_88\":\"40\",\"90_96\":\"30\"},\"line9_bonus\":{\"74_80\":\"50\",\"82_88\":\"40\",\"90_96\":\"30\"},\"line10_bonus\":{\"74_80\":\"50\",\"82_88\":\"40\",\"90_96\":\"30\"}}','4','','','0.01, 0.02, 0.05, 0.10, 0.20','','',1,1.00,NULL,1088,0,0.0000,0.0000,'2022-09-20 15:45:06','2022-09-20 15:45:06'),(4365,'QuickCashFruitsNG','Quick Cash Fruits',3,0,NULL,2,'slots',NULL,NULL,NULL,NULL,NULL,NULL,'{\"line1\":{\"74_80\":\"15\",\"82_88\":\"9\",\"90_96\":\"7\"},\"line3\":{\"74_80\":\"15\",\"82_88\":\"9\",\"90_96\":\"7\"},\"line5\":{\"74_80\":\"12\",\"82_88\":\"8\",\"90_96\":\"6\"},\"line7\":{\"74_80\":\"12\",\"82_88\":\"8\",\"90_96\":\"6\"},\"line9\":{\"74_80\":\"10\",\"82_88\":\"7\",\"90_96\":\"5\"},\"line10\":{\"74_80\":\"10\",\"82_88\":\"7\",\"90_96\":\"5\"}}','{\"line1_bonus\":{\"74_80\":\"15\",\"82_88\":\"9\",\"90_96\":\"7\"},\"line3_bonus\":{\"74_80\":\"15\",\"82_88\":\"9\",\"90_96\":\"7\"},\"line5_bonus\":{\"74_80\":\"12\",\"82_88\":\"8\",\"90_96\":\"6\"},\"line7_bonus\":{\"74_80\":\"12\",\"82_88\":\"8\",\"90_96\":\"6\"},\"line9_bonus\":{\"74_80\":\"10\",\"82_88\":\"7\",\"90_96\":\"5\"},\"line10_bonus\":{\"74_80\":\"10\",\"82_88\":\"7\",\"90_96\":\"5\"}}','{\"line1\":{\"74_80\":\"100\",\"82_88\":\"50\",\"90_96\":\"40\"},\"line3\":{\"74_80\":\"100\",\"82_88\":\"50\",\"90_96\":\"40\"},\"line5\":{\"74_80\":\"100\",\"82_88\":\"50\",\"90_96\":\"40\"},\"line7\":{\"74_80\":\"50\",\"82_88\":\"40\",\"90_96\":\"30\"},\"line9\":{\"74_80\":\"50\",\"82_88\":\"40\",\"90_96\":\"30\"},\"line10\":{\"74_80\":\"50\",\"82_88\":\"40\",\"90_96\":\"30\"}}','{\"line1_bonus\":{\"74_80\":\"100\",\"82_88\":\"50\",\"90_96\":\"40\"},\"line3_bonus\":{\"74_80\":\"100\",\"82_88\":\"50\",\"90_96\":\"40\"},\"line5_bonus\":{\"74_80\":\"100\",\"82_88\":\"50\",\"90_96\":\"40\"},\"line7_bonus\":{\"74_80\":\"50\",\"82_88\":\"40\",\"90_96\":\"30\"},\"line9_bonus\":{\"74_80\":\"50\",\"82_88\":\"40\",\"90_96\":\"30\"},\"line10_bonus\":{\"74_80\":\"50\",\"82_88\":\"40\",\"90_96\":\"30\"}}','4','','','0.01, 0.02, 0.05, 0.10, 0.20','','',1,1.00,NULL,1089,0,0.0000,0.0000,'2022-09-20 15:45:06','2022-09-20 15:45:06'),(4366,'BookOfNileRevengeNG','Book Of Nile Revenge',3,0,NULL,2,'slots',NULL,NULL,NULL,NULL,NULL,NULL,'{\"line1\":{\"74_80\":\"15\",\"82_88\":\"9\",\"90_96\":\"7\"},\"line3\":{\"74_80\":\"15\",\"82_88\":\"9\",\"90_96\":\"7\"},\"line5\":{\"74_80\":\"12\",\"82_88\":\"8\",\"90_96\":\"6\"},\"line7\":{\"74_80\":\"12\",\"82_88\":\"8\",\"90_96\":\"6\"},\"line9\":{\"74_80\":\"10\",\"82_88\":\"7\",\"90_96\":\"5\"},\"line10\":{\"74_80\":\"10\",\"82_88\":\"7\",\"90_96\":\"5\"}}','{\"line1_bonus\":{\"74_80\":\"15\",\"82_88\":\"9\",\"90_96\":\"7\"},\"line3_bonus\":{\"74_80\":\"15\",\"82_88\":\"9\",\"90_96\":\"7\"},\"line5_bonus\":{\"74_80\":\"12\",\"82_88\":\"8\",\"90_96\":\"6\"},\"line7_bonus\":{\"74_80\":\"12\",\"82_88\":\"8\",\"90_96\":\"6\"},\"line9_bonus\":{\"74_80\":\"10\",\"82_88\":\"7\",\"90_96\":\"5\"},\"line10_bonus\":{\"74_80\":\"10\",\"82_88\":\"7\",\"90_96\":\"5\"}}','{\"line1\":{\"74_80\":\"100\",\"82_88\":\"50\",\"90_96\":\"40\"},\"line3\":{\"74_80\":\"100\",\"82_88\":\"50\",\"90_96\":\"40\"},\"line5\":{\"74_80\":\"100\",\"82_88\":\"50\",\"90_96\":\"40\"},\"line7\":{\"74_80\":\"50\",\"82_88\":\"40\",\"90_96\":\"30\"},\"line9\":{\"74_80\":\"50\",\"82_88\":\"40\",\"90_96\":\"30\"},\"line10\":{\"74_80\":\"50\",\"82_88\":\"40\",\"90_96\":\"30\"}}','{\"line1_bonus\":{\"74_80\":\"100\",\"82_88\":\"50\",\"90_96\":\"40\"},\"line3_bonus\":{\"74_80\":\"100\",\"82_88\":\"50\",\"90_96\":\"40\"},\"line5_bonus\":{\"74_80\":\"100\",\"82_88\":\"50\",\"90_96\":\"40\"},\"line7_bonus\":{\"74_80\":\"50\",\"82_88\":\"40\",\"90_96\":\"30\"},\"line9_bonus\":{\"74_80\":\"50\",\"82_88\":\"40\",\"90_96\":\"30\"},\"line10_bonus\":{\"74_80\":\"50\",\"82_88\":\"40\",\"90_96\":\"30\"}}','4','','','0.01, 0.02, 0.05, 0.10, 0.20','','',1,1.00,NULL,1090,0,0.0000,0.0000,'2022-09-20 15:45:06','2022-09-20 15:45:06'),(4367,'BookOfNileLostChapterNG','Book Of NileLost Chapter',3,0,NULL,2,'slots',NULL,NULL,NULL,NULL,NULL,NULL,'{\"line1\":{\"74_80\":\"15\",\"82_88\":\"9\",\"90_96\":\"7\"},\"line3\":{\"74_80\":\"15\",\"82_88\":\"9\",\"90_96\":\"7\"},\"line5\":{\"74_80\":\"12\",\"82_88\":\"8\",\"90_96\":\"6\"},\"line7\":{\"74_80\":\"12\",\"82_88\":\"8\",\"90_96\":\"6\"},\"line9\":{\"74_80\":\"10\",\"82_88\":\"7\",\"90_96\":\"5\"},\"line10\":{\"74_80\":\"10\",\"82_88\":\"7\",\"90_96\":\"5\"}}','{\"line1_bonus\":{\"74_80\":\"15\",\"82_88\":\"9\",\"90_96\":\"7\"},\"line3_bonus\":{\"74_80\":\"15\",\"82_88\":\"9\",\"90_96\":\"7\"},\"line5_bonus\":{\"74_80\":\"12\",\"82_88\":\"8\",\"90_96\":\"6\"},\"line7_bonus\":{\"74_80\":\"12\",\"82_88\":\"8\",\"90_96\":\"6\"},\"line9_bonus\":{\"74_80\":\"10\",\"82_88\":\"7\",\"90_96\":\"5\"},\"line10_bonus\":{\"74_80\":\"10\",\"82_88\":\"7\",\"90_96\":\"5\"}}','{\"line1\":{\"74_80\":\"100\",\"82_88\":\"50\",\"90_96\":\"40\"},\"line3\":{\"74_80\":\"100\",\"82_88\":\"50\",\"90_96\":\"40\"},\"line5\":{\"74_80\":\"100\",\"82_88\":\"50\",\"90_96\":\"40\"},\"line7\":{\"74_80\":\"50\",\"82_88\":\"40\",\"90_96\":\"30\"},\"line9\":{\"74_80\":\"50\",\"82_88\":\"40\",\"90_96\":\"30\"},\"line10\":{\"74_80\":\"50\",\"82_88\":\"40\",\"90_96\":\"30\"}}','{\"line1_bonus\":{\"74_80\":\"100\",\"82_88\":\"50\",\"90_96\":\"40\"},\"line3_bonus\":{\"74_80\":\"100\",\"82_88\":\"50\",\"90_96\":\"40\"},\"line5_bonus\":{\"74_80\":\"100\",\"82_88\":\"50\",\"90_96\":\"40\"},\"line7_bonus\":{\"74_80\":\"50\",\"82_88\":\"40\",\"90_96\":\"30\"},\"line9_bonus\":{\"74_80\":\"50\",\"82_88\":\"40\",\"90_96\":\"30\"},\"line10_bonus\":{\"74_80\":\"50\",\"82_88\":\"40\",\"90_96\":\"30\"}}','4','','','0.01, 0.02, 0.05, 0.10, 0.20','','',1,1.00,NULL,1091,0,0.0000,0.0000,'2022-09-20 15:45:06','2022-09-20 15:45:06'),(4368,'Royal20FruitsNG','Royal 20 Fruits',3,0,NULL,2,'slots',NULL,NULL,NULL,NULL,NULL,NULL,'{\"line1\":{\"74_80\":\"15\",\"82_88\":\"9\",\"90_96\":\"7\"},\"line3\":{\"74_80\":\"15\",\"82_88\":\"9\",\"90_96\":\"7\"},\"line5\":{\"74_80\":\"12\",\"82_88\":\"8\",\"90_96\":\"6\"},\"line7\":{\"74_80\":\"12\",\"82_88\":\"8\",\"90_96\":\"6\"},\"line9\":{\"74_80\":\"10\",\"82_88\":\"7\",\"90_96\":\"5\"},\"line10\":{\"74_80\":\"10\",\"82_88\":\"7\",\"90_96\":\"5\"}}','{\"line1_bonus\":{\"74_80\":\"15\",\"82_88\":\"9\",\"90_96\":\"7\"},\"line3_bonus\":{\"74_80\":\"15\",\"82_88\":\"9\",\"90_96\":\"7\"},\"line5_bonus\":{\"74_80\":\"12\",\"82_88\":\"8\",\"90_96\":\"6\"},\"line7_bonus\":{\"74_80\":\"12\",\"82_88\":\"8\",\"90_96\":\"6\"},\"line9_bonus\":{\"74_80\":\"10\",\"82_88\":\"7\",\"90_96\":\"5\"},\"line10_bonus\":{\"74_80\":\"10\",\"82_88\":\"7\",\"90_96\":\"5\"}}','{\"line1\":{\"74_80\":\"100\",\"82_88\":\"50\",\"90_96\":\"40\"},\"line3\":{\"74_80\":\"100\",\"82_88\":\"50\",\"90_96\":\"40\"},\"line5\":{\"74_80\":\"100\",\"82_88\":\"50\",\"90_96\":\"40\"},\"line7\":{\"74_80\":\"50\",\"82_88\":\"40\",\"90_96\":\"30\"},\"line9\":{\"74_80\":\"50\",\"82_88\":\"40\",\"90_96\":\"30\"},\"line10\":{\"74_80\":\"50\",\"82_88\":\"40\",\"90_96\":\"30\"}}','{\"line1_bonus\":{\"74_80\":\"100\",\"82_88\":\"50\",\"90_96\":\"40\"},\"line3_bonus\":{\"74_80\":\"100\",\"82_88\":\"50\",\"90_96\":\"40\"},\"line5_bonus\":{\"74_80\":\"100\",\"82_88\":\"50\",\"90_96\":\"40\"},\"line7_bonus\":{\"74_80\":\"50\",\"82_88\":\"40\",\"90_96\":\"30\"},\"line9_bonus\":{\"74_80\":\"50\",\"82_88\":\"40\",\"90_96\":\"30\"},\"line10_bonus\":{\"74_80\":\"50\",\"82_88\":\"40\",\"90_96\":\"30\"}}','4','','','0.01, 0.02, 0.05, 0.10, 0.20','','',1,1.00,NULL,1092,0,0.0000,0.0000,'2022-09-20 15:45:06','2022-09-20 15:45:06'),(4369,'RedHotChilli7sNG','Red Hot Chilli 7s',3,0,NULL,2,'slots',NULL,NULL,NULL,NULL,NULL,NULL,'{\"line1\":{\"74_80\":\"15\",\"82_88\":\"9\",\"90_96\":\"7\"},\"line3\":{\"74_80\":\"15\",\"82_88\":\"9\",\"90_96\":\"7\"},\"line5\":{\"74_80\":\"12\",\"82_88\":\"8\",\"90_96\":\"6\"},\"line7\":{\"74_80\":\"12\",\"82_88\":\"8\",\"90_96\":\"6\"},\"line9\":{\"74_80\":\"10\",\"82_88\":\"7\",\"90_96\":\"5\"},\"line10\":{\"74_80\":\"10\",\"82_88\":\"7\",\"90_96\":\"5\"}}','{\"line1_bonus\":{\"74_80\":\"15\",\"82_88\":\"9\",\"90_96\":\"7\"},\"line3_bonus\":{\"74_80\":\"15\",\"82_88\":\"9\",\"90_96\":\"7\"},\"line5_bonus\":{\"74_80\":\"12\",\"82_88\":\"8\",\"90_96\":\"6\"},\"line7_bonus\":{\"74_80\":\"12\",\"82_88\":\"8\",\"90_96\":\"6\"},\"line9_bonus\":{\"74_80\":\"10\",\"82_88\":\"7\",\"90_96\":\"5\"},\"line10_bonus\":{\"74_80\":\"10\",\"82_88\":\"7\",\"90_96\":\"5\"}}','{\"line1\":{\"74_80\":\"100\",\"82_88\":\"50\",\"90_96\":\"40\"},\"line3\":{\"74_80\":\"100\",\"82_88\":\"50\",\"90_96\":\"40\"},\"line5\":{\"74_80\":\"100\",\"82_88\":\"50\",\"90_96\":\"40\"},\"line7\":{\"74_80\":\"50\",\"82_88\":\"40\",\"90_96\":\"30\"},\"line9\":{\"74_80\":\"50\",\"82_88\":\"40\",\"90_96\":\"30\"},\"line10\":{\"74_80\":\"50\",\"82_88\":\"40\",\"90_96\":\"30\"}}','{\"line1_bonus\":{\"74_80\":\"100\",\"82_88\":\"50\",\"90_96\":\"40\"},\"line3_bonus\":{\"74_80\":\"100\",\"82_88\":\"50\",\"90_96\":\"40\"},\"line5_bonus\":{\"74_80\":\"100\",\"82_88\":\"50\",\"90_96\":\"40\"},\"line7_bonus\":{\"74_80\":\"50\",\"82_88\":\"40\",\"90_96\":\"30\"},\"line9_bonus\":{\"74_80\":\"50\",\"82_88\":\"40\",\"90_96\":\"30\"},\"line10_bonus\":{\"74_80\":\"50\",\"82_88\":\"40\",\"90_96\":\"30\"}}','4','','','0.01, 0.02, 0.05, 0.10, 0.20','','',1,1.00,NULL,1093,0,0.0000,0.0000,'2022-09-20 15:45:06','2022-09-20 15:45:06'),(4370,'GoldenFruitsNG','Golden Fruits',3,0,NULL,2,'slots',NULL,NULL,NULL,NULL,NULL,NULL,'{\"line1\":{\"74_80\":\"15\",\"82_88\":\"9\",\"90_96\":\"7\"},\"line3\":{\"74_80\":\"15\",\"82_88\":\"9\",\"90_96\":\"7\"},\"line5\":{\"74_80\":\"12\",\"82_88\":\"8\",\"90_96\":\"6\"},\"line7\":{\"74_80\":\"12\",\"82_88\":\"8\",\"90_96\":\"6\"},\"line9\":{\"74_80\":\"10\",\"82_88\":\"7\",\"90_96\":\"5\"},\"line10\":{\"74_80\":\"10\",\"82_88\":\"7\",\"90_96\":\"5\"}}','{\"line1_bonus\":{\"74_80\":\"15\",\"82_88\":\"9\",\"90_96\":\"7\"},\"line3_bonus\":{\"74_80\":\"15\",\"82_88\":\"9\",\"90_96\":\"7\"},\"line5_bonus\":{\"74_80\":\"12\",\"82_88\":\"8\",\"90_96\":\"6\"},\"line7_bonus\":{\"74_80\":\"12\",\"82_88\":\"8\",\"90_96\":\"6\"},\"line9_bonus\":{\"74_80\":\"10\",\"82_88\":\"7\",\"90_96\":\"5\"},\"line10_bonus\":{\"74_80\":\"10\",\"82_88\":\"7\",\"90_96\":\"5\"}}','{\"line1\":{\"74_80\":\"100\",\"82_88\":\"50\",\"90_96\":\"40\"},\"line3\":{\"74_80\":\"100\",\"82_88\":\"50\",\"90_96\":\"40\"},\"line5\":{\"74_80\":\"100\",\"82_88\":\"50\",\"90_96\":\"40\"},\"line7\":{\"74_80\":\"50\",\"82_88\":\"40\",\"90_96\":\"30\"},\"line9\":{\"74_80\":\"50\",\"82_88\":\"40\",\"90_96\":\"30\"},\"line10\":{\"74_80\":\"50\",\"82_88\":\"40\",\"90_96\":\"30\"}}','{\"line1_bonus\":{\"74_80\":\"100\",\"82_88\":\"50\",\"90_96\":\"40\"},\"line3_bonus\":{\"74_80\":\"100\",\"82_88\":\"50\",\"90_96\":\"40\"},\"line5_bonus\":{\"74_80\":\"100\",\"82_88\":\"50\",\"90_96\":\"40\"},\"line7_bonus\":{\"74_80\":\"50\",\"82_88\":\"40\",\"90_96\":\"30\"},\"line9_bonus\":{\"74_80\":\"50\",\"82_88\":\"40\",\"90_96\":\"30\"},\"line10_bonus\":{\"74_80\":\"50\",\"82_88\":\"40\",\"90_96\":\"30\"}}','4','','a:0:{}','0.01, 0.02, 0.05, 0.10, 0.20','','',1,1.00,NULL,1094,0,0.0000,0.0000,'2022-09-20 15:45:06','2022-09-21 14:27:21');

--
-- Table structure for table `w_happyhours`
--

CREATE TABLE `w_happyhours` (
  `id` int(55) NOT NULL AUTO_INCREMENT,
  `multiplier` varchar(55) COLLATE utf8mb4_unicode_ci NOT NULL,
  `wager` int(55) NOT NULL,
  `time` varchar(55) COLLATE utf8mb4_unicode_ci NOT NULL,
  `shop_id` int(55) NOT NULL,
  `status` int(2) NOT NULL DEFAULT '1',
  PRIMARY KEY (`id`)
) ENGINE=MyISAM DEFAULT CHARSET=utf8mb4 COLLATE=utf8mb4_unicode_ci ROW_FORMAT=DYNAMIC;

--
-- Dumping data for table `w_happyhours`
--


--
-- Table structure for table `w_info`
--

CREATE TABLE `w_info` (
  `id` int(55) NOT NULL AUTO_INCREMENT,
  `title` varchar(255) COLLATE utf8mb4_unicode_ci NOT NULL,
  `text` text COLLATE utf8mb4_unicode_ci NOT NULL,
  `roles` varchar(255) COLLATE utf8mb4_unicode_ci NOT NULL DEFAULT '',
  `user_id` int(55) NOT NULL,
  `days` int(5) NOT NULL DEFAULT '3',
  `created_at` timestamp NOT NULL DEFAULT CURRENT_TIMESTAMP,
  PRIMARY KEY (`id`)
) ENGINE=MyISAM DEFAULT CHARSET=utf8mb4 COLLATE=utf8mb4_unicode_ci ROW_FORMAT=DYNAMIC;

--
-- Dumping data for table `w_info`
--


--
-- Table structure for table `w_info_shop`
--

CREATE TABLE `w_info_shop` (
  `id` int(55) NOT NULL AUTO_INCREMENT,
  `info_id` int(55) NOT NULL,
  `shop_id` int(55) NOT NULL,
  PRIMARY KEY (`id`),
  KEY `category_id` (`shop_id`),
  KEY `game_id` (`info_id`)
) ENGINE=MyISAM DEFAULT CHARSET=utf8mb4 COLLATE=utf8mb4_unicode_ci ROW_FORMAT=DYNAMIC;

--
-- Dumping data for table `w_info_shop`
--


--
-- Table structure for table `w_invites`
--

CREATE TABLE `w_invites` (
  `id` int(55) NOT NULL AUTO_INCREMENT,
  `type` varchar(55) COLLATE utf8mb4_unicode_ci DEFAULT NULL,
  `message` varchar(255) COLLATE utf8mb4_unicode_ci NOT NULL,
  `sum` double NOT NULL DEFAULT '0',
  `sum_ref` double NOT NULL DEFAULT '0',
  `min_amount` double NOT NULL DEFAULT '0',
  `waiting_time` int(5) NOT NULL,
  `shop_id` int(55) NOT NULL,
  `wager` int(55) NOT NULL,
  PRIMARY KEY (`id`)
) ENGINE=MyISAM AUTO_INCREMENT=5 DEFAULT CHARSET=utf8mb4 COLLATE=utf8mb4_unicode_ci ROW_FORMAT=DYNAMIC;

--
-- Dumping data for table `w_invites`
--

INSERT INTO `w_invites` VALUES (1,'one_pay','Login on :url\r\n\r\nL: :login\r\nP: :password',5,10,20,5,0,1),(2,'one_pay','Login on :url\r\n\r\nL: :login\r\nP: :password',5,10,20,5,1,1),(3,'one_pay','Login on :url\r\n\r\nL: :login\r\nP: :password',5,10,20,5,2,1),(4,'one_pay','Login on :url\r\n\r\nL: :login\r\nP: :password',5,10,20,5,3,1);

--
-- Table structure for table `w_jobs`
--

CREATE TABLE `w_jobs` (
  `id` bigint(20) unsigned NOT NULL AUTO_INCREMENT,
  `queue` varchar(191) COLLATE utf8mb4_unicode_ci NOT NULL,
  `payload` longtext COLLATE utf8mb4_unicode_ci NOT NULL,
  `attempts` tinyint(3) unsigned NOT NULL,
  `reserved_at` int(10) unsigned DEFAULT NULL,
  `available_at` int(10) unsigned NOT NULL,
  `created_at` int(10) unsigned NOT NULL,
  PRIMARY KEY (`id`),
  KEY `jobs_queue_index` (`queue`)
) ENGINE=MyISAM AUTO_INCREMENT=25 DEFAULT CHARSET=utf8mb4 COLLATE=utf8mb4_unicode_ci ROW_FORMAT=DYNAMIC;

--
-- Dumping data for table `w_jobs`
--

INSERT INTO `w_jobs` VALUES (17,'default','{\"uuid\":\"0b16cafa-4e89-43cf-bf56-c78308fe8ea7\",\"displayName\":\"VanguardLTE\\\\Jobs\\\\UpdateHierarchyUsersCache\",\"job\":\"Illuminate\\\\Queue\\\\CallQueuedHandler@call\",\"maxTries\":null,\"maxExceptions\":null,\"backoff\":null,\"timeout\":null,\"retryUntil\":null,\"data\":{\"commandName\":\"VanguardLTE\\\\Jobs\\\\UpdateHierarchyUsersCache\",\"command\":\"O:42:\\\"VanguardLTE\\\\Jobs\\\\UpdateHierarchyUsersCache\\\":10:{s:3:\\\"job\\\";N;s:10:\\\"connection\\\";N;s:5:\\\"queue\\\";N;s:15:\\\"chainConnection\\\";N;s:10:\\\"chainQueue\\\";N;s:19:\\\"chainCatchCallbacks\\\";N;s:5:\\\"delay\\\";N;s:11:\\\"afterCommit\\\";N;s:10:\\\"middleware\\\";a:0:{}s:7:\\\"chained\\\";a:0:{}}\"}}',0,NULL,1666297268,1666297268),(18,'default','{\"uuid\":\"1603f630-c3ac-4391-90ec-ed7408cadf64\",\"displayName\":\"VanguardLTE\\\\Jobs\\\\UpdateTreeCache\",\"job\":\"Illuminate\\\\Queue\\\\CallQueuedHandler@call\",\"maxTries\":null,\"maxExceptions\":null,\"backoff\":null,\"timeout\":null,\"retryUntil\":null,\"data\":{\"commandName\":\"VanguardLTE\\\\Jobs\\\\UpdateTreeCache\",\"command\":\"O:32:\\\"VanguardLTE\\\\Jobs\\\\UpdateTreeCache\\\":11:{s:6:\\\"\\u0000*\\u0000ids\\\";a:1:{i:0;i:19;}s:3:\\\"job\\\";N;s:10:\\\"connection\\\";N;s:5:\\\"queue\\\";N;s:15:\\\"chainConnection\\\";N;s:10:\\\"chainQueue\\\";N;s:19:\\\"chainCatchCallbacks\\\";N;s:5:\\\"delay\\\";N;s:11:\\\"afterCommit\\\";N;s:10:\\\"middleware\\\";a:0:{}s:7:\\\"chained\\\";a:0:{}}\"}}',0,NULL,1666297349,1666297349),(19,'default','{\"uuid\":\"15cb6c45-9d83-4de2-825b-d50b2a752b68\",\"displayName\":\"VanguardLTE\\\\Jobs\\\\UpdateTreeCache\",\"job\":\"Illuminate\\\\Queue\\\\CallQueuedHandler@call\",\"maxTries\":null,\"maxExceptions\":null,\"backoff\":null,\"timeout\":null,\"retryUntil\":null,\"data\":{\"commandName\":\"VanguardLTE\\\\Jobs\\\\UpdateTreeCache\",\"command\":\"O:32:\\\"VanguardLTE\\\\Jobs\\\\UpdateTreeCache\\\":11:{s:6:\\\"\\u0000*\\u0000ids\\\";a:5:{i:0;i:18;i:1;i:2;i:2;i:7;i:3;i:13;i:4;i:1;}s:3:\\\"job\\\";N;s:10:\\\"connection\\\";N;s:5:\\\"queue\\\";N;s:15:\\\"chainConnection\\\";N;s:10:\\\"chainQueue\\\";N;s:19:\\\"chainCatchCallbacks\\\";N;s:5:\\\"delay\\\";N;s:11:\\\"afterCommit\\\";N;s:10:\\\"middleware\\\";a:0:{}s:7:\\\"chained\\\";a:0:{}}\"}}',0,NULL,1666297350,1666297350),(20,'default','{\"uuid\":\"51ed33dd-1462-4676-a9e4-884c0124ef00\",\"displayName\":\"VanguardLTE\\\\Jobs\\\\UpdateHierarchyUsersCache\",\"job\":\"Illuminate\\\\Queue\\\\CallQueuedHandler@call\",\"maxTries\":null,\"maxExceptions\":null,\"backoff\":null,\"timeout\":null,\"retryUntil\":null,\"data\":{\"commandName\":\"VanguardLTE\\\\Jobs\\\\UpdateHierarchyUsersCache\",\"command\":\"O:42:\\\"VanguardLTE\\\\Jobs\\\\UpdateHierarchyUsersCache\\\":10:{s:3:\\\"job\\\";N;s:10:\\\"connection\\\";N;s:5:\\\"queue\\\";N;s:15:\\\"chainConnection\\\";N;s:10:\\\"chainQueue\\\";N;s:19:\\\"chainCatchCallbacks\\\";N;s:5:\\\"delay\\\";N;s:11:\\\"afterCommit\\\";N;s:10:\\\"middleware\\\";a:0:{}s:7:\\\"chained\\\";a:0:{}}\"}}',0,NULL,1678230775,1678230775),(21,'default','{\"uuid\":\"59f11f3e-6a6b-4d9f-9da1-930d42dfb83b\",\"displayName\":\"VanguardLTE\\\\Jobs\\\\UpdateHierarchyUsersCache\",\"job\":\"Illuminate\\\\Queue\\\\CallQueuedHandler@call\",\"maxTries\":null,\"maxExceptions\":null,\"backoff\":null,\"timeout\":null,\"retryUntil\":null,\"data\":{\"commandName\":\"VanguardLTE\\\\Jobs\\\\UpdateHierarchyUsersCache\",\"command\":\"O:42:\\\"VanguardLTE\\\\Jobs\\\\UpdateHierarchyUsersCache\\\":10:{s:3:\\\"job\\\";N;s:10:\\\"connection\\\";N;s:5:\\\"queue\\\";N;s:15:\\\"chainConnection\\\";N;s:10:\\\"chainQueue\\\";N;s:19:\\\"chainCatchCallbacks\\\";N;s:5:\\\"delay\\\";N;s:11:\\\"afterCommit\\\";N;s:10:\\\"middleware\\\";a:0:{}s:7:\\\"chained\\\";a:0:{}}\"}}',0,NULL,1678262246,1678262246),(22,'default','{\"uuid\":\"bc1b7af7-118d-4af8-be7d-a7deacd60592\",\"displayName\":\"VanguardLTE\\\\Jobs\\\\UpdateHierarchyUsersCache\",\"job\":\"Illuminate\\\\Queue\\\\CallQueuedHandler@call\",\"maxTries\":null,\"maxExceptions\":null,\"backoff\":null,\"timeout\":null,\"retryUntil\":null,\"data\":{\"commandName\":\"VanguardLTE\\\\Jobs\\\\UpdateHierarchyUsersCache\",\"command\":\"O:42:\\\"VanguardLTE\\\\Jobs\\\\UpdateHierarchyUsersCache\\\":10:{s:3:\\\"job\\\";N;s:10:\\\"connection\\\";N;s:5:\\\"queue\\\";N;s:15:\\\"chainConnection\\\";N;s:10:\\\"chainQueue\\\";N;s:19:\\\"chainCatchCallbacks\\\";N;s:5:\\\"delay\\\";N;s:11:\\\"afterCommit\\\";N;s:10:\\\"middleware\\\";a:0:{}s:7:\\\"chained\\\";a:0:{}}\"}}',0,NULL,1678340559,1678340559),(23,'default','{\"uuid\":\"a4932e37-9d38-48ad-997c-1e574715fdf4\",\"displayName\":\"VanguardLTE\\\\Jobs\\\\UpdateHierarchyUsersCache\",\"job\":\"Illuminate\\\\Queue\\\\CallQueuedHandler@call\",\"maxTries\":null,\"maxExceptions\":null,\"backoff\":null,\"timeout\":null,\"retryUntil\":null,\"data\":{\"commandName\":\"VanguardLTE\\\\Jobs\\\\UpdateHierarchyUsersCache\",\"command\":\"O:42:\\\"VanguardLTE\\\\Jobs\\\\UpdateHierarchyUsersCache\\\":10:{s:3:\\\"job\\\";N;s:10:\\\"connection\\\";N;s:5:\\\"queue\\\";N;s:15:\\\"chainConnection\\\";N;s:10:\\\"chainQueue\\\";N;s:19:\\\"chainCatchCallbacks\\\";N;s:5:\\\"delay\\\";N;s:11:\\\"afterCommit\\\";N;s:10:\\\"middleware\\\";a:0:{}s:7:\\\"chained\\\";a:0:{}}\"}}',0,NULL,1678347472,1678347472),(24,'default','{\"uuid\":\"7e22a264-6f6f-4533-badf-a5cd2e408756\",\"displayName\":\"VanguardLTE\\\\Jobs\\\\UpdateHierarchyUsersCache\",\"job\":\"Illuminate\\\\Queue\\\\CallQueuedHandler@call\",\"maxTries\":null,\"maxExceptions\":null,\"backoff\":null,\"timeout\":null,\"retryUntil\":null,\"data\":{\"commandName\":\"VanguardLTE\\\\Jobs\\\\UpdateHierarchyUsersCache\",\"command\":\"O:42:\\\"VanguardLTE\\\\Jobs\\\\UpdateHierarchyUsersCache\\\":10:{s:3:\\\"job\\\";N;s:10:\\\"connection\\\";N;s:5:\\\"queue\\\";N;s:15:\\\"chainConnection\\\";N;s:10:\\\"chainQueue\\\";N;s:19:\\\"chainCatchCallbacks\\\";N;s:5:\\\"delay\\\";N;s:11:\\\"afterCommit\\\";N;s:10:\\\"middleware\\\";a:0:{}s:7:\\\"chained\\\";a:0:{}}\"}}',0,NULL,1678369505,1678369505);

--
-- Table structure for table `w_jpg`
--

CREATE TABLE `w_jpg` (
  `id` int(1) NOT NULL AUTO_INCREMENT,
  `date_time` datetime NOT NULL DEFAULT CURRENT_TIMESTAMP,
  `name` varchar(100) COLLATE utf8mb4_unicode_ci DEFAULT NULL,
  `balance` decimal(20,6) NOT NULL DEFAULT '0.000000',
  `start_balance` int(55) NOT NULL DEFAULT '1',
  `pay_sum` int(55) NOT NULL,
  `percent` decimal(5,2) NOT NULL,
  `user_id` int(55) DEFAULT NULL,
  `shop_id` int(55) NOT NULL DEFAULT '0',
  PRIMARY KEY (`id`),
  KEY `shop_id` (`shop_id`)
) ENGINE=InnoDB AUTO_INCREMENT=41 DEFAULT CHARSET=utf8mb4 COLLATE=utf8mb4_unicode_ci ROW_FORMAT=DYNAMIC;

--
-- Dumping data for table `w_jpg`
--

INSERT INTO `w_jpg` VALUES (1,'2020-01-30 00:00:00','JPG 1',0.000000,0,0,0.10,NULL,0),(2,'2020-01-30 00:00:00','JPG 2',0.000000,0,0,0.10,NULL,0),(3,'2020-01-30 00:00:00','JPG 3',0.000000,0,0,0.10,NULL,0),(4,'2020-01-30 00:00:00','JPG 4',0.000000,0,0,0.10,NULL,0),(5,'2020-01-30 00:00:00','JPG 5',0.000000,0,0,0.10,NULL,0),(6,'2020-01-30 00:00:00','JPG 6',0.000000,0,0,0.10,NULL,0),(7,'2020-01-30 00:00:00','JPG 7',0.000000,0,0,0.10,NULL,0),(8,'2020-01-30 00:00:00','JPG 8',0.000000,0,0,0.10,NULL,0),(9,'2020-01-30 00:00:00','JPG 9',0.000000,0,0,0.10,NULL,0),(10,'2020-01-30 00:00:00','JPG 10',0.000000,0,0,0.10,NULL,0),(11,'2020-01-30 00:00:00','JPG 1',3.191600,0,0,0.10,NULL,1),(12,'2020-01-30 00:00:00','JPG 2',4.191600,0,0,0.10,NULL,1),(13,'2020-01-30 00:00:00','JPG 3',5.191600,0,0,0.10,NULL,1),(14,'2020-01-30 00:00:00','JPG 4',4.191600,0,0,0.10,NULL,1),(15,'2020-01-30 00:00:00','JPG 5',2.161600,0,0,0.10,NULL,1),(16,'2020-01-30 00:00:00','JPG 6',4.161600,0,0,0.10,NULL,1),(17,'2020-01-30 00:00:00','JPG 7',4.161600,0,0,0.10,NULL,1),(18,'2020-01-30 00:00:00','JPG 8',2.161600,0,0,0.10,NULL,1),(19,'2020-01-30 00:00:00','JPG 9',3.161600,0,0,0.10,NULL,1),(20,'2020-01-30 00:00:00','JPG 10',1.161600,0,0,0.10,NULL,1),(21,'2020-01-30 00:00:00','JPG 1',5.150000,0,0,0.10,NULL,2),(22,'2020-01-30 00:00:00','JPG 2',3.150000,0,0,0.10,NULL,2),(23,'2020-01-30 00:00:00','JPG 3',1.150000,0,0,0.10,NULL,2),(24,'2020-01-30 00:00:00','JPG 4',5.150000,0,0,0.10,NULL,2),(25,'2020-01-30 00:00:00','JPG 5',3.150000,0,0,0.10,NULL,2),(26,'2020-01-30 00:00:00','JPG 6',2.150000,0,0,0.10,NULL,2),(27,'2020-01-30 00:00:00','JPG 7',4.150000,0,0,0.10,NULL,2),(28,'2020-01-30 00:00:00','JPG 8',2.150000,0,0,0.10,NULL,2),(29,'2020-01-30 00:00:00','JPG 9',1.150000,0,0,0.10,NULL,2),(30,'2020-01-30 00:00:00','JPG 10',1.150000,0,0,0.10,NULL,2),(31,'2020-01-30 00:00:00','JPG 1',0.000000,0,0,0.10,NULL,3),(32,'2020-01-30 00:00:00','JPG 2',0.000000,0,0,0.10,NULL,3),(33,'2020-01-30 00:00:00','JPG 3',0.000000,0,0,0.10,NULL,3),(34,'2020-01-30 00:00:00','JPG 4',0.000000,0,0,0.10,NULL,3),(35,'2020-01-30 00:00:00','JPG 5',0.000000,0,0,0.10,NULL,3),(36,'2020-01-30 00:00:00','JPG 6',0.000000,0,0,0.10,NULL,3),(37,'2020-01-30 00:00:00','JPG 7',0.000000,0,0,0.10,NULL,3),(38,'2020-01-30 00:00:00','JPG 8',0.000000,0,0,0.10,NULL,3),(39,'2020-01-30 00:00:00','JPG 9',0.000000,0,0,0.10,NULL,3),(40,'2020-01-30 00:00:00','JPG 10',0.000000,0,0,0.10,NULL,3);

--
-- Table structure for table `w_messages`
--

CREATE TABLE `w_messages` (
  `id` int(55) NOT NULL AUTO_INCREMENT,
  `user_id` int(55) NOT NULL,
  `type` varchar(55) COLLATE utf8mb4_unicode_ci NOT NULL,
  `value` varchar(255) COLLATE utf8mb4_unicode_ci NOT NULL,
  `status` int(2) NOT NULL DEFAULT '0',
  `shop_id` int(55) NOT NULL,
  PRIMARY KEY (`id`)
) ENGINE=InnoDB AUTO_INCREMENT=6 DEFAULT CHARSET=utf8mb4 COLLATE=utf8mb4_unicode_ci;

--
-- Dumping data for table `w_messages`
--

INSERT INTO `w_messages` VALUES (2,11,'welcome_bonus','10',0,2),(3,20,'welcome_bonus','10',0,1),(4,21,'welcome_bonus','10',0,1),(5,6,'progress','10',0,1);

--
-- Table structure for table `w_migrations`
--

CREATE TABLE `w_migrations` (
  `id` int(10) unsigned NOT NULL AUTO_INCREMENT,
  `migration` varchar(191) COLLATE utf8mb4_unicode_ci NOT NULL,
  `batch` int(11) NOT NULL,
  PRIMARY KEY (`id`)
) ENGINE=InnoDB AUTO_INCREMENT=2 DEFAULT CHARSET=utf8mb4 COLLATE=utf8mb4_unicode_ci;

--
-- Dumping data for table `w_migrations`
--

INSERT INTO `w_migrations` VALUES (1,'2019_01_26_221915_create_coinpayment_transactions_table',1);

--
-- Table structure for table `w_notifications`
--

CREATE TABLE `w_notifications` (
  `id` int(55) NOT NULL AUTO_INCREMENT,
  `notification` varchar(255) COLLATE utf8mb4_unicode_ci NOT NULL,
  `data` varchar(255) COLLATE utf8mb4_unicode_ci NOT NULL,
  `user_id` int(55) NOT NULL,
  `created_at` timestamp NOT NULL DEFAULT CURRENT_TIMESTAMP,
  PRIMARY KEY (`id`)
) ENGINE=InnoDB DEFAULT CHARSET=utf8mb4 COLLATE=utf8mb4_unicode_ci;

--
-- Dumping data for table `w_notifications`
--


--
-- Table structure for table `w_open_shift`
--

CREATE TABLE `w_open_shift` (
  `id` int(55) NOT NULL AUTO_INCREMENT,
  `user_id` int(55) NOT NULL,
  `balance` decimal(20,4) NOT NULL DEFAULT '0.0000',
  `balance_in` decimal(20,4) NOT NULL DEFAULT '0.0000',
  `balance_out` decimal(20,4) NOT NULL DEFAULT '0.0000',
  `users` decimal(20,4) NOT NULL DEFAULT '0.0000',
  `jpg` decimal(20,4) NOT NULL DEFAULT '0.0000',
  `money_in` decimal(20,4) NOT NULL DEFAULT '0.0000',
  `money_out` decimal(20,4) NOT NULL DEFAULT '0.0000',
  `transfers` int(55) NOT NULL DEFAULT '0',
  `old_banks` decimal(20,4) NOT NULL DEFAULT '0.0000',
  `old_total` decimal(20,4) NOT NULL DEFAULT '0.0000',
  `last_banks` decimal(20,4) NOT NULL DEFAULT '0.0000',
  `shop_id` int(55) NOT NULL,
  `start_date` datetime NOT NULL DEFAULT CURRENT_TIMESTAMP,
  `end_date` datetime DEFAULT NULL,
  PRIMARY KEY (`id`),
  KEY `shop_id` (`shop_id`),
  KEY `user_id` (`user_id`)
) ENGINE=MyISAM AUTO_INCREMENT=5 DEFAULT CHARSET=utf8mb4 COLLATE=utf8mb4_unicode_ci ROW_FORMAT=DYNAMIC;

--
-- Dumping data for table `w_open_shift`
--

INSERT INTO `w_open_shift` VALUES (1,5,0.0000,8000.0000,1000.0000,1010.0000,0.0000,1000.0000,0.0000,1,0.0000,0.0000,50.0000,1,'2021-09-08 03:00:11','2021-09-08 03:03:59'),(2,5,7000.0000,0.0000,2120.0000,0.0000,0.0000,2120.0000,0.0000,4,50.0000,0.0000,0.0000,1,'2021-09-08 03:03:59',NULL),(3,10,0.0000,2000.0000,150.0000,0.0000,0.0000,150.0000,0.0000,1,0.0000,0.0000,0.0000,2,'2022-09-17 19:34:38',NULL),(4,16,0.0000,2500.0000,0.0000,0.0000,0.0000,0.0000,0.0000,0,0.0000,0.0000,0.0000,3,'2022-09-20 15:44:37',NULL);

--
-- Table structure for table `w_open_shift_temp`
--

CREATE TABLE `w_open_shift_temp` (
  `id` int(55) NOT NULL AUTO_INCREMENT,
  `field` varchar(55) COLLATE utf8mb4_unicode_ci NOT NULL,
  `type` enum('inc','dec') COLLATE utf8mb4_unicode_ci NOT NULL DEFAULT 'inc',
  `value` int(11) NOT NULL,
  `shop_id` int(55) NOT NULL,
  PRIMARY KEY (`id`)
) ENGINE=MyISAM DEFAULT CHARSET=utf8mb4 COLLATE=utf8mb4_unicode_ci ROW_FORMAT=DYNAMIC;

--
-- Dumping data for table `w_open_shift_temp`
--


--
-- Table structure for table `w_password_resets`
--

CREATE TABLE `w_password_resets` (
  `email` varchar(191) COLLATE utf8mb4_unicode_ci NOT NULL,
  `token` varchar(191) COLLATE utf8mb4_unicode_ci NOT NULL,
  `created_at` timestamp NOT NULL DEFAULT CURRENT_TIMESTAMP ON UPDATE CURRENT_TIMESTAMP,
  KEY `password_resets_email_index` (`email`),
  KEY `password_resets_token_index` (`token`)
) ENGINE=MyISAM DEFAULT CHARSET=utf8mb4 COLLATE=utf8mb4_unicode_ci ROW_FORMAT=DYNAMIC;

--
-- Dumping data for table `w_password_resets`
--


--
-- Table structure for table `w_pay_tickets`
--

CREATE TABLE `w_pay_tickets` (
  `id` int(11) NOT NULL AUTO_INCREMENT,
  `user_id` int(11) NOT NULL,
  `ticket_amount` decimal(20,4) NOT NULL DEFAULT '0.0000',
  `ticket_pin` varchar(225) COLLATE utf8_unicode_ci NOT NULL,
  `ticket_status` int(11) NOT NULL DEFAULT '0' COMMENT '0 => pending, 1=> success',
  `updated_at` timestamp NOT NULL DEFAULT CURRENT_TIMESTAMP ON UPDATE CURRENT_TIMESTAMP,
  `created_at` timestamp NOT NULL DEFAULT CURRENT_TIMESTAMP ON UPDATE CURRENT_TIMESTAMP,
  PRIMARY KEY (`id`)
) ENGINE=InnoDB DEFAULT CHARSET=utf8 COLLATE=utf8_unicode_ci;

--
-- Dumping data for table `w_pay_tickets`
--


--
-- Table structure for table `w_payment_settings`
--

CREATE TABLE `w_payment_settings` (
  `id` int(55) NOT NULL AUTO_INCREMENT,
  `system` varchar(255) COLLATE utf8mb4_unicode_ci NOT NULL,
  `field` varchar(255) COLLATE utf8mb4_unicode_ci NOT NULL,
  `shop_id` int(55) NOT NULL,
  `value` varchar(255) COLLATE utf8mb4_unicode_ci DEFAULT NULL,
  PRIMARY KEY (`id`)
) ENGINE=InnoDB AUTO_INCREMENT=10 DEFAULT CHARSET=utf8mb4 COLLATE=utf8mb4_unicode_ci;

--
-- Dumping data for table `w_payment_settings`
--

INSERT INTO `w_payment_settings` VALUES (1,'interkassa','shop_id',0,''),(2,'interkassa','token',0,''),(3,'coinbase','api_key',0,'a82763e8c7tw23o798dawueyq2'),(4,'coinbase','webhook_key',0,'a82763e8c7tw23o798dawueyq2/aw7y73e22'),(5,'btcpayserver','server',0,'a82763e8c7tw23o798dawueyq2'),(6,'btcpayserver','store_id',0,'ED8a76238'),(7,'btcpayserver','api_token',0,'a82763e8c7tw23o798dawueyq2/aw7y73e22'),(8,'coinbase','api_key',1,'a10975a9-df97-45e2-8de0-db8623d12293'),(9,'coinbase','webhook_key',1,'2a61debc-4172-4c04-8a68-4f5f44a64971');

--
-- Table structure for table `w_payments`
--

CREATE TABLE `w_payments` (
  `id` int(55) NOT NULL AUTO_INCREMENT,
  `user_id` int(55) NOT NULL,
  `sum` float NOT NULL,
  `currency` varchar(55) COLLATE utf8mb4_unicode_ci NOT NULL,
  `system` varchar(255) COLLATE utf8mb4_unicode_ci NOT NULL,
  `credit_id` int(55) NOT NULL DEFAULT '0',
  `status` int(2) NOT NULL,
  `shop_id` int(55) NOT NULL,
  PRIMARY KEY (`id`),
  KEY `user_id` (`user_id`)
) ENGINE=MyISAM AUTO_INCREMENT=9 DEFAULT CHARSET=utf8mb4 COLLATE=utf8mb4_unicode_ci ROW_FORMAT=DYNAMIC;

--
-- Dumping data for table `w_payments`
--

INSERT INTO `w_payments` VALUES (1,6,10,'EUR','coinbase',0,0,1),(2,6,10,'EUR','coinbase',0,0,1),(3,6,10,'EUR','coinbase',0,0,1),(4,20,50,'EUR','coinbase',0,0,1),(5,20,100,'EUR','coinbase',0,0,1),(6,6,10,'EUR','coinbase',0,0,1),(7,20,40,'EUR','coinbase',0,0,1),(8,21,100,'EUR','coinbase',0,0,1);

--
-- Table structure for table `w_permission_role`
--

CREATE TABLE `w_permission_role` (
  `id` int(10) unsigned NOT NULL AUTO_INCREMENT,
  `permission_id` int(10) unsigned NOT NULL,
  `role_id` int(10) unsigned NOT NULL,
  `created_at` timestamp NULL DEFAULT NULL,
  `updated_at` datetime NOT NULL DEFAULT CURRENT_TIMESTAMP,
  PRIMARY KEY (`id`),
  KEY `permission_role_permission_id_index` (`permission_id`),
  KEY `permission_role_role_id_index` (`role_id`)
) ENGINE=MyISAM AUTO_INCREMENT=956 DEFAULT CHARSET=utf8mb4 COLLATE=utf8mb4_unicode_ci ROW_FORMAT=DYNAMIC;

--
-- Dumping data for table `w_permission_role`
--

INSERT INTO `w_permission_role` VALUES (1,1,5,'2020-01-29 23:00:00','2020-01-30 00:00:00'),(826,124,2,'2021-05-05 12:37:21','2021-05-05 15:37:21'),(14,1,4,'2020-01-29 23:00:00','2020-01-30 00:00:00'),(22,1,3,'2020-01-29 23:00:00','2020-01-30 00:00:00'),(28,1,2,'2020-01-29 23:00:00','2020-01-30 00:00:00'),(831,126,4,'2021-05-05 12:50:18','2021-05-05 15:50:18'),(116,14,5,'2020-01-29 23:00:00','2020-01-30 00:00:00'),(827,124,6,'2021-05-05 12:37:21','2021-05-05 15:37:21'),(126,14,4,'2020-01-29 23:00:00','2020-01-30 00:00:00'),(833,126,6,'2021-05-05 12:50:18','2021-05-05 15:50:18'),(295,49,4,'2020-01-29 23:00:00','2020-01-30 00:00:00'),(296,45,4,'2020-01-29 23:00:00','2020-01-30 00:00:00'),(299,46,4,'2020-01-29 23:00:00','2020-01-30 00:00:00'),(300,2,4,'2020-01-29 23:00:00','2020-01-30 00:00:00'),(609,8,4,'2020-10-01 16:23:02','2020-10-01 15:23:02'),(345,5,4,'2020-01-29 23:00:00','2020-01-30 00:00:00'),(347,42,4,'2020-01-29 23:00:00','2020-01-30 00:00:00'),(349,4,4,'2020-01-29 23:00:00','2020-01-30 00:00:00'),(360,43,4,'2020-01-29 23:00:00','2020-01-30 00:00:00'),(364,2,3,'2020-01-29 23:00:00','2020-01-30 00:00:00'),(832,126,5,'2021-05-05 12:50:18','2021-05-05 15:50:18'),(407,45,3,'2020-01-29 23:00:00','2020-01-30 00:00:00'),(410,46,3,'2020-01-29 23:00:00','2020-01-30 00:00:00'),(412,49,3,'2020-01-29 23:00:00','2020-01-30 00:00:00'),(417,4,3,'2020-01-29 23:00:00','2020-01-30 00:00:00'),(423,42,2,'2020-01-29 23:00:00','2020-01-30 00:00:00'),(424,4,2,'2020-01-29 23:00:00','2020-01-30 00:00:00'),(426,49,2,'2020-01-29 23:00:00','2020-01-30 00:00:00'),(428,45,2,'2020-01-29 23:00:00','2020-01-30 00:00:00'),(466,51,2,'2020-01-29 23:00:00','2020-01-30 00:00:00'),(468,51,3,'2020-01-29 23:00:00','2020-01-30 00:00:00'),(470,51,4,'2020-01-29 23:00:00','2020-01-30 00:00:00'),(473,2,2,'2020-01-29 23:00:00','2020-01-30 00:00:00'),(478,38,6,'2020-03-18 20:54:20','2020-03-18 22:54:20'),(479,39,6,'2020-03-18 20:54:20','2020-03-18 22:54:20'),(480,36,6,'2020-03-18 20:54:20','2020-03-18 22:54:20'),(847,133,6,'2021-05-06 09:32:28','2021-05-06 12:32:28'),(848,134,6,'2021-05-06 09:32:28','2021-05-06 12:32:28'),(484,43,6,'2020-03-18 20:54:20','2020-03-18 22:54:20'),(750,120,6,'2021-03-25 11:18:25','2021-03-25 14:18:25'),(487,8,6,'2020-03-18 20:54:20','2020-03-18 22:54:20'),(824,122,6,'2021-05-05 12:25:05','2021-05-05 15:25:05'),(823,121,6,'2021-05-05 12:15:47','2021-05-05 15:15:47'),(493,10,6,'2020-03-18 20:54:20','2020-03-18 22:54:20'),(838,129,2,'2021-05-05 13:16:43','2021-05-05 16:16:43'),(755,118,4,'2021-03-28 21:02:34','2021-03-29 00:02:34'),(842,129,6,'2021-05-05 13:16:43','2021-05-05 16:16:43'),(501,51,6,'2020-03-18 20:54:20','2020-03-18 22:54:20'),(502,50,6,'2020-03-18 20:54:20','2020-03-18 22:54:20'),(504,46,6,'2020-03-18 20:54:20','2020-03-18 22:54:20'),(836,127,6,'2021-05-05 13:13:17','2021-05-05 16:13:17'),(506,45,6,'2020-03-18 20:54:20','2020-03-18 22:54:20'),(507,49,6,'2020-03-18 20:54:20','2020-03-18 22:54:20'),(509,5,6,'2020-03-18 20:54:20','2020-03-18 22:54:20'),(510,42,6,'2020-03-18 20:54:20','2020-03-18 22:54:20'),(511,4,6,'2020-03-18 20:54:20','2020-03-18 22:54:20'),(512,2,6,'2020-03-18 20:54:20','2020-03-18 22:54:20'),(849,135,6,'2021-05-06 09:32:28','2021-05-06 12:32:28'),(514,11,6,'2020-03-18 20:54:20','2020-03-18 22:54:20'),(845,130,6,'2021-05-06 09:32:28','2021-05-06 12:32:28'),(844,11,5,'2021-05-05 13:47:23','2021-05-05 16:47:23'),(841,129,5,'2021-05-05 13:16:43','2021-05-05 16:16:43'),(522,53,2,'2020-03-23 18:30:20','2020-03-23 20:30:20'),(526,53,6,'2020-03-23 18:30:20','2020-03-23 20:30:20'),(528,55,2,'2020-03-23 18:31:59','2020-03-23 20:31:59'),(532,55,6,'2020-03-23 18:31:59','2020-03-23 20:31:59'),(533,54,2,'2020-03-23 18:33:18','2020-03-23 20:33:18'),(534,1,6,'2020-01-29 23:00:00','2020-01-30 00:00:00'),(850,136,6,'2021-05-06 09:32:28','2021-05-06 12:32:28'),(537,14,6,'2020-03-23 20:07:24','2020-03-23 22:07:24'),(825,123,6,'2021-05-05 12:32:53','2021-05-05 15:32:53'),(539,42,3,'2020-03-23 22:18:51','2020-03-24 00:18:51'),(671,90,6,'2020-10-13 17:29:36','2020-10-13 13:29:36'),(545,57,4,'2020-03-30 14:50:58','2020-03-30 16:50:58'),(546,59,4,'2020-03-30 14:50:58','2020-03-30 16:50:58'),(547,58,4,'2020-03-30 14:50:58','2020-03-30 16:50:58'),(548,56,4,'2020-03-30 14:50:58','2020-03-30 16:50:58'),(553,57,6,'2020-03-30 14:51:30','2020-03-30 16:51:30'),(554,59,6,'2020-03-30 14:51:30','2020-03-30 16:51:30'),(555,58,6,'2020-03-30 14:51:30','2020-03-30 16:51:30'),(556,56,6,'2020-03-30 14:51:30','2020-03-30 16:51:30'),(857,123,4,'2021-05-07 08:19:48','2021-05-07 11:19:48'),(559,60,6,'2020-04-11 18:55:24','2020-04-11 20:55:24'),(853,138,6,'2021-05-06 09:38:04','2021-05-06 12:38:04'),(839,129,3,'2021-05-05 13:16:43','2021-05-05 16:16:43'),(830,125,6,'2021-05-05 12:47:12','2021-05-05 15:47:12'),(581,54,6,'2020-08-06 09:50:31','2020-08-06 08:50:31'),(644,80,6,'2020-10-04 11:40:08','2020-10-04 10:40:08'),(840,129,4,'2021-05-05 13:16:43','2021-05-05 16:16:43'),(683,98,6,'2020-11-23 19:15:28','2020-11-23 14:15:28'),(684,97,6,'2020-11-23 19:15:28','2020-11-23 14:15:28'),(685,96,6,'2020-11-23 19:15:28','2020-11-23 14:15:28'),(648,81,6,'2020-10-10 19:54:25','2020-10-10 15:54:25'),(649,82,6,'2020-10-10 19:54:25','2020-10-10 15:54:25'),(650,83,6,'2020-10-10 19:54:25','2020-10-10 15:54:25'),(651,84,6,'2020-10-10 19:54:25','2020-10-10 15:54:25'),(652,85,6,'2020-10-10 19:54:25','2020-10-10 15:54:25'),(653,86,6,'2020-10-10 19:54:25','2020-10-10 15:54:25'),(654,87,6,'2020-10-10 19:54:25','2020-10-10 15:54:25'),(655,88,6,'2020-10-10 19:54:25','2020-10-10 15:54:25'),(656,89,6,'2020-10-10 19:54:25','2020-10-10 15:54:25'),(657,81,4,'2020-10-12 07:11:03','2020-10-12 03:11:03'),(658,82,4,'2020-10-12 07:11:03','2020-10-12 03:11:03'),(659,83,4,'2020-10-12 07:11:03','2020-10-12 03:11:03'),(660,84,4,'2020-10-12 07:11:03','2020-10-12 03:11:03'),(661,85,4,'2020-10-12 07:11:03','2020-10-12 03:11:03'),(754,117,4,'2021-03-28 21:02:34','2021-03-29 00:02:34'),(861,50,2,'2021-05-10 15:13:59','2021-05-10 18:13:59'),(676,93,6,'2020-11-19 18:56:10','2020-11-19 13:56:10'),(766,10,4,'2021-05-02 14:01:17','2021-05-02 17:01:17'),(751,114,4,'2021-03-28 21:02:34','2021-03-29 00:02:34'),(843,95,5,'2021-05-05 13:47:23','2021-05-05 16:47:23'),(752,115,4,'2021-03-28 21:02:34','2021-03-29 00:02:34'),(837,128,6,'2021-05-05 13:13:17','2021-05-05 16:13:17'),(682,95,6,'2020-11-22 15:03:07','2020-11-22 10:03:07'),(696,102,6,'2021-02-01 20:28:05','2021-02-01 15:28:05'),(697,103,6,'2021-02-03 16:19:43','2021-02-03 11:19:43'),(698,104,6,'2021-02-03 16:19:43','2021-02-03 11:19:43'),(699,105,6,'2021-02-03 16:19:43','2021-02-03 11:19:43'),(709,102,4,'2021-02-05 18:21:02','2021-02-05 13:21:02'),(702,106,6,'2021-02-05 12:25:04','2021-02-05 07:25:04'),(764,2,5,'2021-04-27 12:15:16','2021-04-27 15:15:16'),(714,80,4,'2021-02-22 21:06:05','2021-02-23 00:06:05'),(715,90,4,'2021-02-22 21:06:05','2021-02-23 00:06:05'),(846,132,6,'2021-05-06 09:32:28','2021-05-06 12:32:28'),(721,98,4,'2021-02-22 21:06:05','2021-02-23 00:06:05'),(722,97,4,'2021-02-22 21:06:05','2021-02-23 00:06:05'),(723,96,4,'2021-02-22 21:06:05','2021-02-23 00:06:05'),(724,103,4,'2021-02-22 21:06:05','2021-02-23 00:06:05'),(725,104,4,'2021-02-22 21:06:05','2021-02-23 00:06:05'),(726,106,4,'2021-02-22 21:06:05','2021-02-23 00:06:05'),(727,105,4,'2021-02-22 21:06:05','2021-02-23 00:06:05'),(756,119,4,'2021-03-28 21:02:34','2021-03-29 00:02:34'),(765,43,5,'2021-04-27 12:15:16','2021-04-27 15:15:16'),(744,114,6,'2021-03-24 10:43:12','2021-03-24 13:43:12'),(745,115,6,'2021-03-24 10:43:12','2021-03-24 13:43:12'),(746,116,6,'2021-03-24 11:02:48','2021-03-24 14:02:48'),(747,117,6,'2021-03-24 11:02:48','2021-03-24 14:02:48'),(748,118,6,'2021-03-24 11:08:02','2021-03-24 14:08:02'),(749,119,6,'2021-03-24 11:08:02','2021-03-24 14:08:02'),(854,139,6,'2021-05-06 12:39:44','2021-05-06 15:39:44'),(768,36,4,'2021-05-02 14:01:17','2021-05-02 17:01:17'),(769,38,4,'2021-05-02 14:01:17','2021-05-02 17:01:17'),(770,39,4,'2021-05-02 14:01:17','2021-05-02 17:01:17'),(771,120,4,'2021-05-02 14:01:17','2021-05-02 17:01:17'),(772,93,4,'2021-05-02 14:01:17','2021-05-02 17:01:17'),(773,4,5,'2021-05-02 14:01:17','2021-05-02 17:01:17'),(774,5,5,'2021-05-02 14:01:17','2021-05-02 17:01:17'),(775,42,5,'2021-05-02 14:01:17','2021-05-02 17:01:17'),(776,60,5,'2021-05-02 14:01:17','2021-05-02 17:01:17'),(777,10,5,'2021-05-02 14:01:17','2021-05-02 17:01:17'),(779,36,5,'2021-05-02 14:01:17','2021-05-02 17:01:17'),(780,38,5,'2021-05-02 14:01:17','2021-05-02 17:01:17'),(781,39,5,'2021-05-02 14:01:17','2021-05-02 17:01:17'),(851,137,6,'2021-05-06 09:32:28','2021-05-06 12:32:28'),(783,45,5,'2021-05-02 14:01:17','2021-05-02 17:01:17'),(784,46,5,'2021-05-02 14:01:17','2021-05-02 17:01:17'),(785,49,5,'2021-05-02 14:01:17','2021-05-02 17:01:17'),(786,50,5,'2021-05-02 14:01:17','2021-05-02 17:01:17'),(787,51,5,'2021-05-02 14:01:17','2021-05-02 17:01:17'),(788,81,5,'2021-05-02 14:01:17','2021-05-02 17:01:17'),(789,82,5,'2021-05-02 14:01:17','2021-05-02 17:01:17'),(790,83,5,'2021-05-02 14:01:17','2021-05-02 17:01:17'),(791,84,5,'2021-05-02 14:01:17','2021-05-02 17:01:17'),(792,85,5,'2021-05-02 14:01:17','2021-05-02 17:01:17'),(793,86,5,'2021-05-02 14:01:17','2021-05-02 17:01:17'),(794,87,5,'2021-05-02 14:01:17','2021-05-02 17:01:17'),(795,88,5,'2021-05-02 14:01:17','2021-05-02 17:01:17'),(796,89,5,'2021-05-02 14:01:17','2021-05-02 17:01:17'),(797,56,5,'2021-05-02 14:01:17','2021-05-02 17:01:17'),(798,57,5,'2021-05-02 14:01:17','2021-05-02 17:01:17'),(799,58,5,'2021-05-02 14:01:17','2021-05-02 17:01:17'),(800,59,5,'2021-05-02 14:01:17','2021-05-02 17:01:17'),(801,80,5,'2021-05-02 14:01:17','2021-05-02 17:01:17'),(802,120,5,'2021-05-02 14:01:17','2021-05-02 17:01:17'),(803,90,5,'2021-05-02 14:01:17','2021-05-02 17:01:17'),(804,93,5,'2021-05-02 14:01:17','2021-05-02 17:01:17'),(805,8,5,'2021-05-02 14:01:17','2021-05-02 17:01:17'),(806,98,5,'2021-05-02 14:01:17','2021-05-02 17:01:17'),(807,97,5,'2021-05-02 14:01:17','2021-05-02 17:01:17'),(808,96,5,'2021-05-02 14:01:17','2021-05-02 17:01:17'),(809,102,5,'2021-05-02 14:01:17','2021-05-02 17:01:17'),(810,103,5,'2021-05-02 14:01:17','2021-05-02 17:01:17'),(811,104,5,'2021-05-02 14:01:17','2021-05-02 17:01:17'),(812,106,5,'2021-05-02 14:01:17','2021-05-02 17:01:17'),(813,105,5,'2021-05-02 14:01:17','2021-05-02 17:01:17'),(814,114,5,'2021-05-02 14:01:17','2021-05-02 17:01:17'),(815,115,5,'2021-05-02 14:01:17','2021-05-02 17:01:17'),(816,116,5,'2021-05-02 14:01:17','2021-05-02 17:01:17'),(817,117,5,'2021-05-02 14:01:17','2021-05-02 17:01:17'),(818,118,5,'2021-05-02 14:01:17','2021-05-02 17:01:17'),(819,119,5,'2021-05-02 14:01:17','2021-05-02 17:01:17'),(828,125,4,'2021-05-05 12:47:12','2021-05-05 15:47:12'),(829,125,5,'2021-05-05 12:47:12','2021-05-05 15:47:12'),(856,123,5,'2021-05-06 23:34:31','2021-05-07 02:34:31'),(860,130,4,'2021-05-07 12:05:21','2021-05-07 15:05:21'),(859,130,5,'2021-05-07 12:04:59','2021-05-07 15:04:59'),(862,50,3,'2021-05-10 15:13:59','2021-05-10 18:13:59'),(863,132,4,'2021-05-10 15:13:59','2021-05-10 18:13:59'),(864,86,4,'2021-05-10 15:13:59','2021-05-10 18:13:59'),(865,88,4,'2021-05-10 15:13:59','2021-05-10 18:13:59'),(866,87,4,'2021-05-10 15:13:59','2021-05-10 18:13:59'),(867,89,4,'2021-05-10 15:13:59','2021-05-10 18:13:59'),(868,133,4,'2021-05-10 15:13:59','2021-05-10 18:13:59'),(869,134,4,'2021-05-10 15:13:59','2021-05-10 18:13:59'),(870,135,4,'2021-05-10 15:13:59','2021-05-10 18:13:59'),(871,136,4,'2021-05-10 15:13:59','2021-05-10 18:13:59'),(872,137,4,'2021-05-10 15:13:59','2021-05-10 18:13:59'),(873,138,4,'2021-05-10 15:13:59','2021-05-10 18:13:59'),(874,139,4,'2021-05-10 15:13:59','2021-05-10 18:13:59'),(875,50,4,'2021-05-10 15:13:59','2021-05-10 18:13:59'),(876,132,5,'2021-05-10 15:13:59','2021-05-10 18:13:59'),(877,133,5,'2021-05-10 15:13:59','2021-05-10 18:13:59'),(878,134,5,'2021-05-10 15:13:59','2021-05-10 18:13:59'),(879,135,5,'2021-05-10 15:13:59','2021-05-10 18:13:59'),(880,136,5,'2021-05-10 15:13:59','2021-05-10 18:13:59'),(881,137,5,'2021-05-10 15:13:59','2021-05-10 18:13:59'),(882,138,5,'2021-05-10 15:13:59','2021-05-10 18:13:59'),(883,139,5,'2021-05-10 15:13:59','2021-05-10 18:13:59'),(884,43,3,'2021-05-10 15:14:56','2021-05-10 18:14:56'),(885,5,2,'2021-05-10 15:15:06','2021-05-10 18:15:06'),(886,5,3,'2021-05-10 15:15:06','2021-05-10 18:15:06'),(887,60,4,'2021-05-10 15:15:15','2021-05-10 18:15:15'),(888,131,5,'2021-05-10 15:15:29','2021-05-10 18:15:29'),(889,103,3,'2021-05-10 15:15:49','2021-05-10 18:15:49'),(890,104,3,'2021-05-10 15:15:49','2021-05-10 18:15:49'),(891,106,3,'2021-05-10 15:15:49','2021-05-10 18:15:49'),(892,105,3,'2021-05-10 15:15:49','2021-05-10 18:15:49'),(893,56,3,'2021-05-10 15:16:07','2021-05-10 18:16:07'),(894,57,3,'2021-05-10 15:16:07','2021-05-10 18:16:07'),(895,58,3,'2021-05-10 15:16:07','2021-05-10 18:16:07'),(896,59,3,'2021-05-10 15:16:07','2021-05-10 18:16:07'),(897,90,3,'2021-05-10 15:16:11','2021-05-10 18:16:11'),(898,121,3,'2021-05-10 15:16:11','2021-05-10 18:16:11'),(899,80,3,'2021-05-10 15:16:18','2021-05-10 18:16:18'),(900,122,3,'2021-05-10 15:16:18','2021-05-10 18:16:18'),(901,122,4,'2021-05-10 15:16:23','2021-05-10 18:16:23'),(902,122,5,'2021-05-10 15:16:23','2021-05-10 18:16:23'),(903,114,3,'2021-05-10 15:16:27','2021-05-10 18:16:27'),(904,115,3,'2021-05-10 15:16:27','2021-05-10 18:16:27'),(905,116,3,'2021-05-10 15:16:34','2021-05-10 18:16:34'),(906,118,3,'2021-05-10 15:16:34','2021-05-10 18:16:34'),(907,117,3,'2021-05-10 15:16:34','2021-05-10 18:16:34'),(908,119,3,'2021-05-10 15:16:34','2021-05-10 18:16:34'),(909,116,4,'2021-05-10 15:16:34','2021-05-10 18:16:34'),(910,10,3,'2021-05-10 15:16:40','2021-05-10 18:16:40'),(911,123,3,'2021-05-10 15:16:40','2021-05-10 18:16:40'),(912,53,3,'2021-05-10 15:17:01','2021-05-10 18:17:01'),(913,54,3,'2021-05-10 15:17:01','2021-05-10 18:17:01'),(914,124,3,'2021-05-10 15:17:01','2021-05-10 18:17:01'),(915,55,3,'2021-05-10 15:17:01','2021-05-10 18:17:01'),(916,53,4,'2021-05-10 15:17:01','2021-05-10 18:17:01'),(917,54,4,'2021-05-10 15:17:01','2021-05-10 18:17:01'),(918,124,4,'2021-05-10 15:17:01','2021-05-10 18:17:01'),(919,55,4,'2021-05-10 15:17:01','2021-05-10 18:17:01'),(920,53,5,'2021-05-10 15:17:01','2021-05-10 18:17:01'),(921,54,5,'2021-05-10 15:17:01','2021-05-10 18:17:01'),(922,124,5,'2021-05-10 15:17:01','2021-05-10 18:17:01'),(923,55,5,'2021-05-10 15:17:01','2021-05-10 18:17:01'),(924,8,3,'2021-05-10 15:17:17','2021-05-10 18:17:17'),(925,98,3,'2021-05-10 15:17:17','2021-05-10 18:17:17'),(926,97,3,'2021-05-10 15:17:17','2021-05-10 18:17:17'),(927,96,3,'2021-05-10 15:17:17','2021-05-10 18:17:17'),(928,102,3,'2021-05-10 15:17:17','2021-05-10 18:17:17'),(929,46,2,'2021-05-10 15:17:24','2021-05-10 18:17:24'),(930,127,3,'2021-05-10 15:18:00','2021-05-10 18:18:00'),(931,128,3,'2021-05-10 15:18:00','2021-05-10 18:18:00'),(932,127,4,'2021-05-10 15:18:00','2021-05-10 18:18:00'),(933,128,4,'2021-05-10 15:18:00','2021-05-10 18:18:00'),(934,127,5,'2021-05-10 15:18:00','2021-05-10 18:18:00'),(935,128,5,'2021-05-10 15:18:00','2021-05-10 18:18:00'),(936,36,3,'2021-05-10 15:18:06','2021-05-10 18:18:06'),(937,38,3,'2021-05-10 15:18:06','2021-05-10 18:18:06'),(938,125,3,'2021-05-10 15:18:06','2021-05-10 18:18:06'),(939,39,3,'2021-05-10 15:18:06','2021-05-10 18:18:06'),(940,93,2,'2021-05-10 15:18:17','2021-05-10 18:18:17'),(941,126,2,'2021-05-10 15:18:17','2021-05-10 18:18:17'),(942,93,3,'2021-05-10 15:18:17','2021-05-10 18:18:17'),(943,126,3,'2021-05-10 15:18:17','2021-05-10 18:18:17'),(954,121,4,'2021-05-10 15:30:33','2021-05-10 18:30:33'),(955,121,5,'2021-05-10 15:30:33','2021-05-10 18:30:33');

--
-- Table structure for table `w_permission_user`
--

CREATE TABLE `w_permission_user` (
  `id` int(10) unsigned NOT NULL AUTO_INCREMENT,
  `permission_id` int(10) unsigned NOT NULL,
  `user_id` int(10) unsigned NOT NULL,
  `created_at` timestamp NULL DEFAULT NULL,
  `updated_at` datetime NOT NULL DEFAULT CURRENT_TIMESTAMP,
  PRIMARY KEY (`id`),
  KEY `permission_user_permission_id_index` (`permission_id`),
  KEY `permission_user_user_id_index` (`user_id`)
) ENGINE=MyISAM DEFAULT CHARSET=utf8mb4 COLLATE=utf8mb4_unicode_ci ROW_FORMAT=DYNAMIC;

--
-- Dumping data for table `w_permission_user`
--


--
-- Table structure for table `w_permissions`
--

CREATE TABLE `w_permissions` (
  `id` int(10) unsigned NOT NULL AUTO_INCREMENT,
  `name` varchar(191) COLLATE utf8mb4_unicode_ci NOT NULL,
  `slug` varchar(191) COLLATE utf8mb4_unicode_ci NOT NULL,
  `description` varchar(191) COLLATE utf8mb4_unicode_ci DEFAULT NULL,
  `model` varchar(191) COLLATE utf8mb4_unicode_ci DEFAULT NULL,
  `group_id` int(55) NOT NULL DEFAULT '0',
  `rank` int(55) NOT NULL DEFAULT '0',
  `created_at` timestamp NULL DEFAULT NULL,
  `updated_at` timestamp NULL DEFAULT NULL,
  `deleted_at` timestamp NULL DEFAULT NULL,
  PRIMARY KEY (`id`),
  UNIQUE KEY `permissions_slug_unique` (`slug`)
) ENGINE=MyISAM AUTO_INCREMENT=140 DEFAULT CHARSET=utf8mb4 COLLATE=utf8mb4_unicode_ci ROW_FORMAT=DYNAMIC;

--
-- Dumping data for table `w_permissions`
--

INSERT INTO `w_permissions` VALUES (1,'Allow access to admin panel','access.admin.panel',NULL,NULL,1,0,'2020-01-29 23:00:00','2020-01-29 23:00:00',NULL),(2,'Users List','users.manage',NULL,NULL,2,1,'2020-01-29 23:00:00','2020-01-29 23:00:00',NULL),(4,'Users Delete','users.delete',NULL,NULL,2,4,'2020-01-29 23:00:00','2020-01-29 23:00:00',NULL),(5,'Users Latest Activity','users.activity',NULL,NULL,2,5,'2020-01-29 23:00:00','2020-01-29 23:00:00',NULL),(8,'Games List','games.manage',NULL,NULL,5,1,'2020-01-29 23:00:00','2020-01-29 23:00:00',NULL),(10,'Jack Pot List','jpgame.manage',NULL,NULL,7,1,'2020-01-29 23:00:00','2020-06-05 23:34:15',NULL),(11,'Settings Payment Edit','settings.payment.edit',NULL,NULL,8,2,'2020-01-29 23:00:00','2020-01-29 23:00:00',NULL),(130,'Shops Add','shops.add',NULL,NULL,9,2,'2020-01-29 23:00:00','2020-01-29 23:00:00',NULL),(14,'Shops List','shops.manage',NULL,NULL,9,1,'2020-01-29 23:00:00','2020-01-29 23:00:00',NULL),(124,'Pincodes Edit','pincodes.edit',NULL,NULL,14,3,'2020-03-23 18:31:06','2020-03-23 18:31:06',NULL),(122,'Invite Friends Edit','invite.edit',NULL,NULL,17,2,NULL,NULL,NULL),(36,'API Keys List','api.manage',NULL,NULL,12,1,'2020-01-29 23:00:00','2020-01-29 23:00:00',NULL),(38,'API Keys Add','api.add',NULL,NULL,12,2,'2020-01-29 23:00:00','2020-01-29 23:00:00',NULL),(39,'API Keys Delete','api.delete',NULL,NULL,12,4,'2020-01-29 23:00:00','2020-01-29 23:00:00',NULL),(121,'Progress Bonuses Edit','progress.edit',NULL,NULL,18,2,'2020-01-29 23:00:00','2020-01-29 23:00:00',NULL),(42,'Users Add','users.add',NULL,NULL,2,2,'2020-01-29 23:00:00','2020-01-29 23:00:00',NULL),(43,'Dashboard List','dashboard',NULL,NULL,1,0,'2020-01-29 23:00:00','2020-01-29 23:00:00',NULL),(123,'Jack Pot Edit','jpgame.edit',NULL,NULL,7,2,'2020-01-29 23:00:00','2020-06-05 23:34:15',NULL),(45,'Stats Pay List','stats.pay',NULL,NULL,13,1,'2020-01-29 23:00:00','2020-01-29 23:00:00',NULL),(46,'Stats Game List','stats.game',NULL,NULL,13,2,'2020-01-29 23:00:00','2020-01-29 23:00:00',NULL),(49,'Stats Shift List','stats.shift',NULL,NULL,13,3,'2020-01-29 23:00:00','2020-01-29 23:00:00',NULL),(50,'Shops Unblock','shops.unblock',NULL,NULL,9,21,'2020-01-29 23:00:00','2020-01-29 23:00:00',NULL),(51,'Shops Block','shops.block',NULL,NULL,9,20,'2020-01-29 23:00:00','2020-01-29 23:00:00',NULL),(53,'Pincodes List','pincodes.manage',NULL,NULL,14,1,'2020-03-23 18:29:53','2020-03-23 18:29:53',NULL),(54,'Pincodes Add','pincodes.add',NULL,NULL,14,2,'2020-03-23 18:31:06','2020-03-23 18:31:06',NULL),(55,'Pincodes Delete','pincodes.delete',NULL,NULL,14,4,'2020-03-23 18:31:35','2020-03-23 18:31:35',NULL),(56,'Happy Hour List','happyhours.manage',NULL,NULL,15,1,'2020-01-29 23:00:00','2020-01-29 23:00:00',NULL),(57,'Happy Hour Add','happyhours.add',NULL,NULL,15,2,'2020-01-29 23:00:00','2020-01-29 23:00:00',NULL),(58,'Happy Hour Edit','happyhours.edit',NULL,NULL,15,3,'2020-01-29 23:00:00','2020-01-29 23:00:00',NULL),(59,'Happy Hour Delete','happyhours.delete',NULL,NULL,15,4,'2020-01-29 23:00:00','2020-01-29 23:00:00',NULL),(60,'Tree List','users.tree',NULL,NULL,27,0,'2020-01-29 23:00:00','2020-01-29 23:00:00',NULL),(126,'Support Add','tickets.add',NULL,NULL,19,2,'2020-01-29 23:00:00','2020-01-29 23:00:00',NULL),(125,'API Keys Edit','api.edit',NULL,NULL,12,3,'2020-01-29 23:00:00','2020-01-29 23:00:00',NULL),(98,'Games Enable','games.enable',NULL,NULL,5,2,'2020-01-29 23:00:00','2020-01-29 23:00:00',NULL),(97,'Games Disable','games.disable',NULL,NULL,5,3,'2020-01-29 23:00:00','2020-01-29 23:00:00',NULL),(96,'Games Count','games.show_count',NULL,NULL,5,4,'2020-01-29 23:00:00','2020-01-29 23:00:00',NULL),(80,'Invite Friends List','invite.manage',NULL,NULL,17,0,NULL,NULL,NULL),(81,'Shops Edit Title','shops.title',NULL,NULL,9,3,'2020-01-29 23:00:00','2020-01-29 23:00:00',NULL),(82,'Shops Edit Percent','shops.percent',NULL,NULL,9,11,'2020-01-29 23:00:00','2020-01-29 23:00:00',NULL),(83,'Shops Edit Frontend','shops.frontend',NULL,NULL,9,4,'2020-01-29 23:00:00','2020-01-29 23:00:00',NULL),(84,'Shops Edit Order','shops.order',NULL,NULL,9,12,'2020-01-29 23:00:00','2020-01-29 23:00:00',NULL),(85,'Shops Edit Currency','shops.currency',NULL,NULL,9,5,'2020-01-29 23:00:00','2020-01-29 23:00:00',NULL),(86,'Shops Edit Access','shops.access',NULL,NULL,9,7,'2020-01-29 23:00:00','2020-01-29 23:00:00',NULL),(87,'Shops Edit Country','shops.country',NULL,NULL,9,9,'2020-01-29 23:00:00','2020-01-29 23:00:00',NULL),(88,'Shops Edit OS','shops.os',NULL,NULL,9,8,'2020-01-29 23:00:00','2020-01-29 23:00:00',NULL),(89,'Shops Edit Device','shops.device',NULL,NULL,9,10,'2020-01-29 23:00:00','2020-01-29 23:00:00',NULL),(90,'Progress Bonuses List','progress.manage',NULL,NULL,18,1,'2020-01-29 23:00:00','2020-01-29 23:00:00',NULL),(120,'Wheelfortune List','wheelfortune.manage',NULL,NULL,28,0,NULL,NULL,NULL),(93,'Support List','tickets.manage',NULL,NULL,19,1,'2020-01-29 23:00:00','2020-01-29 23:00:00',NULL),(131,'Shops Free Demo','shops.free_demo',NULL,NULL,9,22,'2020-01-29 23:00:00','2020-01-29 23:00:00',NULL),(95,'Settings Payment List','settings.payment',NULL,NULL,8,1,'2020-01-29 23:00:00','2020-01-29 23:00:00',NULL),(102,'Games RTP','games.rtp',NULL,NULL,5,5,'2020-01-29 23:00:00','2020-01-29 23:00:00',NULL),(103,'Tournaments List','tournaments.manage',NULL,NULL,22,1,'2020-01-29 23:00:00','2020-01-29 23:00:00',NULL),(104,'Tournaments Add','tournaments.add',NULL,NULL,22,2,'2020-01-29 23:00:00','2020-01-29 23:00:00',NULL),(105,'Tournaments Delete','tournaments.delete',NULL,NULL,22,4,'2020-01-29 23:00:00','2020-01-29 23:00:00',NULL),(106,'Tournaments Edit','tournaments.edit',NULL,NULL,22,3,'2020-01-29 23:00:00','2020-01-29 23:00:00',NULL),(114,'Welcome Bonuses List','welcome_bonuses.manage',NULL,NULL,25,1,'2020-08-06 09:47:47','2020-08-06 09:47:47',NULL),(115,'Welcome Bonuses Edit','welcome_bonuses.edit',NULL,NULL,25,2,'2020-08-06 09:47:47','2020-08-06 09:47:47',NULL),(116,'SMS Bonuses List','sms_bonuses.manage',NULL,NULL,26,1,'2020-08-06 09:47:47','2020-08-06 09:47:47',NULL),(117,'SMS Bonuses Edit','sms_bonuses.edit',NULL,NULL,26,3,'2020-08-06 09:47:47','2020-08-06 09:47:47',NULL),(118,'SMS Bonuses Add','sms_bonuses.add',NULL,NULL,26,2,'2020-08-06 09:47:47','2020-08-06 09:47:47',NULL),(119,'SMS Bonuses Delete','sms_bonuses.delete',NULL,NULL,26,4,'2020-08-06 09:47:47','2020-08-06 09:47:47',NULL),(127,'Activity System List','activity.system',NULL,NULL,29,1,NULL,NULL,NULL),(128,'Activity User List','activity.user',NULL,NULL,29,2,NULL,NULL,NULL),(129,'Users Edit','users.edit',NULL,NULL,2,3,'2020-01-29 23:00:00','2020-01-29 23:00:00',NULL),(132,'Shops Edit Max Win','shops.max_win',NULL,NULL,9,6,'2020-01-29 23:00:00','2020-01-29 23:00:00',NULL),(133,'Shops Edit Privacy Policy','shops.privacy_policy',NULL,NULL,9,13,'2020-01-29 23:00:00','2020-01-29 23:00:00',NULL),(134,'Shops Edit Why Bitcoin ?','shops.why_bitcoin',NULL,NULL,9,14,'2020-01-29 23:00:00','2020-01-29 23:00:00',NULL),(135,'Shops Edit Terms and Conditions','shops.terms_and_conditions',NULL,NULL,9,15,'2020-01-29 23:00:00','2020-01-29 23:00:00',NULL),(136,'Shops Edit General Bonus Policy','shops.general_bonus_policy',NULL,NULL,9,16,'2020-01-29 23:00:00','2020-01-29 23:00:00',NULL),(137,'Shops Edit Responsible Gaming','shops.responsible_gaming',NULL,NULL,9,17,'2020-01-29 23:00:00','2020-01-29 23:00:00',NULL),(138,'Shops Delete','shops.delete',NULL,NULL,9,18,'2020-01-29 23:00:00','2020-01-29 23:00:00',NULL),(139,'Shops Hard Delete','shops.hard_delete',NULL,NULL,9,19,'2020-01-29 23:00:00','2020-01-29 23:00:00',NULL);

--
-- Table structure for table `w_pincodes`
--

CREATE TABLE `w_pincodes` (
  `id` int(55) NOT NULL AUTO_INCREMENT,
  `code` varchar(55) COLLATE utf8mb4_unicode_ci NOT NULL,
  `nominal` int(11) NOT NULL,
  `user_id` int(55) DEFAULT NULL,
  `status` int(1) NOT NULL DEFAULT '1',
  `shop_id` int(55) DEFAULT NULL,
  `activated_at` timestamp NULL DEFAULT NULL,
  PRIMARY KEY (`id`),
  KEY `user_id` (`user_id`),
  KEY `shop_id` (`shop_id`)
) ENGINE=MyISAM AUTO_INCREMENT=12 DEFAULT CHARSET=utf8mb4 COLLATE=utf8mb4_unicode_ci ROW_FORMAT=DYNAMIC;

--
-- Dumping data for table `w_pincodes`
--


--
-- Table structure for table `w_progress`
--

CREATE TABLE `w_progress` (
  `id` int(55) NOT NULL AUTO_INCREMENT,
  `sum` double NOT NULL DEFAULT '0',
  `type` enum('one_pay','sum_pay') COLLATE utf8mb4_unicode_ci NOT NULL,
  `spins` int(55) NOT NULL DEFAULT '0',
  `bet` double NOT NULL,
  `rating` int(5) NOT NULL,
  `bonus` double NOT NULL DEFAULT '0',
  `day` varchar(55) COLLATE utf8mb4_unicode_ci NOT NULL,
  `min` int(55) NOT NULL,
  `max` int(55) NOT NULL,
  `percent` float NOT NULL,
  `min_balance` double NOT NULL,
  `wager` int(55) NOT NULL,
  `days_active` int(5) NOT NULL DEFAULT '5',
  `status` int(2) NOT NULL DEFAULT '1',
  `shop_id` int(55) NOT NULL,
  PRIMARY KEY (`id`)
) ENGINE=MyISAM AUTO_INCREMENT=81 DEFAULT CHARSET=utf8mb4 COLLATE=utf8mb4_unicode_ci ROW_FORMAT=DYNAMIC;

--
-- Dumping data for table `w_progress`
--

INSERT INTO `w_progress` VALUES (1,100,'sum_pay',100,0.2,1,10,'Monday',1,50,1,0.5,5,30,1,0),(2,1000,'sum_pay',1000,0.2,2,10,'Monday',1,50,1,0.5,5,30,1,0),(3,2000,'sum_pay',1000,0.2,3,20,'Tuesday',5,100,5,0.5,4,30,1,0),(4,3000,'sum_pay',1000,0.2,4,30,'Tuesday',5,100,5,0.5,4,30,1,0),(5,4000,'sum_pay',1000,0.2,5,40,'Wednesday',5,100,5,0.5,4,30,1,0),(6,5000,'one_pay',3000,0.5,6,50,'Wednesday',10,200,10,1,3,30,1,0),(7,10000,'sum_pay',3000,0.5,7,100,'Thursday',10,200,10,1,3,30,1,0),(8,15000,'sum_pay',3000,0.5,9,150,'Thursday',10,200,10,1,3,30,1,0),(9,20000,'sum_pay',3000,0.5,9,200,'Thursday',10,200,10,1,3,30,1,0),(10,30000,'sum_pay',3000,0.5,10,300,'Friday',10,200,10,1,3,30,1,0),(11,40000,'sum_pay',5000,1,11,400,'Friday',50,500,20,5,2,30,1,0),(12,50000,'sum_pay',5000,1,12,500,'Friday',50,500,20,5,2,30,1,0),(13,60000,'sum_pay',5000,1,13,600,'Saturday',50,500,20,5,2,30,1,0),(14,70000,'sum_pay',5000,1,14,700,'Saturday',50,500,20,5,2,30,1,0),(15,80000,'sum_pay',5000,1,15,800,'Saturday',100,1000,40,10,1,30,1,0),(16,90000,'sum_pay',10000,5,16,900,'Saturday',100,1000,40,10,1,30,1,0),(17,100000,'one_pay',10000,5,17,1000,'Sunday',100,1000,40,10,1,30,1,0),(18,200000,'sum_pay',10000,5,18,2000,'Saturday',100,1000,40,10,1,30,1,0),(19,500000,'sum_pay',10000,5,19,5000,'Sunday',100,1000,40,10,1,30,1,0),(20,1000000,'sum_pay',10000,5,20,10000,'Sunday',100,1000,40,10,1,30,1,0),(21,100,'sum_pay',100,0.2,1,10,'Monday',1,50,1,0.5,5,30,1,1),(22,1000,'sum_pay',1000,0.2,2,10,'Monday',1,50,1,0.5,5,30,1,1),(23,2000,'sum_pay',1000,0.2,3,20,'Tuesday',5,100,5,0.5,4,30,1,1),(24,3000,'sum_pay',1000,0.2,4,30,'Tuesday',5,100,5,0.5,4,30,1,1),(25,4000,'sum_pay',1000,0.2,5,40,'Wednesday',5,100,5,0.5,4,30,1,1),(26,5000,'one_pay',3000,0.5,6,50,'Wednesday',10,200,10,1,3,30,1,1),(27,10000,'sum_pay',3000,0.5,7,100,'Thursday',10,200,10,1,3,30,1,1),(28,15000,'sum_pay',3000,0.5,9,150,'Thursday',10,200,10,1,3,30,1,1),(29,20000,'sum_pay',3000,0.5,9,200,'Thursday',10,200,10,1,3,30,1,1),(30,30000,'sum_pay',3000,0.5,10,300,'Friday',10,200,10,1,3,30,1,1),(31,40000,'sum_pay',5000,1,11,400,'Friday',50,500,20,5,2,30,1,1),(32,50000,'sum_pay',5000,1,12,500,'Friday',50,500,20,5,2,30,1,1),(33,60000,'sum_pay',5000,1,13,600,'Saturday',50,500,20,5,2,30,1,1),(34,70000,'sum_pay',5000,1,14,700,'Saturday',50,500,20,5,2,30,1,1),(35,80000,'sum_pay',5000,1,15,800,'Saturday',100,1000,40,10,1,30,1,1),(36,90000,'sum_pay',10000,5,16,900,'Saturday',100,1000,40,10,1,30,1,1),(37,100000,'one_pay',10000,5,17,1000,'Sunday',100,1000,40,10,1,30,1,1),(38,200000,'sum_pay',10000,5,18,2000,'Saturday',100,1000,40,10,1,30,1,1),(39,500000,'sum_pay',10000,5,19,5000,'Sunday',100,1000,40,10,1,30,1,1),(40,1000000,'sum_pay',10000,5,20,10000,'Sunday',100,1000,40,10,1,30,1,1),(41,100,'sum_pay',100,0.2,1,10,'Monday',1,50,1,0.5,5,30,1,2),(42,1000,'sum_pay',1000,0.2,2,10,'Monday',1,50,1,0.5,5,30,1,2),(43,2000,'sum_pay',1000,0.2,3,20,'Tuesday',5,100,5,0.5,4,30,1,2),(44,3000,'sum_pay',1000,0.2,4,30,'Tuesday',5,100,5,0.5,4,30,1,2),(45,4000,'sum_pay',1000,0.2,5,40,'Wednesday',5,100,5,0.5,4,30,1,2),(46,5000,'one_pay',3000,0.5,6,50,'Wednesday',10,200,10,1,3,30,1,2),(47,10000,'sum_pay',3000,0.5,7,100,'Thursday',10,200,10,1,3,30,1,2),(48,15000,'sum_pay',3000,0.5,9,150,'Thursday',10,200,10,1,3,30,1,2),(49,20000,'sum_pay',3000,0.5,9,200,'Thursday',10,200,10,1,3,30,1,2),(50,30000,'sum_pay',3000,0.5,10,300,'Friday',10,200,10,1,3,30,1,2),(51,40000,'sum_pay',5000,1,11,400,'Friday',50,500,20,5,2,30,1,2),(52,50000,'sum_pay',5000,1,12,500,'Friday',50,500,20,5,2,30,1,2),(53,60000,'sum_pay',5000,1,13,600,'Saturday',50,500,20,5,2,30,1,2),(54,70000,'sum_pay',5000,1,14,700,'Saturday',50,500,20,5,2,30,1,2),(55,80000,'sum_pay',5000,1,15,800,'Saturday',100,1000,40,10,1,30,1,2),(56,90000,'sum_pay',10000,5,16,900,'Saturday',100,1000,40,10,1,30,1,2),(57,100000,'one_pay',10000,5,17,1000,'Sunday',100,1000,40,10,1,30,1,2),(58,200000,'sum_pay',10000,5,18,2000,'Saturday',100,1000,40,10,1,30,1,2),(59,500000,'sum_pay',10000,5,19,5000,'Sunday',100,1000,40,10,1,30,1,2),(60,1000000,'sum_pay',10000,5,20,10000,'Sunday',100,1000,40,10,1,30,1,2),(61,100,'sum_pay',100,0.2,1,10,'Monday',1,50,1,0.5,5,30,1,3),(62,1000,'sum_pay',1000,0.2,2,10,'Monday',1,50,1,0.5,5,30,1,3),(63,2000,'sum_pay',1000,0.2,3,20,'Tuesday',5,100,5,0.5,4,30,1,3),(64,3000,'sum_pay',1000,0.2,4,30,'Tuesday',5,100,5,0.5,4,30,1,3),(65,4000,'sum_pay',1000,0.2,5,40,'Wednesday',5,100,5,0.5,4,30,1,3),(66,5000,'one_pay',3000,0.5,6,50,'Wednesday',10,200,10,1,3,30,1,3),(67,10000,'sum_pay',3000,0.5,7,100,'Thursday',10,200,10,1,3,30,1,3),(68,15000,'sum_pay',3000,0.5,9,150,'Thursday',10,200,10,1,3,30,1,3),(69,20000,'sum_pay',3000,0.5,9,200,'Thursday',10,200,10,1,3,30,1,3),(70,30000,'sum_pay',3000,0.5,10,300,'Friday',10,200,10,1,3,30,1,3),(71,40000,'sum_pay',5000,1,11,400,'Friday',50,500,20,5,2,30,1,3),(72,50000,'sum_pay',5000,1,12,500,'Friday',50,500,20,5,2,30,1,3),(73,60000,'sum_pay',5000,1,13,600,'Saturday',50,500,20,5,2,30,1,3),(74,70000,'sum_pay',5000,1,14,700,'Saturday',50,500,20,5,2,30,1,3),(75,80000,'sum_pay',5000,1,15,800,'Saturday',100,1000,40,10,1,30,1,3),(76,90000,'sum_pay',10000,5,16,900,'Saturday',100,1000,40,10,1,30,1,3),(77,100000,'one_pay',10000,5,17,1000,'Sunday',100,1000,40,10,1,30,1,3),(78,200000,'sum_pay',10000,5,18,2000,'Saturday',100,1000,40,10,1,30,1,3),(79,500000,'sum_pay',10000,5,19,5000,'Sunday',100,1000,40,10,1,30,1,3),(80,1000000,'sum_pay',10000,5,20,10000,'Sunday',100,1000,40,10,1,30,1,3);

--
-- Table structure for table `w_progress_users`
--

CREATE TABLE `w_progress_users` (
  `id` int(55) NOT NULL AUTO_INCREMENT,
  `user_id` int(55) NOT NULL,
  `rating` int(55) NOT NULL,
  `sum` double NOT NULL DEFAULT '0',
  `spins` int(11) NOT NULL DEFAULT '0',
  `progress_id` int(55) NOT NULL,
  PRIMARY KEY (`id`)
) ENGINE=MyISAM AUTO_INCREMENT=7 DEFAULT CHARSET=utf8mb4 COLLATE=utf8mb4_unicode_ci ROW_FORMAT=DYNAMIC;

--
-- Dumping data for table `w_progress_users`
--

INSERT INTO `w_progress_users` VALUES (1,6,1,1000,100,21),(2,11,1,150,61,41),(3,20,1,8,23,21),(4,21,1,-200,57,21),(5,12,1,0,22,21),(6,6,2,0,19,22);

--
-- Table structure for table `w_quick_shops`
--

CREATE TABLE `w_quick_shops` (
  `id` int(55) NOT NULL AUTO_INCREMENT,
  `data` text COLLATE utf8mb4_unicode_ci,
  PRIMARY KEY (`id`)
) ENGINE=MyISAM DEFAULT CHARSET=utf8mb4 COLLATE=utf8mb4_unicode_ci ROW_FORMAT=DYNAMIC;

--
-- Dumping data for table `w_quick_shops`
--


--
-- Table structure for table `w_rewards`
--

CREATE TABLE `w_rewards` (
  `id` int(55) NOT NULL AUTO_INCREMENT,
  `user_id` int(55) NOT NULL,
  `referral_id` int(55) NOT NULL,
  `payed` decimal(10,0) NOT NULL DEFAULT '0',
  `sum` decimal(20,4) NOT NULL,
  `ref_sum` decimal(20,4) NOT NULL,
  `activated` int(2) NOT NULL DEFAULT '0',
  `user_received` int(2) NOT NULL DEFAULT '0',
  `referral_received` int(2) NOT NULL DEFAULT '0',
  `until` timestamp NULL DEFAULT NULL,
  `shop_id` int(55) NOT NULL DEFAULT '0',
  `created_at` timestamp NOT NULL DEFAULT CURRENT_TIMESTAMP,
  PRIMARY KEY (`id`),
  KEY `user_id` (`user_id`),
  KEY `referral_id` (`referral_id`),
  KEY `activated` (`activated`),
  KEY `user_received` (`user_received`),
  KEY `referral_received` (`referral_received`)
) ENGINE=InnoDB DEFAULT CHARSET=utf8mb4 COLLATE=utf8mb4_unicode_ci;

--
-- Dumping data for table `w_rewards`
--


--
-- Table structure for table `w_role_user`
--

CREATE TABLE `w_role_user` (
  `id` int(10) unsigned NOT NULL AUTO_INCREMENT,
  `role_id` int(10) unsigned NOT NULL,
  `user_id` int(10) unsigned NOT NULL,
  `created_at` timestamp NULL DEFAULT NULL,
  `updated_at` datetime NOT NULL DEFAULT CURRENT_TIMESTAMP,
  PRIMARY KEY (`id`),
  KEY `role_user_role_id_index` (`role_id`),
  KEY `role_user_user_id_index` (`user_id`)
) ENGINE=MyISAM AUTO_INCREMENT=24 DEFAULT CHARSET=utf8mb4 COLLATE=utf8mb4_unicode_ci ROW_FORMAT=DYNAMIC;

--
-- Dumping data for table `w_role_user`
--

INSERT INTO `w_role_user` VALUES (1,6,1,'2020-01-29 21:00:00','2020-01-30 00:00:00'),(2,5,2,'2021-09-08 01:00:10','2021-09-08 03:00:10'),(3,4,3,'2021-09-08 01:00:11','2021-09-08 03:00:11'),(4,3,4,'2021-09-08 01:00:11','2021-09-08 03:00:11'),(5,2,5,'2021-09-08 01:00:11','2021-09-08 03:00:11'),(6,1,6,'2021-09-08 01:00:11','2021-09-08 03:00:11'),(7,5,7,'2022-09-17 16:34:38','2022-09-17 19:34:38'),(8,4,8,'2022-09-17 16:34:38','2022-09-17 19:34:38'),(9,3,9,'2022-09-17 16:34:38','2022-09-17 19:34:38'),(10,2,10,'2022-09-17 16:34:38','2022-09-17 19:34:38'),(11,1,11,'2022-09-17 16:34:38','2022-09-17 19:34:38'),(12,1,12,'2022-09-20 12:16:09','2022-09-20 15:16:09'),(13,5,13,'2022-09-20 12:44:36','2022-09-20 15:44:36'),(14,4,14,'2022-09-20 12:44:36','2022-09-20 15:44:36'),(15,3,15,'2022-09-20 12:44:36','2022-09-20 15:44:36'),(16,2,16,'2022-09-20 12:44:36','2022-09-20 15:44:36'),(17,1,17,'2022-09-20 12:44:37','2022-09-20 15:44:37'),(19,1,20,'2023-03-08 00:12:55','2023-03-08 00:12:55'),(20,1,21,'2023-03-08 08:57:26','2023-03-08 08:57:26'),(21,1,22,'2023-03-09 06:42:39','2023-03-09 06:42:39'),(22,1,23,'2023-03-09 08:37:52','2023-03-09 08:37:52'),(23,1,24,'2023-03-09 14:45:05','2023-03-09 14:45:05');

--
-- Table structure for table `w_roles`
--

CREATE TABLE `w_roles` (
  `id` int(10) unsigned NOT NULL AUTO_INCREMENT,
  `name` varchar(191) COLLATE utf8mb4_unicode_ci NOT NULL,
  `slug` varchar(191) COLLATE utf8mb4_unicode_ci NOT NULL,
  `description` varchar(191) COLLATE utf8mb4_unicode_ci DEFAULT NULL,
  `level` int(11) NOT NULL DEFAULT '1',
  `created_at` timestamp NULL DEFAULT NULL,
  `updated_at` datetime NOT NULL DEFAULT CURRENT_TIMESTAMP,
  `deleted_at` timestamp NULL DEFAULT NULL,
  PRIMARY KEY (`id`),
  UNIQUE KEY `roles_slug_unique` (`slug`)
) ENGINE=MyISAM AUTO_INCREMENT=7 DEFAULT CHARSET=utf8mb4 COLLATE=utf8mb4_unicode_ci ROW_FORMAT=DYNAMIC;

--
-- Dumping data for table `w_roles`
--

INSERT INTO `w_roles` VALUES (1,'User','user','',1,'2020-01-29 21:00:00','2020-01-30 00:00:00',NULL),(2,'Cashier','cashier','',2,'2020-01-29 21:00:00','2020-01-30 00:00:00',NULL),(3,'Manager','manager','',3,'2020-01-29 21:00:00','2020-01-30 00:00:00',NULL),(4,'Distributor','distributor','',4,'2020-01-29 21:00:00','2020-01-30 00:00:00',NULL),(5,'Agent','agent','',5,'2020-01-29 21:00:00','2020-01-30 00:00:00',NULL),(6,'Admin','admin','',6,'2020-01-29 21:00:00','2020-01-30 00:00:00',NULL);

--
-- Table structure for table `w_rules`
--

CREATE TABLE `w_rules` (
  `id` int(55) NOT NULL AUTO_INCREMENT,
  `title` varchar(255) COLLATE utf8mb4_unicode_ci NOT NULL,
  `href` varchar(255) COLLATE utf8mb4_unicode_ci DEFAULT NULL,
  `keywords` varchar(255) COLLATE utf8mb4_unicode_ci DEFAULT NULL,
  `description` varchar(255) COLLATE utf8mb4_unicode_ci DEFAULT NULL,
  `text` text COLLATE utf8mb4_unicode_ci,
  `created_at` timestamp NOT NULL DEFAULT CURRENT_TIMESTAMP,
  `updated_at` timestamp NOT NULL DEFAULT CURRENT_TIMESTAMP,
  PRIMARY KEY (`id`)
) ENGINE=MyISAM AUTO_INCREMENT=6 DEFAULT CHARSET=utf8mb4 COLLATE=utf8mb4_unicode_ci ROW_FORMAT=DYNAMIC;

--
-- Dumping data for table `w_rules`
--

INSERT INTO `w_rules` VALUES (1,'Terms and Conditions','terms_and_conditions',NULL,NULL,'<p>Terms and Conditions Terms and Conditions Terms and Conditions Terms and Conditions Terms and Conditions Terms and Conditions Terms and Conditions Terms and Conditions Terms and Conditions Terms and Conditions Terms and Conditions Terms and Conditions Terms and Conditions Terms and Conditions Terms and Conditions Terms and Conditions Terms and Conditions Terms and Conditions Terms and Conditions Terms and Conditions Terms and Conditions Terms and Conditions Terms and Conditions Terms and Conditions Terms and Conditions Terms and Conditions Terms and Conditions Terms and Conditions Terms and Conditions Terms and Conditions Terms and Conditions Terms and Conditions Terms and Conditions Terms and Conditions Terms and Conditions Terms and Conditions Terms and Conditions Terms and Conditions Terms and Conditions Terms and Conditions Terms and Conditions Terms and Conditions Terms and Conditions Terms and Conditions Terms and Conditions Terms and Conditions Terms and Conditions Terms and Conditions Terms and Conditions Terms and Conditions </p>','2021-03-30 21:09:51','2021-04-24 12:54:17'),(2,'Privacy Policy','privacy_policy',NULL,NULL,'<p>Privacy Policy Privacy Policy Privacy Policy Privacy Policy Privacy Policy Privacy Policy Privacy Policy Privacy Policy Privacy Policy Privacy Policy Privacy Policy Privacy Policy Privacy Policy Privacy Policy Privacy Policy Privacy Policy Privacy Policy Privacy Policy Privacy Policy Privacy Policy Privacy Policy Privacy Policy Privacy Policy Privacy Policy Privacy Policy Privacy Policy Privacy Policy Privacy Policy Privacy Policy Privacy Policy Privacy Policy Privacy Policy Privacy Policy Privacy Policy Privacy Policy Privacy Policy Privacy Policy Privacy Policy Privacy Policy Privacy Policy Privacy Policy Privacy Policy Privacy Policy Privacy Policy Privacy Policy Privacy Policy Privacy Policy Privacy Policy Privacy Policy Privacy Policy Privacy Policy Privacy Policy Privacy Policy Privacy Policy Privacy Policy Privacy Policy Privacy Policy Privacy Policy Privacy Policy Privacy Policy Privacy Policy Privacy Policy Privacy Policy Privacy Policy Privacy Policy Privacy Policy </p>','2021-03-30 21:09:51','2021-04-24 12:54:28'),(3,'General Bonus Policy','general_bonus_policy',NULL,NULL,'<p>General Bonus Policy General Bonus Policy General Bonus Policy General Bonus Policy General Bonus Policy General Bonus Policy General Bonus Policy General Bonus Policy General Bonus Policy General Bonus Policy General Bonus Policy General Bonus Policy General Bonus Policy General Bonus Policy General Bonus Policy General Bonus Policy General Bonus Policy General Bonus Policy General Bonus Policy General Bonus Policy General Bonus Policy General Bonus Policy General Bonus Policy General Bonus Policy General Bonus Policy General Bonus Policy General Bonus Policy General Bonus Policy General Bonus Policy General Bonus Policy General Bonus Policy General Bonus Policy General Bonus Policy General Bonus Policy General Bonus Policy General Bonus Policy General Bonus Policy General Bonus Policy General Bonus Policy General Bonus Policy General Bonus Policy General Bonus Policy General Bonus Policy General Bonus Policy General Bonus Policy General Bonus Policy General Bonus Policy General Bonus Policy General Bonus Policy General Bonus Policy General Bonus Policy </p>','2021-03-30 21:09:51','2021-04-24 12:54:37'),(4,'Why Bitcoin?','why_bitcoin',NULL,NULL,'<p>Why Bitcoin? Why Bitcoin? Why Bitcoin? Why Bitcoin? Why Bitcoin? Why Bitcoin? Why Bitcoin? Why Bitcoin? Why Bitcoin? Why Bitcoin? Why Bitcoin? Why Bitcoin? Why Bitcoin? Why Bitcoin? Why Bitcoin? Why Bitcoin? Why Bitcoin? Why Bitcoin? Why Bitcoin? Why Bitcoin? Why Bitcoin? Why Bitcoin? Why Bitcoin? Why Bitcoin? Why Bitcoin? Why Bitcoin? Why Bitcoin? Why Bitcoin? Why Bitcoin? Why Bitcoin? Why Bitcoin? </p>','2021-03-30 21:09:51','2021-04-24 12:54:05'),(5,'Responsible Gaming','responsible_gaming',NULL,NULL,'<p>Responsible Gaming Responsible Gaming Responsible Gaming Responsible Gaming Responsible Gaming Responsible Gaming Responsible Gaming Responsible Gaming Responsible Gaming Responsible Gaming Responsible Gaming Responsible Gaming Responsible Gaming Responsible Gaming Responsible Gaming Responsible Gaming Responsible Gaming Responsible Gaming Responsible Gaming Responsible Gaming Responsible Gaming Responsible Gaming Responsible Gaming Responsible Gaming Responsible Gaming Responsible Gaming Responsible Gaming Responsible Gaming Responsible Gaming Responsible Gaming Responsible Gaming Responsible Gaming Responsible Gaming Responsible Gaming Responsible Gaming Responsible Gaming Responsible Gaming Responsible Gaming Responsible Gaming Responsible Gaming Responsible Gaming Responsible Gaming Responsible Gaming Responsible Gaming Responsible Gaming Responsible Gaming Responsible Gaming Responsible Gaming Responsible Gaming Responsible Gaming Responsible Gaming Responsible Gaming Responsible Gaming Responsible Gaming Responsible Gaming Responsible Gaming Responsible Gaming Responsible Gaming Responsible Gaming Responsible Gaming Responsible Gaming Responsible Gaming Responsible Gaming Responsible Gaming Responsible Gaming Responsible Gaming Responsible Gaming Responsible Gaming Responsible Gaming Responsible Gaming Responsible Gaming Responsible Gaming Responsible Gaming Responsible Gaming Responsible Gaming Responsible Gaming Responsible Gaming Responsible Gaming Responsible Gaming Responsible Gaming Responsible Gaming Responsible Gaming Responsible Gaming Responsible Gaming Responsible Gaming Responsible Gaming Responsible Gaming Responsible Gaming Responsible Gaming Responsible Gaming Responsible Gaming Responsible Gaming Responsible Gaming Responsible Gaming Responsible Gaming Responsible Gaming Responsible Gaming Responsible Gaming Responsible Gaming Responsible Gaming Responsible Gaming Responsible Gaming Responsible Gaming Responsible Gaming Responsible Gaming Responsible Gaming Responsible Gaming Responsible Gaming Responsible Gaming Responsible Gaming Responsible Gaming Responsible Gaming Responsible Gaming Responsible Gaming Responsible Gaming Responsible Gaming Responsible Gaming Responsible Gaming Responsible Gaming Responsible Gaming Responsible Gaming Responsible Gaming Responsible Gaming Responsible Gaming Responsible Gaming Responsible Gaming Responsible Gaming Responsible Gaming Responsible Gaming Responsible Gaming Responsible Gaming Responsible Gaming Responsible Gaming Responsible Gaming Responsible Gaming Responsible Gaming Responsible Gaming Responsible Gaming Responsible Gaming Responsible Gaming Responsible Gaming Responsible Gaming Responsible Gaming Responsible Gaming Responsible Gaming Responsible Gaming Responsible Gaming Responsible Gaming Responsible Gaming Responsible Gaming Responsible Gaming Responsible Gaming Responsible Gaming Responsible Gaming Responsible Gaming Responsible Gaming Responsible Gaming Responsible Gaming Responsible Gaming Responsible Gaming Responsible Gaming Responsible Gaming Responsible Gaming Responsible Gaming Responsible Gaming Responsible Gaming Responsible Gaming Responsible Gaming Responsible Gaming Responsible Gaming Responsible Gaming Responsible Gaming Responsible Gaming Responsible Gaming Responsible Gaming Responsible Gaming Responsible Gaming Responsible Gaming Responsible Gaming Responsible Gaming Responsible Gaming Responsible Gaming Responsible Gaming Responsible Gaming Responsible Gaming Responsible Gaming Responsible Gaming Responsible Gaming Responsible Gaming Responsible Gaming Responsible Gaming Responsible Gaming Responsible Gaming Responsible Gaming Responsible Gaming Responsible Gaming Responsible Gaming Responsible Gaming Responsible Gaming Responsible Gaming Responsible Gaming Responsible Gaming Responsible Gaming Responsible Gaming Responsible Gaming Responsible Gaming Responsible Gaming Responsible Gaming Responsible Gaming Responsible Gaming Responsible Gaming Responsible Gaming Responsible Gaming Responsible Gaming Responsible Gaming Responsible Gaming Responsible Gaming Responsible Gaming Responsible Gaming Responsible Gaming Responsible Gaming Responsible Gaming Responsible Gaming Responsible Gaming Responsible Gaming Responsible Gaming Responsible Gaming Responsible Gaming Responsible Gaming Responsible Gaming Responsible Gaming Responsible Gaming Responsible Gaming Responsible Gaming Responsible Gaming Responsible Gaming Responsible Gaming Responsible Gaming Responsible Gaming Responsible Gaming Responsible Gaming Responsible Gaming Responsible Gaming Responsible Gaming Responsible Gaming Responsible Gaming Responsible Gaming Responsible Gaming Responsible Gaming Responsible Gaming Responsible Gaming Responsible Gaming Responsible Gaming Responsible Gaming Responsible Gaming Responsible Gaming Responsible Gaming Responsible Gaming Responsible Gaming Responsible Gaming Responsible Gaming Responsible Gaming Responsible Gaming Responsible Gaming Responsible Gaming Responsible Gaming Responsible Gaming Responsible Gaming Responsible Gaming Responsible Gaming Responsible Gaming Responsible Gaming Responsible Gaming Responsible Gaming Responsible Gaming Responsible Gaming Responsible Gaming Responsible Gaming Responsible Gaming Responsible Gaming Responsible Gaming Responsible Gaming Responsible Gaming Responsible Gaming Responsible Gaming Responsible Gaming Responsible Gaming Responsible Gaming Responsible Gaming Responsible Gaming Responsible Gaming Responsible Gaming Responsible Gaming Responsible Gaming Responsible Gaming Responsible Gaming Responsible Gaming Responsible Gaming Responsible Gaming Responsible Gaming Responsible Gaming Responsible Gaming Responsible Gaming Responsible Gaming Responsible Gaming Responsible Gaming Responsible Gaming Responsible Gaming Responsible Gaming Responsible Gaming Responsible Gaming Responsible Gaming Responsible Gaming Responsible Gaming Responsible Gaming Responsible Gaming Responsible Gaming Responsible Gaming Responsible Gaming Responsible Gaming Responsible Gaming Responsible Gaming Responsible Gaming Responsible Gaming</p>','2021-03-30 21:09:51','2021-04-26 08:40:41');

--
-- Table structure for table `w_securities`
--

CREATE TABLE `w_securities` (
  `id` int(55) NOT NULL AUTO_INCREMENT,
  `type` enum('game','user_balance','user_in_out','user_balance_bigger','shop','shop_balance_bigger','user_win') COLLATE utf8mb4_unicode_ci NOT NULL,
  `bank` varchar(55) COLLATE utf8mb4_unicode_ci DEFAULT NULL,
  `item_id` int(55) NOT NULL,
  `pay_in` double DEFAULT NULL,
  `pay_out` double DEFAULT NULL,
  `pay_total` double DEFAULT NULL,
  `balance` double DEFAULT NULL,
  `win` double DEFAULT NULL,
  `rtp` double DEFAULT NULL,
  `count` int(55) DEFAULT NULL,
  `view` int(2) NOT NULL DEFAULT '1',
  `sms` int(2) NOT NULL DEFAULT '0',
  `block` int(2) NOT NULL DEFAULT '0',
  `category` varchar(255) COLLATE utf8mb4_unicode_ci NOT NULL,
  `shop_id` int(55) NOT NULL,
  `created_at` timestamp NOT NULL DEFAULT CURRENT_TIMESTAMP,
  PRIMARY KEY (`id`),
  KEY `item_id` (`item_id`),
  KEY `type` (`type`)
) ENGINE=InnoDB AUTO_INCREMENT=4 DEFAULT CHARSET=utf8mb4 COLLATE=utf8mb4_unicode_ci;

--
-- Dumping data for table `w_securities`
--

INSERT INTO `w_securities` VALUES (1,'user_balance',NULL,7,100000,0,100000,90000,NULL,NULL,NULL,1,0,0,'agent_balance_x',2,'2022-09-18 07:00:02'),(2,'user_balance',NULL,12,0,0,0,10000,NULL,NULL,NULL,1,0,0,'user_balance_x',1,'2022-09-20 13:20:01'),(3,'user_balance',NULL,13,100000,0,100000,90000,NULL,NULL,NULL,1,0,0,'agent_balance_x',3,'2022-09-21 12:50:01');

--
-- Table structure for table `w_sessions`
--

CREATE TABLE `w_sessions` (
  `id` varchar(191) COLLATE utf8mb4_unicode_ci NOT NULL,
  `user_id` int(11) DEFAULT NULL,
  `ip_address` varchar(45) COLLATE utf8mb4_unicode_ci DEFAULT NULL,
  `user_agent` text COLLATE utf8mb4_unicode_ci,
  `payload` text COLLATE utf8mb4_unicode_ci NOT NULL,
  `last_activity` int(11) NOT NULL,
  `country` varchar(255) COLLATE utf8mb4_unicode_ci DEFAULT NULL,
  `city` varchar(255) COLLATE utf8mb4_unicode_ci DEFAULT NULL,
  `os` varchar(255) COLLATE utf8mb4_unicode_ci DEFAULT NULL,
  `device` varchar(255) COLLATE utf8mb4_unicode_ci DEFAULT NULL,
  `browser` varchar(255) COLLATE utf8mb4_unicode_ci DEFAULT NULL,
  PRIMARY KEY (`id`)
) ENGINE=MyISAM DEFAULT CHARSET=utf8mb4 COLLATE=utf8mb4_unicode_ci ROW_FORMAT=DYNAMIC;

--
-- Dumping data for table `w_sessions`
--

INSERT INTO `w_sessions` VALUES ('gLk8GlqtpYyWTIea9Nh4Z82ZtCuWZABaVRTyIDow',1,'192.168.1.72','Mozilla/5.0 (Windows NT 6.2; WOW64) AppleWebKit/537.36 (KHTML, like Gecko) Chrome/94.0.4606.81 Safari/537.36','YTo0OntzOjY6Il90b2tlbiI7czo0MDoiRTVwM1NZMzY3WENQdHFWdHVsbE9zaUFTNHphODUyOHJPa2t5cXVhQiI7czo5OiJfcHJldmlvdXMiO2E6MTp7czozOiJ1cmwiO3M6NDE6Imh0dHA6Ly8xOTIuMTY4LjEuNzIvYmFja2VuZC9nYW1lLzM5NC9lZGl0Ijt9czo2OiJfZmxhc2giO2E6Mjp7czozOiJvbGQiO2E6MDp7fXM6MzoibmV3IjthOjA6e319czo1MDoibG9naW5fd2ViXzU5YmEzNmFkZGMyYjJmOTQwMTU4MGYwMTRjN2Y1OGVhNGUzMDk4OWQiO2k6MTt9',1663435706,'Unknown','Unknown','Windows 8','Computer','Chrome'),('3Xy1VRuphByfYUwPifxshLmbdfaSkCbyy4h78g2h',1,'192.168.1.72','Mozilla/5.0 (Windows NT 10.0; Win64; x64) AppleWebKit/537.36 (KHTML, like Gecko) Chrome/105.0.0.0 Safari/537.36','YTozOntzOjY6Il90b2tlbiI7czo0MDoiamRrR2c4aTI3RVJDTENDYnpaT0xndk56czVHajRXcXRQbUxVMUFhMSI7czo2OiJfZmxhc2giO2E6Mjp7czozOiJvbGQiO2E6MDp7fXM6MzoibmV3IjthOjA6e319czo5OiJfcHJldmlvdXMiO2E6MTp7czozOiJ1cmwiO3M6MzQ6Imh0dHA6Ly8xOTIuMTY4LjEuNzIvY2F0ZWdvcmllcy9uZXciO319',1663506997,'Unknown','Unknown','Windows 10','Computer','Chrome'),('MNckXLmEfqBd8FUF3mzXEVbOIRCXM9Nu177MRiIv',1,'192.168.1.72','Mozilla/5.0 (Windows NT 6.2; WOW64) AppleWebKit/537.36 (KHTML, like Gecko) Chrome/94.0.4606.81 Safari/537.36','YTozOntzOjY6Il90b2tlbiI7czo0MDoidEM1U1A0cTh0TFhCNzN1dWFscGJYNXFxU3JoTmI1TWt5U2NCVjVNSiI7czo5OiJfcHJldmlvdXMiO2E6MTp7czozOiJ1cmwiO3M6MzM6Imh0dHA6Ly8xOTIuMTY4LjEuNzIvYmFja2VuZC9sb2dpbiI7fXM6NjoiX2ZsYXNoIjthOjI6e3M6Mzoib2xkIjthOjA6e31zOjM6Im5ldyI7YTowOnt9fX0=',1663703144,'Unknown','Unknown','Windows 8','Computer','Chrome'),('3sPBbhtKoIk0O1TTwZHb8PH1yepiVK9XSpO8z5Ga',1,'192.168.1.72','Mozilla/5.0 (Windows NT 10.0; Win64; x64) AppleWebKit/537.36 (KHTML, like Gecko) Chrome/105.0.0.0 Safari/537.36','YTo0OntzOjY6Il90b2tlbiI7czo0MDoicndDTTBLc0hBVWNLYUNKVFRWQlExYkxacW5aTm9VVGpDbjV4a0RaZCI7czo5OiJfcHJldmlvdXMiO2E6MTp7czozOiJ1cmwiO3M6MzI6Imh0dHA6Ly8xOTIuMTY4LjEuNzIvYmFja2VuZC91c2VyIjt9czo2OiJfZmxhc2giO2E6Mjp7czozOiJvbGQiO2E6MDp7fXM6MzoibmV3IjthOjA6e319czo1MDoibG9naW5fd2ViXzU5YmEzNmFkZGMyYjJmOTQwMTU4MGYwMTRjN2Y1OGVhNGUzMDk4OWQiO2k6MTt9',1663764144,'Unknown','Unknown','Windows 10','Computer','Chrome'),('hBuvIKYtC7thzEWnXJOLhwkJsaFDHMwGSOd9nLvy',1,'192.168.1.72','Mozilla/5.0 (Windows NT 6.2; WOW64) AppleWebKit/537.36 (KHTML, like Gecko) Chrome/94.0.4606.81 Safari/537.36','YTo0OntzOjY6Il90b2tlbiI7czo0MDoid1Fqazc5T25KWUpRU1dpV0lTcFp3VkVmbmp4cGNwSnBzOGpLc1BSayI7czo5OiJfcHJldmlvdXMiO2E6MTp7czozOiJ1cmwiO3M6MzM6Imh0dHA6Ly8xOTIuMTY4LjEuNzIvYmFja2VuZC9sb2dpbiI7fXM6NjoiX2ZsYXNoIjthOjI6e3M6Mzoib2xkIjthOjA6e31zOjM6Im5ldyI7YTowOnt9fXM6MTA6ImZyZWVVc2VySUQiO2k6MTI7fQ==',1663679873,'Unknown','Unknown','Windows 8','Computer','Chrome'),('kEP64wwhF499w08KHsB4AzJa2Uwz1suoIAg3jekK',NULL,'143.110.222.166','Mozilla/5.0 (iPhone; CPU iPhone OS 16_1 like Mac OS X) AppleWebKit/605.1.15 (KHTML, like Gecko) Version/16.1 Mobile/15E148 Safari/604.1','YTozOntzOjY6Il90b2tlbiI7czo0MDoiaWMyOGhzajFsQkVTYkFHR3lUSnE3aFJiWlo3OEhSaFdCdTdsd1lFdSI7czo5OiJfcHJldmlvdXMiO2E6MTp7czozOiJ1cmwiO3M6MjA6Imh0dHA6Ly8xNzguMTI4LjQ5LjYxIjt9czo2OiJfZmxhc2giO2E6Mjp7czozOiJvbGQiO2E6MDp7fXM6MzoibmV3IjthOjA6e319fQ==',1678230727,'Canada','','iPhone','Mobile','Safari Browser'),('WzzpqIAqLx0cXBABcyNzg5pdfwP5KXsGFGipmrMG',NULL,'94.30.117.85','Mozilla/5.0 (Macintosh; Intel Mac OS X 10_15_7) AppleWebKit/605.1.15 (KHTML, like Gecko)','YTozOntzOjY6Il90b2tlbiI7czo0MDoibjdHRERRZzF2aTFBS291RkhPU2dDNXgxdTZNTmRrTlc5Z3FOaFJQRiI7czo5OiJfcHJldmlvdXMiO2E6MTp7czozOiJ1cmwiO3M6NDY6Imh0dHA6Ly9yYXdwbGF5Y2FzaW5vLmNvLnVrL2NhdGVnb3JpZXMvcm91bGV0dGUiO31zOjY6Il9mbGFzaCI7YToyOntzOjM6Im9sZCI7YTowOnt9czozOiJuZXciO2E6MDp7fX19',1678230527,'United Kingdom','Hampstead','Mac OS X','Computer','Unknown Browser'),('YTW7QZiqTXHXVJHjihHlXPKNtBhdavwDQ87qB0Rn',1,'192.168.1.72','Mozilla/5.0 (Windows NT 6.2; WOW64) AppleWebKit/537.36 (KHTML, like Gecko) Chrome/94.0.4606.81 Safari/537.36','YTo0OntzOjY6Il90b2tlbiI7czo0MDoiZ2c5cmFBOWpTTGk3NDc0ZzBSTGdVVXZSaXdwWlNVMm1vYlNEVmZBaiI7czo5OiJfcHJldmlvdXMiO2E6MTp7czozOiJ1cmwiO3M6MzI6Imh0dHA6Ly8xOTIuMTY4LjEuNzIvYmFja2VuZC90cmVlIjt9czo2OiJfZmxhc2giO2E6Mjp7czozOiJvbGQiO2E6MDp7fXM6MzoibmV3IjthOjA6e319czo1MDoibG9naW5fd2ViXzU5YmEzNmFkZGMyYjJmOTQwMTU4MGYwMTRjN2Y1OGVhNGUzMDk4OWQiO2k6MTt9',1663703676,'Unknown','Unknown','Windows 8','Computer','Chrome'),('jq66NTXIKWiBEmqZHUr4Lz6cW6cyGEtYBFDFl1Sq',1,'192.168.1.72','Mozilla/5.0 (Windows NT 6.2; WOW64) AppleWebKit/537.36 (KHTML, like Gecko) Chrome/94.0.4606.81 Safari/537.36','YTo0OntzOjY6Il90b2tlbiI7czo0MDoicTNrUjdxdE5GVE50cWo1d3kyaDl5UXpwdWRxY0JMWjh6STBieWtabiI7czo5OiJfcHJldmlvdXMiO2E6MTp7czozOiJ1cmwiO3M6MzI6Imh0dHA6Ly8xOTIuMTY4LjEuNzIvYmFja2VuZC90cmVlIjt9czo2OiJfZmxhc2giO2E6Mjp7czozOiJvbGQiO2E6MDp7fXM6MzoibmV3IjthOjA6e319czo1MDoibG9naW5fd2ViXzU5YmEzNmFkZGMyYjJmOTQwMTU4MGYwMTRjN2Y1OGVhNGUzMDk4OWQiO2k6MTt9',1663703526,'Unknown','Unknown','Windows 8','Computer','Chrome'),('u9NP95UuXFrbDeJNtFV5Y8xNtV2qcf9eu0EMRrRD',1,'192.168.1.72','Mozilla/5.0 (Windows NT 6.2; WOW64) AppleWebKit/537.36 (KHTML, like Gecko) Chrome/94.0.4606.81 Safari/537.36','YTo0OntzOjY6Il90b2tlbiI7czo0MDoiVjNla2VKRDl6Z0xkV2FqeWlrQ3JFYnJsc0FHUUllaXBsNlgzeGp4RyI7czo5OiJfcHJldmlvdXMiO2E6MTp7czozOiJ1cmwiO3M6MzI6Imh0dHA6Ly8xOTIuMTY4LjEuNzIvYmFja2VuZC90cmVlIjt9czo2OiJfZmxhc2giO2E6Mjp7czozOiJvbGQiO2E6MDp7fXM6MzoibmV3IjthOjA6e319czo1MDoibG9naW5fd2ViXzU5YmEzNmFkZGMyYjJmOTQwMTU4MGYwMTRjN2Y1OGVhNGUzMDk4OWQiO2k6MTt9',1663703470,'Unknown','Unknown','Windows 8','Computer','Chrome'),('Dm7ZdaInLnFQ41fsrLXcC1Vvnl9drfSSCfpQwHZM',1,'192.168.1.72','Mozilla/5.0 (Windows NT 6.2; WOW64) AppleWebKit/537.36 (KHTML, like Gecko) Chrome/94.0.4606.81 Safari/537.36','YTo0OntzOjY6Il90b2tlbiI7czo0MDoiczMyZ2Y1MnY0OW94bnhyNG5IZ2tVVHA0cWVreHh6T21vV2NkZER2aiI7czo5OiJfcHJldmlvdXMiO2E6MTp7czozOiJ1cmwiO3M6MzI6Imh0dHA6Ly8xOTIuMTY4LjEuNzIvYmFja2VuZC91c2VyIjt9czo2OiJfZmxhc2giO2E6Mjp7czozOiJvbGQiO2E6MDp7fXM6MzoibmV3IjthOjA6e319czo1MDoibG9naW5fd2ViXzU5YmEzNmFkZGMyYjJmOTQwMTU4MGYwMTRjN2Y1OGVhNGUzMDk4OWQiO2k6MTt9',1663703393,'Unknown','Unknown','Windows 8','Computer','Chrome'),('ZfVQ2NcyehDnBSHX4U7Ogkg6u7vyHZf4K6SoF7yX',1,'192.168.1.72','Mozilla/5.0 (Windows NT 6.2; WOW64) AppleWebKit/537.36 (KHTML, like Gecko) Chrome/94.0.4606.81 Safari/537.36','YTo0OntzOjY6Il90b2tlbiI7czo0MDoiQkNoWFVleXR0bGZVQXZtckVDNWpWdU1YVHNjR0ttTkx6UFlVMUJCZSI7czo5OiJfcHJldmlvdXMiO2E6MTp7czozOiJ1cmwiO3M6MzI6Imh0dHA6Ly8xOTIuMTY4LjEuNzIvYmFja2VuZC90cmVlIjt9czo2OiJfZmxhc2giO2E6Mjp7czozOiJvbGQiO2E6MDp7fXM6MzoibmV3IjthOjA6e319czo1MDoibG9naW5fd2ViXzU5YmEzNmFkZGMyYjJmOTQwMTU4MGYwMTRjN2Y1OGVhNGUzMDk4OWQiO2k6MTt9',1663703316,'Unknown','Unknown','Windows 8','Computer','Chrome'),('f4Xsm3xFYPNT9t4HVSJt5QwLgVrVLn07343mcI49',1,'192.168.1.72','Mozilla/5.0 (Windows NT 10.0; Win64; x64) AppleWebKit/537.36 (KHTML, like Gecko) Chrome/105.0.0.0 Safari/537.36','YTo1OntzOjY6Il90b2tlbiI7czo0MDoieUZLREFCUzBId05Kb1dwb3dRVXRFMndLQnZJcmlXbFNHUnhoRTZWaSI7czo5OiJfcHJldmlvdXMiO2E6MTp7czozOiJ1cmwiO3M6MzM6Imh0dHA6Ly8xOTIuMTY4LjEuNzIvYmFja2VuZC9zaG9wcyI7fXM6NjoiX2ZsYXNoIjthOjI6e3M6Mzoib2xkIjthOjA6e31zOjM6Im5ldyI7YTowOnt9fXM6MTA6ImZyZWVVc2VySUQiO2k6MTI7czo1MDoibG9naW5fd2ViXzU5YmEzNmFkZGMyYjJmOTQwMTU4MGYwMTRjN2Y1OGVhNGUzMDk4OWQiO2k6MTt9',1663681488,'Unknown','Unknown','Windows 10','Computer','Chrome'),('jNnZZ3NDNr7RJsiro3h2ebnTmozjRf4TxKPnzYaj',1,'192.168.1.72','Mozilla/5.0 (Windows NT 6.2; WOW64) AppleWebKit/537.36 (KHTML, like Gecko) Chrome/94.0.4606.81 Safari/537.36','YTo0OntzOjY6Il90b2tlbiI7czo0MDoiYnpMbUVaZ3JFM1U5cml0d3pwcnBzNVcxUzJSQWR4c3EyRkZocFNpWSI7czo5OiJfcHJldmlvdXMiO2E6MTp7czozOiJ1cmwiO3M6MzI6Imh0dHA6Ly8xOTIuMTY4LjEuNzIvYmFja2VuZC90cmVlIjt9czo2OiJfZmxhc2giO2E6Mjp7czozOiJvbGQiO2E6MDp7fXM6MzoibmV3IjthOjA6e319czo1MDoibG9naW5fd2ViXzU5YmEzNmFkZGMyYjJmOTQwMTU4MGYwMTRjN2Y1OGVhNGUzMDk4OWQiO2k6MTt9',1663703109,'Unknown','Unknown','Windows 8','Computer','Chrome'),('OWeIpkuLyyUscSA7aNs27irmItb3sBRVwvwfPBLi',1,'192.168.1.72','Mozilla/5.0 (Windows NT 6.2; WOW64) AppleWebKit/537.36 (KHTML, like Gecko) Chrome/94.0.4606.81 Safari/537.36','YTozOntzOjY6Il90b2tlbiI7czo0MDoiZnFhZUtaQkc5RkFENEwyR2JLNVgyWXJVY1BFZzZVY3lkRHhEanVWMSI7czo5OiJfcHJldmlvdXMiO2E6MTp7czozOiJ1cmwiO3M6MzM6Imh0dHA6Ly8xOTIuMTY4LjEuNzIvYmFja2VuZC9sb2dpbiI7fXM6NjoiX2ZsYXNoIjthOjI6e3M6Mzoib2xkIjthOjA6e31zOjM6Im5ldyI7YTowOnt9fX0=',1663704059,'Unknown','Unknown','Windows 8','Computer','Chrome'),('H41d0jzwBQaiLqfIUn88occkaehYfFyjlYoGnUhr',1,'192.168.1.72','Mozilla/5.0 (Windows NT 6.2; WOW64) AppleWebKit/537.36 (KHTML, like Gecko) Chrome/94.0.4606.81 Safari/537.36','YTo0OntzOjY6Il90b2tlbiI7czo0MDoiNU9rZkpsd0oyTG9jV3RzaEl2RkVabXlTZWc2NEEya0ViVDhScDQ4TiI7czo5OiJfcHJldmlvdXMiO2E6MTp7czozOiJ1cmwiO3M6MzI6Imh0dHA6Ly8xOTIuMTY4LjEuNzIvYmFja2VuZC90cmVlIjt9czo2OiJfZmxhc2giO2E6Mjp7czozOiJvbGQiO2E6MDp7fXM6MzoibmV3IjthOjA6e319czo1MDoibG9naW5fd2ViXzU5YmEzNmFkZGMyYjJmOTQwMTU4MGYwMTRjN2Y1OGVhNGUzMDk4OWQiO2k6MTt9',1663704462,'Unknown','Unknown','Windows 8','Computer','Chrome'),('cQqQgOi1EOD3YoFS2SztxoVeTlQ4CPBfjAWvVQM5',1,'192.168.1.72','Mozilla/5.0 (Windows NT 6.2; WOW64) AppleWebKit/537.36 (KHTML, like Gecko) Chrome/94.0.4606.81 Safari/537.36','YTo0OntzOjY6Il90b2tlbiI7czo0MDoiSTVlM2F4QTZCOURSM0N2akp2SnA5ejNJemxWNHI1UURHVTVodDdKaSI7czo5OiJfcHJldmlvdXMiO2E6MTp7czozOiJ1cmwiO3M6MzI6Imh0dHA6Ly8xOTIuMTY4LjEuNzIvYmFja2VuZC90cmVlIjt9czo2OiJfZmxhc2giO2E6Mjp7czozOiJvbGQiO2E6MDp7fXM6MzoibmV3IjthOjA6e319czo1MDoibG9naW5fd2ViXzU5YmEzNmFkZGMyYjJmOTQwMTU4MGYwMTRjN2Y1OGVhNGUzMDk4OWQiO2k6MTt9',1663704831,'Unknown','Unknown','Windows 8','Computer','Chrome'),('n60QHevTmsVrPFl4czvHr0rZ9gCkvwB4VlAdoNPJ',1,'192.168.1.72','Mozilla/5.0 (Windows NT 6.2; WOW64) AppleWebKit/537.36 (KHTML, like Gecko) Chrome/94.0.4606.81 Safari/537.36','YTo0OntzOjY6Il90b2tlbiI7czo0MDoiWVJjN1QyVG1iMWNZMFh5WkVpa0RGTmxIY2JyY1piS09FbXFyWFA1diI7czo5OiJfcHJldmlvdXMiO2E6MTp7czozOiJ1cmwiO3M6NDI6Imh0dHA6Ly8xOTIuMTY4LjEuNzIvYmFja2VuZC91c2VyLzMvcHJvZmlsZSI7fXM6NjoiX2ZsYXNoIjthOjI6e3M6Mzoib2xkIjthOjA6e31zOjM6Im5ldyI7YTowOnt9fXM6NTA6ImxvZ2luX3dlYl81OWJhMzZhZGRjMmIyZjk0MDE1ODBmMDE0YzdmNThlYTRlMzA5ODlkIjtpOjE7fQ==',1663705354,'Unknown','Unknown','Windows 8','Computer','Chrome'),('ssFIzLdBHnxKL9llQi0LzvPYMApvbPiGk5zajDLJ',1,'192.168.1.72','Mozilla/5.0 (Windows NT 10.0; Win64; x64) AppleWebKit/537.36 (KHTML, like Gecko) Chrome/105.0.0.0 Safari/537.36','YTozOntzOjY6Il90b2tlbiI7czo0MDoiOXRsT3FRMEdwajF3N294dndBV2h2RkZoVW5BTENxdEdxNDF1SUt2YiI7czo1MDoibG9naW5fd2ViXzU5YmEzNmFkZGMyYjJmOTQwMTU4MGYwMTRjN2Y1OGVhNGUzMDk4OWQiO2k6MTtzOjY6Il9mbGFzaCI7YToyOntzOjM6Im9sZCI7YTowOnt9czozOiJuZXciO2E6MDp7fX19',1663764364,'Unknown','Unknown','Windows 10','Computer','Chrome'),('5ILOVkemnGOUNF1OBr6JWoytuKusmjSJ5HspS45E',1,'192.168.1.72','Mozilla/5.0 (Windows NT 10.0; Win64; x64) AppleWebKit/537.36 (KHTML, like Gecko) Chrome/105.0.0.0 Safari/537.36','YTo1OntzOjY6Il90b2tlbiI7czo0MDoiN29nOE1WaWpuSVRxdUNvV3BBajFBcW1tZXNTNnNuTlhIQW1VWnpObyI7czo5OiJfcHJldmlvdXMiO2E6MTp7czozOiJ1cmwiO3M6Mjc6Imh0dHA6Ly8xOTIuMTY4LjEuNzIvYmFja2VuZCI7fXM6NjoiX2ZsYXNoIjthOjI6e3M6Mzoib2xkIjthOjA6e31zOjM6Im5ldyI7YTowOnt9fXM6NTA6ImxvZ2luX3dlYl81OWJhMzZhZGRjMmIyZjk0MDE1ODBmMDE0YzdmNThlYTRlMzA5ODlkIjtpOjE7czoxMDoiZnJlZVVzZXJJRCI7aTowO30=',1663763277,'Unknown','Unknown','Windows 10','Computer','Chrome'),('3PPqv0airhBL671Qv0Kp4iuz490jNAUxxOUtO4HD',1,'192.168.1.72','Mozilla/5.0 (Windows NT 10.0; Win64; x64) AppleWebKit/537.36 (KHTML, like Gecko) Chrome/105.0.0.0 Safari/537.36','YTo0OntzOjY6Il90b2tlbiI7czo0MDoiZ0tCTTMxc1AzZzJEWjJWVk5Vc2RpQTREUk9kVVJ6NDNwaEZnNERMZiI7czo5OiJfcHJldmlvdXMiO2E6MTp7czozOiJ1cmwiO3M6MzM6Imh0dHA6Ly8xOTIuMTY4LjEuNzIvYmFja2VuZC9zaG9wcyI7fXM6NjoiX2ZsYXNoIjthOjI6e3M6Mzoib2xkIjthOjA6e31zOjM6Im5ldyI7YTowOnt9fXM6NTA6ImxvZ2luX3dlYl81OWJhMzZhZGRjMmIyZjk0MDE1ODBmMDE0YzdmNThlYTRlMzA5ODlkIjtpOjE7fQ==',1663763644,'Unknown','Unknown','Windows 10','Computer','Chrome'),('T3wNJnh4d5MKrHehIunFdIvGmYUDswGTPB4hiBkV',1,'192.168.1.72','Mozilla/5.0 (Windows NT 10.0; Win64; x64) AppleWebKit/537.36 (KHTML, like Gecko) Chrome/105.0.0.0 Safari/537.36','YTo0OntzOjY6Il90b2tlbiI7czo0MDoiWFFONmJWbWlGTHVmclc3Qm5POUlSV1NTTzkwREZ6amxaUWNUcUdyQSI7czo5OiJfcHJldmlvdXMiO2E6MTp7czozOiJ1cmwiO3M6MzM6Imh0dHA6Ly8xOTIuMTY4LjEuNzIvYmFja2VuZC9zaG9wcyI7fXM6NjoiX2ZsYXNoIjthOjI6e3M6Mzoib2xkIjthOjA6e31zOjM6Im5ldyI7YTowOnt9fXM6NTA6ImxvZ2luX3dlYl81OWJhMzZhZGRjMmIyZjk0MDE1ODBmMDE0YzdmNThlYTRlMzA5ODlkIjtpOjE7fQ==',1663764506,'Unknown','Unknown','Windows 10','Computer','Chrome'),('qlU8AywPM3fULHPQpayjvgYGFgw9On08ubaeNopM',1,'192.168.1.72','Mozilla/5.0 (Windows NT 6.2; WOW64) AppleWebKit/537.36 (KHTML, like Gecko) Chrome/94.0.4606.81 Safari/537.36','YTo0OntzOjY6Il90b2tlbiI7czo0MDoidG5hZ1VDZDMwZzY0eGV4RERKMHBjMmdneWhIREhwVTFubUhJcDNoZSI7czo5OiJfcHJldmlvdXMiO2E6MTp7czozOiJ1cmwiO3M6MzI6Imh0dHA6Ly8xOTIuMTY4LjEuNzIvYmFja2VuZC91c2VyIjt9czo2OiJfZmxhc2giO2E6Mjp7czozOiJvbGQiO2E6MDp7fXM6MzoibmV3IjthOjA6e319czo1MDoibG9naW5fd2ViXzU5YmEzNmFkZGMyYjJmOTQwMTU4MGYwMTRjN2Y1OGVhNGUzMDk4OWQiO2k6MTt9',1663764758,'Unknown','Unknown','Windows 8','Computer','Chrome'),('CzLwAZFR3vjhbeSPLBWsdvNVG3WWF2MfKz4iEujJ',1,'192.168.1.72','Mozilla/5.0 (Windows NT 6.2; WOW64) AppleWebKit/537.36 (KHTML, like Gecko) Chrome/94.0.4606.81 Safari/537.36','YTo0OntzOjY6Il90b2tlbiI7czo0MDoiVUxSZTYwUkJ3SDlPYnR2S0VpVER5VEJYZ0RvTENTTTZ6TUJ3R05TdyI7czo5OiJfcHJldmlvdXMiO2E6MTp7czozOiJ1cmwiO3M6MzI6Imh0dHA6Ly8xOTIuMTY4LjEuNzIvYmFja2VuZC90cmVlIjt9czo2OiJfZmxhc2giO2E6Mjp7czozOiJvbGQiO2E6MDp7fXM6MzoibmV3IjthOjA6e319czo1MDoibG9naW5fd2ViXzU5YmEzNmFkZGMyYjJmOTQwMTU4MGYwMTRjN2Y1OGVhNGUzMDk4OWQiO2k6MTt9',1663764880,'Unknown','Unknown','Windows 8','Computer','Chrome'),('r4fNIYGnhIdiJ0dcHyIND23Pmt5ac5awjaoLK2Qq',1,'192.168.1.72','Mozilla/5.0 (Windows NT 6.2; WOW64) AppleWebKit/537.36 (KHTML, like Gecko) Chrome/94.0.4606.81 Safari/537.36','YTo0OntzOjY6Il90b2tlbiI7czo0MDoiQjFHM1Y1M2lESlVVN1pBaXhmVGtXS1Z0bGsxME5uUXhFMW1rVlRkbSI7czo5OiJfcHJldmlvdXMiO2E6MTp7czozOiJ1cmwiO3M6MzM6Imh0dHA6Ly8xOTIuMTY4LjEuNzIvYmFja2VuZC9sb2dpbiI7fXM6NjoiX2ZsYXNoIjthOjI6e3M6Mzoib2xkIjthOjA6e31zOjM6Im5ldyI7YTowOnt9fXM6MTA6ImZyZWVVc2VySUQiO2k6MDt9',1663765450,'Unknown','Unknown','Windows 8','Computer','Chrome'),('az2o0ktfIyuF82Cf4CPaQ24FM0Yw3kfwNchnZgU1',1,'192.168.1.71','Mozilla/5.0 (Windows NT 10.0; Win64; x64) AppleWebKit/537.36 (KHTML, like Gecko) Chrome/106.0.0.0 Safari/537.36','YTo0OntzOjY6Il90b2tlbiI7czo0MDoiVnI0RUN4MzJYZEtRYnRtNGVTSDZsRVVXZXVSQk9VVzdDUVNsTWtYWiI7czo5OiJfcHJldmlvdXMiO2E6MTp7czozOiJ1cmwiO3M6Mjc6Imh0dHA6Ly8xOTIuMTY4LjEuNzEvYmFja2VuZCI7fXM6NjoiX2ZsYXNoIjthOjI6e3M6Mzoib2xkIjthOjA6e31zOjM6Im5ldyI7YTowOnt9fXM6NTA6ImxvZ2luX3dlYl81OWJhMzZhZGRjMmIyZjk0MDE1ODBmMDE0YzdmNThlYTRlMzA5ODlkIjtpOjE7fQ==',1666272869,'Unknown','Unknown','Windows 10','Computer','Chrome'),('L7JiH6rKZN7MWdj1fyyl0cboI0gQZwkMYTXDkScT',1,'192.168.1.71','Mozilla/5.0 (Windows NT 10.0; Win64; x64) AppleWebKit/537.36 (KHTML, like Gecko) Chrome/106.0.0.0 Safari/537.36','YTo0OntzOjY6Il90b2tlbiI7czo0MDoiZ2NYc2tuQlU5T2JmWDhJbmVCT0NFS3NrZ0gwYjczWUtGd2JOYmd0eSI7czo5OiJfcHJldmlvdXMiO2E6MTp7czozOiJ1cmwiO3M6MzI6Imh0dHA6Ly8xOTIuMTY4LjEuNzEvYmFja2VuZC90cmVlIjt9czo2OiJfZmxhc2giO2E6Mjp7czozOiJvbGQiO2E6MDp7fXM6MzoibmV3IjthOjA6e319czo1MDoibG9naW5fd2ViXzU5YmEzNmFkZGMyYjJmOTQwMTU4MGYwMTRjN2Y1OGVhNGUzMDk4OWQiO2k6MTt9',1666273513,'Unknown','Unknown','Windows 10','Computer','Chrome'),('SIuWX1dQtvBrMboDbZVKADniEZCxoLmotgorOVXc',1,'192.168.1.71','Mozilla/5.0 (Windows NT 10.0; Win64; x64) AppleWebKit/537.36 (KHTML, like Gecko) Chrome/106.0.0.0 Safari/537.36','YTozOntzOjY6Il90b2tlbiI7czo0MDoiVFkzWTJXb0w2Nks5bFFTSDFDalJQbjBFV2RjVEtqdUtmcTBGY1Y2YyI7czo1MDoibG9naW5fd2ViXzU5YmEzNmFkZGMyYjJmOTQwMTU4MGYwMTRjN2Y1OGVhNGUzMDk4OWQiO2k6MTtzOjY6Il9mbGFzaCI7YToyOntzOjM6Im9sZCI7YTowOnt9czozOiJuZXciO2E6MDp7fX19',1666273245,'Unknown','Unknown','Windows 10','Computer','Chrome'),('IBxqKTpWAdvGaci8steM11UFCia4AMKlrFKhcHNY',1,'192.168.1.71','Mozilla/5.0 (Windows NT 10.0; Win64; x64) AppleWebKit/537.36 (KHTML, like Gecko) Chrome/106.0.0.0 Safari/537.36','YTozOntzOjY6Il90b2tlbiI7czo0MDoieTVOS0pWZDBWSnhrampmMTNrQ0ZiZjlXQW9tQXJ1VjYzNXhQYzcwYSI7czo1MDoibG9naW5fd2ViXzU5YmEzNmFkZGMyYjJmOTQwMTU4MGYwMTRjN2Y1OGVhNGUzMDk4OWQiO2k6MTtzOjY6Il9mbGFzaCI7YToyOntzOjM6Im9sZCI7YTowOnt9czozOiJuZXciO2E6MDp7fX19',1666273191,'Unknown','Unknown','Windows 10','Computer','Chrome'),('tyRg8X1tKPx5npOjbOFJUmnqzK1cJsJX3XTbuMtu',1,'192.168.1.71','Mozilla/5.0 (Windows NT 10.0; Win64; x64) AppleWebKit/537.36 (KHTML, like Gecko) Chrome/106.0.0.0 Safari/537.36','YTozOntzOjY6Il90b2tlbiI7czo0MDoiR3M0eHJTc1daYmpJQ2NJcXM1ZjdrWHlRT3pjbzk2Y2xXZDd3TlJGdSI7czo1MDoibG9naW5fd2ViXzU5YmEzNmFkZGMyYjJmOTQwMTU4MGYwMTRjN2Y1OGVhNGUzMDk4OWQiO2k6MTtzOjY6Il9mbGFzaCI7YToyOntzOjM6Im9sZCI7YTowOnt9czozOiJuZXciO2E6MDp7fX19',1666273245,'Unknown','Unknown','Windows 10','Computer','Chrome'),('wfTgw55cRN2GeTioHsif8AJiZd2R2xh5CaynieQt',1,'192.168.1.71','Mozilla/5.0 (Windows NT 6.2; WOW64) AppleWebKit/537.36 (KHTML, like Gecko) Chrome/94.0.4606.81 Safari/537.36','YTo0OntzOjY6Il90b2tlbiI7czo0MDoiYVJtMUIyYkN1cDJvT1VNRnR5a1JMMmF1QmJwZXFFN3lCckVaOEh6MSI7czo5OiJfcHJldmlvdXMiO2E6MTp7czozOiJ1cmwiO3M6MzI6Imh0dHA6Ly8xOTIuMTY4LjEuNzEvYmFja2VuZC90cmVlIjt9czo2OiJfZmxhc2giO2E6Mjp7czozOiJvbGQiO2E6MDp7fXM6MzoibmV3IjthOjA6e319czo1MDoibG9naW5fd2ViXzU5YmEzNmFkZGMyYjJmOTQwMTU4MGYwMTRjN2Y1OGVhNGUzMDk4OWQiO2k6MTt9',1666273554,'Unknown','Unknown','Windows 8','Computer','Chrome'),('hNAghSxldx9s90AjjVuBMcsQ9ZDj2AlF6p3hEowh',1,'192.168.1.71','Mozilla/5.0 (Windows NT 6.2; WOW64) AppleWebKit/537.36 (KHTML, like Gecko) Chrome/94.0.4606.81 Safari/537.36','YTo0OntzOjY6Il90b2tlbiI7czo0MDoiRUMweVJYb0s2dU03NG0yZ010andKM0FaUlJxeGI2djZFSHNiVkh6YSI7czo5OiJfcHJldmlvdXMiO2E6MTp7czozOiJ1cmwiO3M6MzI6Imh0dHA6Ly8xOTIuMTY4LjEuNzEvYmFja2VuZC90cmVlIjt9czo2OiJfZmxhc2giO2E6Mjp7czozOiJvbGQiO2E6MDp7fXM6MzoibmV3IjthOjA6e319czo1MDoibG9naW5fd2ViXzU5YmEzNmFkZGMyYjJmOTQwMTU4MGYwMTRjN2Y1OGVhNGUzMDk4OWQiO2k6MTt9',1666273626,'Unknown','Unknown','Windows 8','Computer','Chrome'),('ai2vDteJBljIkz9XmnjXsB0OJ1mj6DgGvidAhfxH',1,'192.168.1.71','Mozilla/5.0 (Windows NT 6.2; WOW64) AppleWebKit/537.36 (KHTML, like Gecko) Chrome/94.0.4606.81 Safari/537.36','YTo0OntzOjY6Il90b2tlbiI7czo0MDoiOEtFWWFOWGNtT1JVWXNxTnMwTXRianNxUzRPOUJTaG9meWhyMXRTQiI7czo5OiJfcHJldmlvdXMiO2E6MTp7czozOiJ1cmwiO3M6MzM6Imh0dHA6Ly8xOTIuMTY4LjEuNzEvYmFja2VuZC9sb2dpbiI7fXM6NjoiX2ZsYXNoIjthOjI6e3M6Mzoib2xkIjthOjA6e31zOjM6Im5ldyI7YTowOnt9fXM6NTA6ImxvZ2luX3dlYl81OWJhMzZhZGRjMmIyZjk0MDE1ODBmMDE0YzdmNThlYTRlMzA5ODlkIjtpOjE7fQ==',1666273814,'Unknown','Unknown','Windows 8','Computer','Chrome'),('Oyr4aGMfNHOHw0zmuCrWoEWfZr0pHvH9FI9aH5D0',1,'192.168.1.71','Mozilla/5.0 (Windows NT 10.0; Win64; x64) AppleWebKit/537.36 (KHTML, like Gecko) Chrome/106.0.0.0 Safari/537.36','YTo0OntzOjY6Il90b2tlbiI7czo0MDoiZDB4NnRyRnN2NFJlTFRFZmkyWlVPTDliTE5xS0QzOWhES1VFbEhQRiI7czo5OiJfcHJldmlvdXMiO2E6MTp7czozOiJ1cmwiO3M6MzI6Imh0dHA6Ly8xOTIuMTY4LjEuNzEvYmFja2VuZC91c2VyIjt9czo2OiJfZmxhc2giO2E6Mjp7czozOiJvbGQiO2E6MDp7fXM6MzoibmV3IjthOjA6e319czo1MDoibG9naW5fd2ViXzU5YmEzNmFkZGMyYjJmOTQwMTU4MGYwMTRjN2Y1OGVhNGUzMDk4OWQiO2k6MTt9',1666297358,'Unknown','Unknown','Windows 10','Computer','Chrome'),('aBLgnKCG5beFc8regQOITaYvKAukBDD1LVaNg99D',NULL,'188.117.224.149','Mozilla/5.0 (Windows NT 10.0; Win64; x64) AppleWebKit/537.36 (KHTML, like Gecko) Chrome/110.0.0.0 Safari/537.36','YTozOntzOjY6Il90b2tlbiI7czo0MDoiWHBxaTBnTVc4WXhDS0pWM3F2cllnV0lvcEY5VWdaZUdtbGdEdEZuayI7czo5OiJfcHJldmlvdXMiO2E6MTp7czozOiJ1cmwiO3M6NDE6Imh0dHA6Ly9yYXdwbGF5Y2FzaW5vLmNvLnVrL2NhdGVnb3JpZXMvbmV3Ijt9czo2OiJfZmxhc2giO2E6Mjp7czozOiJvbGQiO2E6MDp7fXM6MzoibmV3IjthOjA6e319fQ==',1678221858,'Greece','Thessaloniki','Windows 10','Computer','Chrome'),('AwJZy4Z9XFUS9qXYNdslJrjbfiyW1MaoZg21Guww',NULL,'165.227.225.244','Mozilla/5.0 (iPhone; CPU iPhone OS 16_1_1 like Mac OS X) AppleWebKit/605.1.15 (KHTML, like Gecko) Version/16.1 Mobile/15E148 Safari/604.1','YTozOntzOjY6Il90b2tlbiI7czo0MDoiVEtCYzE5Q1ZtQjdyQlpaZ0RDVU5pYmk5azE2VGFZRmhVcW9mSmNWVyI7czo5OiJfcHJldmlvdXMiO2E6MTp7czozOiJ1cmwiO3M6NDc6Imh0dHA6Ly9yYXdwbGF5Y2FzaW5vLmNvLnVrL2NhdGVnb3JpZXMvZ3JlZW50dWJlIjt9czo2OiJfZmxhc2giO2E6Mjp7czozOiJvbGQiO2E6MDp7fXM6MzoibmV3IjthOjA6e319fQ==',1678222393,'United Kingdom','London','iPhone','Mobile','Safari Browser'),('hMSX7SGQrboLqcrpYrLbi7dnO2qrrgKvTxUzIz4G',11,'188.117.224.149','Mozilla/5.0 (Windows NT 10.0; Win64; x64) AppleWebKit/537.36 (KHTML, like Gecko) Chrome/110.0.0.0 Safari/537.36','YTo1OntzOjY6Il90b2tlbiI7czo0MDoiYk1TUWJZUVpLS2xrR2V1TElNS0o1U2dJNXRWSm5nUVViQVRsVnoxUSI7czo5OiJfcHJldmlvdXMiO2E6MTp7czozOiJ1cmwiO3M6NDA6Imh0dHA6Ly8xNzguMTI4LjQ5LjYxL2NhdGVnb3JpZXMvbXlfZ2FtZXMiO31zOjY6Il9mbGFzaCI7YToyOntzOjM6Im9sZCI7YTowOnt9czozOiJuZXciO2E6MDp7fX1zOjUwOiJsb2dpbl93ZWJfNTliYTM2YWRkYzJiMmY5NDAxNTgwZjAxNGM3ZjU4ZWE0ZTMwOTg5ZCI7aToxMTtzOjEwOiJiZWZvcmVVc2VyIjtpOjE7fQ==',1678222047,'Greece','Thessaloniki','Windows 10','Computer','Chrome'),('6zioZKYHxpVOTMX85yUs54wg69bAzYsRzmo9wuIX',NULL,'109.18.141.83','','YTozOntzOjY6Il90b2tlbiI7czo0MDoidU44aDhjWHdqanFuY3FsaUlFMGJvN1VwSjk3T1BvNGRwTXpIZFg3YiI7czo5OiJfcHJldmlvdXMiO2E6MTp7czozOiJ1cmwiO3M6MjA6Imh0dHA6Ly8xNzguMTI4LjQ5LjYxIjt9czo2OiJfZmxhc2giO2E6Mjp7czozOiJvbGQiO2E6MDp7fXM6MzoibmV3IjthOjA6e319fQ==',1678222520,'France','Marseille','Unknown OS Platform','Computer','Unknown Browser'),('3qwQas2jKfJ65fKnCTSeKcWDMY5qsxhmG5WOXhI1',1,'188.117.224.149','Mozilla/5.0 (Windows NT 10.0; Win64; x64) AppleWebKit/537.36 (KHTML, like Gecko) Chrome/110.0.0.0 Safari/537.36','YTo0OntzOjY6Il90b2tlbiI7czo0MDoiRmExRW1ZVGlscTlsTFFqYWl0ZDVoR1B4SlFVZ0xwQVpWTDViSmR4cSI7czo5OiJfcHJldmlvdXMiO2E6MTp7czozOiJ1cmwiO3M6Mjg6Imh0dHA6Ly8xNzguMTI4LjQ5LjYxL2JhY2tlbmQiO31zOjY6Il9mbGFzaCI7YToyOntzOjM6Im9sZCI7YTowOnt9czozOiJuZXciO2E6MDp7fX1zOjUwOiJsb2dpbl93ZWJfNTliYTM2YWRkYzJiMmY5NDAxNTgwZjAxNGM3ZjU4ZWE0ZTMwOTg5ZCI7aToxO30=',1678222581,'Greece','Thessaloniki','Windows 10','Computer','Chrome'),('DWsJ2IagAZdPAmXu2OUGo2PudOJPur8RpsKEKLR3',1,'188.117.224.149','Mozilla/5.0 (Windows NT 10.0; Win64; x64) AppleWebKit/537.36 (KHTML, like Gecko) Chrome/110.0.0.0 Safari/537.36','YTo0OntzOjY6Il90b2tlbiI7czo0MDoibjBVUXJQdG40ZmJTSlJVazdJbFZvS2l0RnBNcnZ0NG82eUZhSWhkYyI7czo5OiJfcHJldmlvdXMiO2E6MTp7czozOiJ1cmwiO3M6NTE6Imh0dHA6Ly9yYXdwbGF5Y2FzaW5vLmNvLnVrL2JhY2tlbmQvc2V0dGluZ3MvcGF5bWVudCI7fXM6NjoiX2ZsYXNoIjthOjI6e3M6Mzoib2xkIjthOjA6e31zOjM6Im5ldyI7YTowOnt9fXM6NTA6ImxvZ2luX3dlYl81OWJhMzZhZGRjMmIyZjk0MDE1ODBmMDE0YzdmNThlYTRlMzA5ODlkIjtpOjE7fQ==',1678224418,'Greece','Thessaloniki','Windows 10','Computer','Chrome'),('42uUHvQZ6YxRTqIsraIJt1QXmmI8Uzdx2rkrGtun',1,'188.117.224.149','Mozilla/5.0 (Windows NT 10.0; Win64; x64) AppleWebKit/537.36 (KHTML, like Gecko) Chrome/110.0.0.0 Safari/537.36','YTo0OntzOjY6Il90b2tlbiI7czo0MDoiTDlvcFV3S3RRTVVNa1Rwck1LenZvcklvM2MzY0lHTTNvODBFNlJqSSI7czo5OiJfcHJldmlvdXMiO2E6MTp7czozOiJ1cmwiO3M6NDM6Imh0dHA6Ly9yYXdwbGF5Y2FzaW5vLmNvLnVrL2JhY2tlbmQvcGluY29kZXMiO31zOjY6Il9mbGFzaCI7YToyOntzOjM6Im9sZCI7YTowOnt9czozOiJuZXciO2E6MDp7fX1zOjUwOiJsb2dpbl93ZWJfNTliYTM2YWRkYzJiMmY5NDAxNTgwZjAxNGM3ZjU4ZWE0ZTMwOTg5ZCI7aToxO30=',1678238746,'Greece','Thessaloniki','Windows 10','Computer','Chrome'),('pT2TkJrhEGWnJozYrLLteMl2eZlaHHwE89ne2C2c',NULL,'185.246.220.98','Mozilla/5.0 (X11; Ubuntu; Linux x86_64; rv:76.0) Gecko/20100101 Firefox/76.0','YTozOntzOjY6Il90b2tlbiI7czo0MDoiSExyeE5JSE5Yc0NZYXVsVmNBeHVMYmZ2aHBqeEQ1TlJKeUszM0Q1cSI7czo5OiJfcHJldmlvdXMiO2E6MTp7czozOiJ1cmwiO3M6MjA6Imh0dHA6Ly8xNzguMTI4LjQ5LjYxIjt9czo2OiJfZmxhc2giO2E6Mjp7czozOiJvbGQiO2E6MDp7fXM6MzoibmV3IjthOjA6e319fQ==',1678223285,'Germany','','Ubuntu','Computer','Firefox'),('qTQptlL0SdATK5pRitKIByuxtjAqm0ttPAZ9KvnS',NULL,'193.32.162.159','Mozilla/5.0 (Windows NT 10.0; Win64; x64) AppleWebKit/537.36 (KHTML, like Gecko) Chrome/90.0.4430.85 Safari/537.36 Edg/90.0.818.46','YToyOntzOjY6Il90b2tlbiI7czo0MDoiNUthMXdNY05id1V3TlF3Ukw0MmJhOERmeTVMaEtQdTJJQmhLVFpNWCI7czo2OiJfZmxhc2giO2E6Mjp7czozOiJvbGQiO2E6MDp7fXM6MzoibmV3IjthOjA6e319fQ==',1678224001,'Romania','','Windows 10','Computer','Chrome'),('f7fEWHYUlu3HQfdz3dgoNfEcNV0cGSwQfPeMvRj2',NULL,'68.183.9.222','Mozilla/5.0 (Windows NT 10.0; Win64; x64) AppleWebKit/537.36 (KHTML, like Gecko) Chrome/108.0.0.0 Safari/537.36','YTozOntzOjY6Il90b2tlbiI7czo0MDoiR2tZWEFpQnBlS2c2M0JRdDR4eUJVMW12b0NVWkI5R09yOUw5QXNGQSI7czo5OiJfcHJldmlvdXMiO2E6MTp7czozOiJ1cmwiO3M6MjA6Imh0dHA6Ly8xNzguMTI4LjQ5LjYxIjt9czo2OiJfZmxhc2giO2E6Mjp7czozOiJvbGQiO2E6MDp7fXM6MzoibmV3IjthOjA6e319fQ==',1678238083,'Netherlands','Amsterdam','Windows 10','Computer','Chrome'),('5jDCBuEZX4N4L1Ckc5fB8If3OUDAQsO7SFiUed0f',NULL,'143.110.222.166','Mozilla/5.0 (iPhone; CPU iPhone OS 16_1 like Mac OS X) AppleWebKit/605.1.15 (KHTML, like Gecko) Version/16.1 Mobile/15E148 Safari/604.1','YTozOntzOjY6Il90b2tlbiI7czo0MDoiRWx3TzFycmYwS2JZeTNoYm9UamZyaGtVRFhKcHNQR0s5OVlpaFVhMyI7czo5OiJfcHJldmlvdXMiO2E6MTp7czozOiJ1cmwiO3M6MjA6Imh0dHA6Ly8xNzguMTI4LjQ5LjYxIjt9czo2OiJfZmxhc2giO2E6Mjp7czozOiJvbGQiO2E6MDp7fXM6MzoibmV3IjthOjA6e319fQ==',1678237102,'Canada','','iPhone','Mobile','Safari Browser'),('i0aW2IKDRTq0MZB30YGP0SNmxLVKBKNUsOFOA1R4',1,'79.107.196.115','Mozilla/5.0 (Linux; U; Android 11; el-gr; POCO X3 NFC Build/RKQ1.200826.002) AppleWebKit/537.36 (KHTML, like Gecko) Version/4.0 Chrome/100.0.4896.127 Mobile Safari/537.36 XiaoMi/MiuiBrowser/13.22.1-gn','YTo0OntzOjY6Il90b2tlbiI7czo0MDoicGZSU2VPaG1QN0o0UGVVN1ZzbkpqbHJWUUxqeGp4SG1aOTJzdWNROCI7czo1MDoibG9naW5fd2ViXzU5YmEzNmFkZGMyYjJmOTQwMTU4MGYwMTRjN2Y1OGVhNGUzMDk4OWQiO2k6MTtzOjY6Il9mbGFzaCI7YToyOntzOjM6Im9sZCI7YTowOnt9czozOiJuZXciO2E6MDp7fX1zOjk6Il9wcmV2aW91cyI7YToxOntzOjM6InVybCI7czo0MzoiaHR0cDovL3Jhd3BsYXljYXNpbm8uY28udWsvYmFja2VuZC93aXRoZHJhdyI7fX0=',1678351009,'Greece','Drama','Android','Mobile','Safari Browser'),('UxdmI8s0r9bMO5aJOWVl8PlHApSEGbbMhjHz5wpO',1,'188.117.224.149','Mozilla/5.0 (Windows NT 10.0; Win64; x64) AppleWebKit/537.36 (KHTML, like Gecko) Chrome/110.0.0.0 Safari/537.36','YTozOntzOjY6Il90b2tlbiI7czo0MDoibFpoMmxkeHdXR3FHcVhGcGc4V0JMNHl4R1FnOEhzRWJvNGQ0UXVCcSI7czo5OiJfcHJldmlvdXMiO2E6MTp7czozOiJ1cmwiO3M6NDA6Imh0dHA6Ly9yYXdwbGF5Y2FzaW5vLmNvLnVrL2JhY2tlbmQvbG9naW4iO31zOjY6Il9mbGFzaCI7YToyOntzOjM6Im9sZCI7YTowOnt9czozOiJuZXciO2E6MDp7fX19',1678228040,'Greece','Thessaloniki','Windows 10','Computer','Chrome'),('wUfnpfhww5W6oIN9FVoeJmVILVBCRcINaT6JaOTO',NULL,'152.32.147.130','','YTozOntzOjY6Il90b2tlbiI7czo0MDoib2RranN3WGUycjJ0ZWh0TjBiNEFjSGxlUml3OVFWQkJqTktwMG5PViI7czo5OiJfcHJldmlvdXMiO2E6MTp7czozOiJ1cmwiO3M6MjA6Imh0dHA6Ly8xNzguMTI4LjQ5LjYxIjt9czo2OiJfZmxhc2giO2E6Mjp7czozOiJvbGQiO2E6MDp7fXM6MzoibmV3IjthOjA6e319fQ==',1678228377,'Japan','Tokyo','Unknown OS Platform','Computer','Unknown Browser'),('P3JgcL9rgIlBdMydAKtSixgYEqDJiejyP20QH52y',NULL,'143.110.222.166','Mozilla/5.0 (iPhone; CPU iPhone OS 16_1 like Mac OS X) AppleWebKit/605.1.15 (KHTML, like Gecko) Version/16.1 Mobile/15E148 Safari/604.1','YTozOntzOjY6Il90b2tlbiI7czo0MDoieG1QUzNPNkt5V0hTcUxHbzdoNkhiV1VyZGVzWmoyVnFtdUQ5SElMbSI7czo5OiJfcHJldmlvdXMiO2E6MTp7czozOiJ1cmwiO3M6MjA6Imh0dHA6Ly8xNzguMTI4LjQ5LjYxIjt9czo2OiJfZmxhc2giO2E6Mjp7czozOiJvbGQiO2E6MDp7fXM6MzoibmV3IjthOjA6e319fQ==',1678226426,'Canada','','iPhone','Mobile','Safari Browser'),('inId7nf96wQKvqKeCmexp8Y3oS16fAUcFUmrIW5M',NULL,'94.102.51.9','masscan/1.3 (https://github.com/robertdavidgraham/masscan)','YTozOntzOjY6Il90b2tlbiI7czo0MDoiNUpmTDRjcEYxVldGVWlpN1NleFpPdGI0c1AyS3pzU3FwMHg1QnZaNSI7czo5OiJfcHJldmlvdXMiO2E6MTp7czozOiJ1cmwiO3M6MTg6Imh0dHA6Ly9wdWI4OTg5LmNvbSI7fXM6NjoiX2ZsYXNoIjthOjI6e3M6Mzoib2xkIjthOjA6e31zOjM6Im5ldyI7YTowOnt9fX0=',1678227518,'Netherlands','Amsterdam','Unknown OS Platform','Computer','Unknown Browser'),('oGHTp93p04zDG2gSKbML4zUKKWYqQ5YE6OanpUyV',11,'188.117.224.149','Mozilla/5.0 (Windows NT 10.0; Win64; x64) AppleWebKit/537.36 (KHTML, like Gecko) Chrome/110.0.0.0 Safari/537.36','YTo1OntzOjY6Il90b2tlbiI7czo0MDoiRzBmcWxjaFZQZDgxMmlVWHlEa2lZd3lnb0xITkFveHBYSnE5ZXRXUiI7czo5OiJfcHJldmlvdXMiO2E6MTp7czozOiJ1cmwiO3M6NDE6Imh0dHA6Ly9yYXdwbGF5Y2FzaW5vLmNvLnVrL2NhdGVnb3JpZXMvbmV3Ijt9czo2OiJfZmxhc2giO2E6Mjp7czozOiJvbGQiO2E6MDp7fXM6MzoibmV3IjthOjA6e319czo1MDoibG9naW5fd2ViXzU5YmEzNmFkZGMyYjJmOTQwMTU4MGYwMTRjN2Y1OGVhNGUzMDk4OWQiO2k6MTE7czoxMDoiYmVmb3JlVXNlciI7aToxO30=',1678228123,'Greece','Thessaloniki','Windows 10','Computer','Chrome'),('DHP5uQ1fM9Mu3o7IxiP8RIaMhFY9mNdiSMlNxuxC',NULL,'152.32.147.130','Mozilla/5.0 (Macintosh; Intel Mac OS X 10_7_0) AppleWebKit/535.11 (KHTML, like Gecko) Chrome/17.0.963.56 Safari/535.11','YTozOntzOjY6Il90b2tlbiI7czo0MDoicjNwQ0IzVWlobk9NdFMwV0ZMZ2lGaWlJSTFQZmdmc2gydmN2V3QzMiI7czo5OiJfcHJldmlvdXMiO2E6MTp7czozOiJ1cmwiO3M6MzU6Imh0dHA6Ly8xNzguMTI4LjQ5LjYxL2NhdGVnb3JpZXMvbmV3Ijt9czo2OiJfZmxhc2giO2E6Mjp7czozOiJvbGQiO2E6MDp7fXM6MzoibmV3IjthOjA6e319fQ==',1678228387,'Japan','Tokyo','Mac OS X','Computer','Chrome'),('fEoavu2wun1CSswLLZ29mbplVFBw6yoPbMbIwOAk',1,'195.206.191.249','Mozilla/5.0 (Macintosh; Intel Mac OS X 10_15_7) AppleWebKit/605.1.15 (KHTML, like Gecko) Version/16.2 Safari/605.1.15','YTo1OntzOjY6Il90b2tlbiI7czo0MDoibmlrUXBiaHpkaWZEQnM2OHV6aXdUR3p5U040Ykh1bDJoRWpvaW1xciI7czozOiJ1cmwiO2E6MTp7czo4OiJpbnRlbmRlZCI7czozNDoiaHR0cDovL3Jhd3BsYXljYXNpbm8uY28udWsvYmFja2VuZCI7fXM6OToiX3ByZXZpb3VzIjthOjE6e3M6MzoidXJsIjtzOjQwOiJodHRwOi8vcmF3cGxheWNhc2luby5jby51ay9iYWNrZW5kL3Nob3BzIjt9czo2OiJfZmxhc2giO2E6Mjp7czozOiJvbGQiO2E6MDp7fXM6MzoibmV3IjthOjA6e319czo1MDoibG9naW5fd2ViXzU5YmEzNmFkZGMyYjJmOTQwMTU4MGYwMTRjN2Y1OGVhNGUzMDk4OWQiO2k6MTt9',1678239905,'United Kingdom','','Mac OS X','Computer','Safari'),('0D5KJ94KjBh83e2pVK9cR3TtnecVNxGZ0anQ3jJC',NULL,'139.59.209.155','FooBarTest','YTozOntzOjY6Il90b2tlbiI7czo0MDoielBMbjVwNzhYUzRyVHJvbElEOVBPR3Y1UUZHMERiUTFxbExoQ2ZhaiI7czo5OiJfcHJldmlvdXMiO2E6MTp7czozOiJ1cmwiO3M6Mjg6Imh0dHA6Ly90ZXN0LmdldHByb3h5bGlzdC5jb20iO31zOjY6Il9mbGFzaCI7YToyOntzOjM6Im9sZCI7YTowOnt9czozOiJuZXciO2E6MDp7fX19',1678233715,'Germany','Frankfurt am Main','Unknown OS Platform','Computer','Unknown Browser'),('XMW60EfHBDhR5EXFAlCHmLuFDZX1YEDSS095bY3X',1,'188.117.224.149','Mozilla/5.0 (Windows NT 10.0; Win64; x64) AppleWebKit/537.36 (KHTML, like Gecko) Chrome/110.0.0.0 Safari/537.36 Edg/110.0.1587.63','YTo0OntzOjY6Il90b2tlbiI7czo0MDoiTlpNelRVVVZXVkZpcGFaeEN0Y3FJVmpSM01aWXpDb2RzNGx3dW9nZCI7czo5OiJfcHJldmlvdXMiO2E6MTp7czozOiJ1cmwiO3M6NDM6Imh0dHA6Ly9yYXdwbGF5Y2FzaW5vLmNvLnVrL2JhY2tlbmQvcGluY29kZXMiO31zOjY6Il9mbGFzaCI7YToyOntzOjM6Im9sZCI7YTowOnt9czozOiJuZXciO2E6MDp7fX1zOjUwOiJsb2dpbl93ZWJfNTliYTM2YWRkYzJiMmY5NDAxNTgwZjAxNGM3ZjU4ZWE0ZTMwOTg5ZCI7aToxO30=',1678229130,'Greece','Thessaloniki','Windows 10','Computer','Chrome'),('nB0a6HxjVaolDCLYA2F3Ixt5irqwQC3p6diL2627',NULL,'94.30.117.85','Mozilla/5.0 (iPhone; CPU iPhone OS 16_0 like Mac OS X) AppleWebKit/605.1.15 (KHTML, like Gecko) Version/16.0 Mobile/15E148 Safari/604.1','YTozOntzOjY6Il90b2tlbiI7czo0MDoiZExKSGh0SmRhUEsyRm94UDcyc1V5T0FSRmRPR21GdVo1eU9wWWFMMyI7czo5OiJfcHJldmlvdXMiO2E6MTp7czozOiJ1cmwiO3M6NDY6Imh0dHA6Ly9yYXdwbGF5Y2FzaW5vLmNvLnVrL2NhdGVnb3JpZXMvcm91bGV0dGUiO31zOjY6Il9mbGFzaCI7YToyOntzOjM6Im9sZCI7YTowOnt9czozOiJuZXciO2E6MDp7fX19',1678230533,'United Kingdom','Hampstead','iPhone','Mobile','Safari Browser'),('TfHmmYAOU78enoEGLMiJGC4MIJYsIsXoCW7rnYvC',1,'188.117.224.149','Mozilla/5.0 (Windows NT 10.0; Win64; x64) AppleWebKit/537.36 (KHTML, like Gecko) Chrome/110.0.0.0 Safari/537.36 Edg/110.0.1587.63','YTo0OntzOjY6Il90b2tlbiI7czo0MDoiY2ZJdUVheW81UWVYQ2s4WHFsamFUZVlEV25IcVV2cmE1NTJLV3k2bCI7czo5OiJfcHJldmlvdXMiO2E6MTp7czozOiJ1cmwiO3M6Mzk6Imh0dHA6Ly9yYXdwbGF5Y2FzaW5vLmNvLnVrL2JhY2tlbmQvdXNlciI7fXM6NjoiX2ZsYXNoIjthOjI6e3M6Mzoib2xkIjthOjA6e31zOjM6Im5ldyI7YTowOnt9fXM6NTA6ImxvZ2luX3dlYl81OWJhMzZhZGRjMmIyZjk0MDE1ODBmMDE0YzdmNThlYTRlMzA5ODlkIjtpOjE7fQ==',1678229365,'Greece','Thessaloniki','Windows 10','Computer','Chrome'),('GAHaZYWHSnmZ0B8pcmBJPfViOYGmTkAgKyrtZGog',NULL,'159.65.111.248','Mozilla/5.0 (X11; Linux x86_64; rv:98.0) Gecko/20100101 Firefox/98.0','YTozOntzOjY6Il90b2tlbiI7czo0MDoicElZVXRhbkpFWFhQWHdlTnVpQUU0V29uUG9PM1VoSVVMa2J2ZUVkUCI7czo5OiJfcHJldmlvdXMiO2E6MTp7czozOiJ1cmwiO3M6MjE6Imh0dHA6Ly9sb2NhbGhvc3Q6ODA4MCI7fXM6NjoiX2ZsYXNoIjthOjI6e3M6Mzoib2xkIjthOjA6e31zOjM6Im5ldyI7YTowOnt9fX0=',1678231446,'United States','Santa Clara','Linux','Computer','Firefox'),('xDNomqHoyWmhlM58I5r0csiE94Gutp88wjIXhFCP',NULL,'149.154.161.232','TelegramBot (like TwitterBot)','YTozOntzOjY6Il90b2tlbiI7czo0MDoiUW5XMmtuZVFleUllNVh1RjgzbDk0RGZsTUk5RXdmd3BmV2JlTFVqMCI7czo5OiJfcHJldmlvdXMiO2E6MTp7czozOiJ1cmwiO3M6NDE6Imh0dHA6Ly9yYXdwbGF5Y2FzaW5vLmNvLnVrL2NhdGVnb3JpZXMvYWxsIjt9czo2OiJfZmxhc2giO2E6Mjp7czozOiJvbGQiO2E6MDp7fXM6MzoibmV3IjthOjA6e319fQ==',1678233099,'United Kingdom','','Unknown OS Platform','Computer','Unknown Browser'),('iwLkEaNv5bVUIWqaQciwUcylJKHSbwolEtOU6jru',NULL,'193.32.162.159','Mozilla/5.0 (Windows NT 10.0; Win64; x64) AppleWebKit/537.36 (KHTML, like Gecko) Chrome/90.0.4430.85 Safari/537.36 Edg/90.0.818.46','YToyOntzOjY6Il90b2tlbiI7czo0MDoiQ0E1MU9yNjRmMHQya2MzMVpIMzI3dkxCN0xIRHFrcWJwSHJ1YVYyNCI7czo2OiJfZmxhc2giO2E6Mjp7czozOiJvbGQiO2E6MDp7fXM6MzoibmV3IjthOjA6e319fQ==',1678230939,'Romania','','Windows 10','Computer','Chrome'),('kcEpwRw3ZvimSIm9YHiAqitnYaRnS8KA3cCHmRsu',22,'46.101.49.77','Mozilla/5.0 (iPhone; CPU iPhone OS 16_1_1 like Mac OS X) AppleWebKit/605.1.15 (KHTML, like Gecko) Version/16.1 Mobile/15E148 Safari/604.1','YTo0OntzOjY6Il90b2tlbiI7czo0MDoiblkzckdZeFByd3NGOU56R2VWZ1lqeHRxdEc3aGI2Z2VSdVNodW82RiI7czo5OiJfcHJldmlvdXMiO2E6MTp7czozOiJ1cmwiO3M6NDc6Imh0dHA6Ly9yYXdwbGF5Y2FzaW5vLmNvLnVrL2NhdGVnb3JpZXMvcHJhZ21hdGljIjt9czo2OiJfZmxhc2giO2E6Mjp7czozOiJvbGQiO2E6MDp7fXM6MzoibmV3IjthOjA6e319czoxMDoiZnJlZVVzZXJJRCI7aTowO30=',1678340971,'United Kingdom','London','iPhone','Mobile','Safari Browser'),('4db2MEVVap8dL6G8MnHDqihQao3HCdH51R5KQzZn',NULL,'45.43.33.218','Mozilla/5.0 (X11; Ubuntu; Linux x86_64; rv:58.0) Gecko/20100101 Firefox/58.0','YTozOntzOjY6Il90b2tlbiI7czo0MDoiblV2OTFueHA5aDRKbzdyNmEyb3ZlMzdPd21ZQkY4d3V2b0p6Vk5lcCI7czo5OiJfcHJldmlvdXMiO2E6MTp7czozOiJ1cmwiO3M6MjA6Imh0dHA6Ly8xNzguMTI4LjQ5LjYxIjt9czo2OiJfZmxhc2giO2E6Mjp7czozOiJvbGQiO2E6MDp7fXM6MzoibmV3IjthOjA6e319fQ==',1678243545,'Hong Kong','Central','Ubuntu','Computer','Firefox'),('GamU7pmlcp3RSUbcpE4NTX496njVQn0xmVQFYGP0',NULL,'143.110.222.166','Mozilla/5.0 (iPhone; CPU iPhone OS 16_1 like Mac OS X) AppleWebKit/605.1.15 (KHTML, like Gecko) Version/16.1 Mobile/15E148 Safari/604.1','YTozOntzOjY6Il90b2tlbiI7czo0MDoiQ2lTMnVNWHNRRjBKZFZjTFR4eThZZXVQTHFjenRGZTNPZnIxQ0p5VCI7czo5OiJfcHJldmlvdXMiO2E6MTp7czozOiJ1cmwiO3M6MjA6Imh0dHA6Ly8xNzguMTI4LjQ5LjYxIjt9czo2OiJfZmxhc2giO2E6Mjp7czozOiJvbGQiO2E6MDp7fXM6MzoibmV3IjthOjA6e319fQ==',1678234140,'Canada','','iPhone','Mobile','Safari Browser'),('mSRSXAwMHqZKQ7FLvTWDzS0F604SnuOSPJJWFDLz',NULL,'185.246.220.98','Mozilla/5.0 (X11; Ubuntu; Linux x86_64; rv:76.0) Gecko/20100101 Firefox/76.0','YTozOntzOjY6Il90b2tlbiI7czo0MDoiNEVwN2ozYVhoN2xEY3hSa3FURkE2cnlsYng4TEIzYWlKaVBxUXF1NyI7czo5OiJfcHJldmlvdXMiO2E6MTp7czozOiJ1cmwiO3M6MjA6Imh0dHA6Ly8xNzguMTI4LjQ5LjYxIjt9czo2OiJfZmxhc2giO2E6Mjp7czozOiJvbGQiO2E6MDp7fXM6MzoibmV3IjthOjA6e319fQ==',1678236965,'Germany','','Ubuntu','Computer','Firefox'),('r5R5RtNAJD1isbcQEqpmu9SuN9rDSu3NqzhDvFhp',NULL,'35.91.70.124','Mozilla/5.0 (Windows NT 6.1; WOW64; rv:47.0) Gecko/20100101 Firefox/47.0','YTozOntzOjY6Il90b2tlbiI7czo0MDoiV2lnRWg1WnpWdkFmMEQ1RXBjOTd3T1M0UlJQZE9MTnhwMHJBbzFEWSI7czo5OiJfcHJldmlvdXMiO2E6MTp7czozOiJ1cmwiO3M6NDE6Imh0dHA6Ly9yYXdwbGF5Y2FzaW5vLmNvLnVrL2NhdGVnb3JpZXMvbmV3Ijt9czo2OiJfZmxhc2giO2E6Mjp7czozOiJvbGQiO2E6MDp7fXM6MzoibmV3IjthOjA6e319fQ==',1678236770,'United States','','Windows 7','Computer','Firefox'),('DKcvVRbmaDRwn6q6IwLfi92dNjREsf4BkHkJXNAq',NULL,'143.110.222.166','Mozilla/5.0 (iPhone; CPU iPhone OS 16_1 like Mac OS X) AppleWebKit/605.1.15 (KHTML, like Gecko) Version/16.1 Mobile/15E148 Safari/604.1','YTozOntzOjY6Il90b2tlbiI7czo0MDoidnB5Wmd6Y0pwaWZscGVJWFlOUTlOSk15VDJkbjM1Z3Iwazh3YlVsWiI7czo5OiJfcHJldmlvdXMiO2E6MTp7czozOiJ1cmwiO3M6MjA6Imh0dHA6Ly8xNzguMTI4LjQ5LjYxIjt9czo2OiJfZmxhc2giO2E6Mjp7czozOiJvbGQiO2E6MDp7fXM6MzoibmV3IjthOjA6e319fQ==',1678259081,'Canada','','iPhone','Mobile','Safari Browser'),('agYRkddLEqHKSpOs3xwzzoLZFISpyhQMIowfavtT',NULL,'170.247.223.16','Mozilla/5.0 (Macintosh; Intel Mac OS X 10_15_7) AppleWebKit/537.36 (KHTML, like Gecko) Chrome/107.0.0.0 Safari/537.36','YToyOntzOjY6Il90b2tlbiI7czo0MDoiY0pUM215YWJyTUVrWGJvenpSZlpLbDg4UDZFQVdCYjVOWWltV2ZCaCI7czo2OiJfZmxhc2giO2E6Mjp7czozOiJvbGQiO2E6MDp7fXM6MzoibmV3IjthOjA6e319fQ==',1678259212,'Belize','Belize City','Mac OS X','Computer','Chrome'),('RJB2JEN4uHwNZ4ynFqlEIh9yTQc4GQixdZnavdE3',NULL,'188.117.224.149','Mozilla/5.0 (Windows NT 10.0; Win64; x64) AppleWebKit/537.36 (KHTML, like Gecko) Chrome/110.0.0.0 Safari/537.36 Edg/110.0.1587.63','YTo0OntzOjY6Il90b2tlbiI7czo0MDoiUlp5M2FDbGRveEVhNmh5a29La3JDdXJ0S01majNVeGtVSUU1NTg4ViI7czo2OiJfZmxhc2giO2E6Mjp7czozOiJvbGQiO2E6MDp7fXM6MzoibmV3IjthOjA6e319czozOiJ1cmwiO2E6MTp7czo4OiJpbnRlbmRlZCI7czozMzoiaHR0cDovL3Jhd3BsYXljYXNpbm8uY28udWsvbG9nb3V0Ijt9czo5OiJfcHJldmlvdXMiO2E6MTp7czozOiJ1cmwiO3M6NDE6Imh0dHA6Ly9yYXdwbGF5Y2FzaW5vLmNvLnVrL2NhdGVnb3JpZXMvbmV3Ijt9fQ==',1678234617,'Greece','Thessaloniki','Windows 10','Computer','Chrome'),('tWzEUxKDrShSYFztZIEbZUL4Ztx0MyXONkP4Z6v9',NULL,'68.183.9.222','Mozilla/5.0 (Windows NT 10.0; Win64; x64) AppleWebKit/537.36 (KHTML, like Gecko) Chrome/108.0.0.0 Safari/537.36','YTozOntzOjY6Il90b2tlbiI7czo0MDoib2JYUWVORjNTRmVNcmlNSkI1SkVCQTFkdTY3M2ZhN0JxcW9vMXdKSiI7czo5OiJfcHJldmlvdXMiO2E6MTp7czozOiJ1cmwiO3M6MzU6Imh0dHA6Ly8xNzguMTI4LjQ5LjYxL2NhdGVnb3JpZXMvbmV3Ijt9czo2OiJfZmxhc2giO2E6Mjp7czozOiJvbGQiO2E6MDp7fXM6MzoibmV3IjthOjA6e319fQ==',1678238083,'Netherlands','Amsterdam','Windows 10','Computer','Chrome'),('XByuJh3bbZ52hzxxzN9rvk0ImHfTp0DUNR2hBCIj',NULL,'193.32.162.159','Mozilla/5.0 (Windows NT 10.0; Win64; x64) AppleWebKit/537.36 (KHTML, like Gecko) Chrome/90.0.4430.85 Safari/537.36 Edg/90.0.818.46','YToyOntzOjY6Il90b2tlbiI7czo0MDoiWDd1MjFEQ3d6VzFacTdZa1J0WFIxQk1rYVhjUVhOZXI4QjhMZkdWTCI7czo2OiJfZmxhc2giO2E6Mjp7czozOiJvbGQiO2E6MDp7fXM6MzoibmV3IjthOjA6e319fQ==',1678238551,'Romania','','Windows 10','Computer','Chrome'),('W3x9v72F0ssVPBsgRURa5tfTbjFRvYtWARj7NQR2',NULL,'165.227.225.244','Mozilla/5.0 (iPhone; CPU iPhone OS 16_1_1 like Mac OS X) AppleWebKit/605.1.15 (KHTML, like Gecko) Version/16.1 Mobile/15E148 Safari/604.1','YToyOntzOjY6Il90b2tlbiI7czo0MDoiZG9TajBEUlRiem1ROGMwVDBlRTlmQWZ2bXJKeXozNU43aURtdk8yQSI7czo2OiJfZmxhc2giO2E6Mjp7czozOiJvbGQiO2E6MDp7fXM6MzoibmV3IjthOjA6e319fQ==',1678239353,'United Kingdom','London','iPhone','Mobile','Safari Browser'),('LeSGEQxGLHSVnhBEI71jvcuN6rSL06SJfIS0OSSu',NULL,'143.110.222.166','Mozilla/5.0 (iPhone; CPU iPhone OS 16_1 like Mac OS X) AppleWebKit/605.1.15 (KHTML, like Gecko) Version/16.1 Mobile/15E148 Safari/604.1','YTozOntzOjY6Il90b2tlbiI7czo0MDoib0U0WlZxWnhrUThYU2JkZWpFSnE3c3NudDA3blZYYUxTNHhQMlI1QSI7czo5OiJfcHJldmlvdXMiO2E6MTp7czozOiJ1cmwiO3M6MjA6Imh0dHA6Ly8xNzguMTI4LjQ5LjYxIjt9czo2OiJfZmxhc2giO2E6Mjp7czozOiJvbGQiO2E6MDp7fXM6MzoibmV3IjthOjA6e319fQ==',1678241408,'Canada','','iPhone','Mobile','Safari Browser'),('D45feRbycmC1TY6SSWPyqMpiHddO1kuRatzW7gO3',NULL,'167.248.133.118','','YTozOntzOjY6Il90b2tlbiI7czo0MDoiRHpCdVpVcTd4MXpyMEJzSWxLRldxSjhBT2E2WlRFRXV2d3hpWTNnMCI7czo5OiJfcHJldmlvdXMiO2E6MTp7czozOiJ1cmwiO3M6MjA6Imh0dHA6Ly8xNzguMTI4LjQ5LjYxIjt9czo2OiJfZmxhc2giO2E6Mjp7czozOiJvbGQiO2E6MDp7fXM6MzoibmV3IjthOjA6e319fQ==',1678241742,'United States','','Unknown OS Platform','Computer','Unknown Browser'),('9LSjdhlCEOqZUlLXfnLRSHgN1YAReofdPNTQu96O',NULL,'167.248.133.118','Mozilla/5.0 (compatible; CensysInspect/1.1; +https://about.censys.io/)','YTozOntzOjY6Il90b2tlbiI7czo0MDoiclBwUWtPNFhtVjhIV0ozSVQ1dUp4bWRLSUY3bWp3aUxwc1FWUU81cSI7czo5OiJfcHJldmlvdXMiO2E6MTp7czozOiJ1cmwiO3M6MjA6Imh0dHA6Ly8xNzguMTI4LjQ5LjYxIjt9czo2OiJfZmxhc2giO2E6Mjp7czozOiJvbGQiO2E6MDp7fXM6MzoibmV3IjthOjA6e319fQ==',1678241743,'United States','','Unknown OS Platform','Computer','Unknown Browser'),('p206BaHabPeV065cmbWhhiLOZX2EdBV2iiohxKKh',NULL,'167.248.133.118','Mozilla/5.0 (compatible; CensysInspect/1.1; +https://about.censys.io/)','YTozOntzOjY6Il90b2tlbiI7czo0MDoiQXZCTE5qdHdLcURNaGxTMmlacWhoY1BaczAxb1B4N0p5ZG0yeUJXNyI7czo5OiJfcHJldmlvdXMiO2E6MTp7czozOiJ1cmwiO3M6MzU6Imh0dHA6Ly8xNzguMTI4LjQ5LjYxL2NhdGVnb3JpZXMvbmV3Ijt9czo2OiJfZmxhc2giO2E6Mjp7czozOiJvbGQiO2E6MDp7fXM6MzoibmV3IjthOjA6e319fQ==',1678241744,'United States','','Unknown OS Platform','Computer','Unknown Browser'),('c1gBF9BFW57f7HMy3vQ97qsJCZRj5yPGS3rBqEOg',NULL,'79.107.196.115','Mozilla/5.0 (X11; U; U; Linux x86_64; el-gr) AppleWebKit/537.36 (KHTML, like Gecko) Chrome/79.0.3945.136 Safari/537.36 Puffin/9.7.2.51367AP','YTozOntzOjY6Il90b2tlbiI7czo0MDoiWUJKd0RJYVRFcFkxc1NpbXY3aGtBeUhEeHRWdWVVeWwzM2J2dEhTbiI7czo5OiJfcHJldmlvdXMiO2E6MTp7czozOiJ1cmwiO3M6NDE6Imh0dHA6Ly9yYXdwbGF5Y2FzaW5vLmNvLnVrL2NhdGVnb3JpZXMvbmV3Ijt9czo2OiJfZmxhc2giO2E6Mjp7czozOiJvbGQiO2E6MDp7fXM6MzoibmV3IjthOjA6e319fQ==',1678242229,'Greece','Drama','Linux','Computer','Chrome'),('gIaWSa0VYinqJ5CvwQ8sV8eKvB5aBL2zXlZscdpS',NULL,'143.110.222.166','Mozilla/5.0 (iPhone; CPU iPhone OS 16_1 like Mac OS X) AppleWebKit/605.1.15 (KHTML, like Gecko) Version/16.1 Mobile/15E148 Safari/604.1','YTozOntzOjY6Il90b2tlbiI7czo0MDoiWmRSZkFvRk0zZ2RWZVhVR2p6VkVvV1J5YnNjVXVqNXo2ZWRrNk1EQSI7czo5OiJfcHJldmlvdXMiO2E6MTp7czozOiJ1cmwiO3M6MjA6Imh0dHA6Ly8xNzguMTI4LjQ5LjYxIjt9czo2OiJfZmxhc2giO2E6Mjp7czozOiJvbGQiO2E6MDp7fXM6MzoibmV3IjthOjA6e319fQ==',1678244739,'Canada','','iPhone','Mobile','Safari Browser'),('KyjbDHS3ipY21gBwPTU9LQPtwsv7vYOOPAsQlrlt',NULL,'51.255.62.13','Mozilla/5.0 (X11; Ubuntu; Linux x86_64; rv:58.0) Gecko/20100101 Firefox/58.0','YTozOntzOjY6Il90b2tlbiI7czo0MDoiSUU4N1U5bkZab1U2UHJONFVJT2ZTTzVLY0hXa01nSnlqc0pIMVFBUiI7czo5OiJfcHJldmlvdXMiO2E6MTp7czozOiJ1cmwiO3M6MjY6Imh0dHA6Ly9yYXdwbGF5Y2FzaW5vLmNvLnVrIjt9czo2OiJfZmxhc2giO2E6Mjp7czozOiJvbGQiO2E6MDp7fXM6MzoibmV3IjthOjA6e319fQ==',1678245769,'France','','Ubuntu','Computer','Firefox'),('Xv54lyoVc0mWIwEXU98Oob6sA4Eml9D8YkzNokcN',NULL,'64.62.197.194','Mozilla/5.0 (Windows NT 10.0; Win64; x64; rv:109.0) Gecko/20100101 Firefox/111.0','YTozOntzOjY6Il90b2tlbiI7czo0MDoiaU0wUmQ0SzZoOVluM3NEenJVNHlHUElqaW9zcml6RHN5TmxDSk02QSI7czo5OiJfcHJldmlvdXMiO2E6MTp7czozOiJ1cmwiO3M6MjA6Imh0dHA6Ly8xNzguMTI4LjQ5LjYxIjt9czo2OiJfZmxhc2giO2E6Mjp7czozOiJvbGQiO2E6MDp7fXM6MzoibmV3IjthOjA6e319fQ==',1678245975,'United States','','Windows 10','Computer','Firefox'),('GjlKMDJWPsOO4DKb0pHqtdm3PRjgny0lfdh0A4IG',NULL,'64.62.197.183','Mozilla/5.0 (Windows NT 10.0; Win64; x64) AppleWebKit/537.36 (KHTML, like Gecko) Chrome/109.0.0.0 Safari/537.36 OPR/95.0.0.0','YTozOntzOjY6Il90b2tlbiI7czo0MDoibG1uUEhadGxncWlXOFlUeTY1SExaUW5kQlZjSzJDWHA1R2xWRDRRbyI7czo5OiJfcHJldmlvdXMiO2E6MTp7czozOiJ1cmwiO3M6MjA6Imh0dHA6Ly8xNzguMTI4LjQ5LjYxIjt9czo2OiJfZmxhc2giO2E6Mjp7czozOiJvbGQiO2E6MDp7fXM6MzoibmV3IjthOjA6e319fQ==',1678246015,'United States','','Windows 10','Computer','Chrome'),('11XOtows1T3KfilUTNRCUQxDqBRnsNufsVOaDutR',NULL,'64.62.197.183','Mozilla/5.0 (Windows NT 10.0; Win64; x64) AppleWebKit/537.36 (KHTML, like Gecko) Chrome/109.0.0.0 Safari/537.36 OPR/95.0.0.0','YTozOntzOjY6Il90b2tlbiI7czo0MDoib0JZenNXQzFiZUt5cUtZbGhOVkdvZ05SaUFxeHZlWWNzUXpjcEl4VCI7czo5OiJfcHJldmlvdXMiO2E6MTp7czozOiJ1cmwiO3M6MzU6Imh0dHA6Ly8xNzguMTI4LjQ5LjYxL2NhdGVnb3JpZXMvbmV3Ijt9czo2OiJfZmxhc2giO2E6Mjp7czozOiJvbGQiO2E6MDp7fXM6MzoibmV3IjthOjA6e319fQ==',1678246015,'United States','','Windows 10','Computer','Chrome'),('z5bzL2TcLS8qTM0QG1f2ICNwu4TKzocMw0UzgGIH',NULL,'203.221.117.91','','YTozOntzOjY6Il90b2tlbiI7czo0MDoiNUxJb25VYnRvaXpOQVc2aURNSUNPTjJsQ1pBZXNacGg2eDBDdjJtVyI7czo5OiJfcHJldmlvdXMiO2E6MTp7czozOiJ1cmwiO3M6MjA6Imh0dHA6Ly8xNzguMTI4LjQ5LjYxIjt9czo2OiJfZmxhc2giO2E6Mjp7czozOiJvbGQiO2E6MDp7fXM6MzoibmV3IjthOjA6e319fQ==',1678246454,'Australia','Adelaide','Unknown OS Platform','Computer','Unknown Browser'),('FqgDjwPtEHZnIU6XnS9qMSZ11To6Ro3TwmpEl7S4',NULL,'164.92.148.246','Mozilla/5.0 (Windows NT 10.0; Win64; x64) AppleWebKit/537.36 (KHTML, like Gecko) Chrome/108.0.0.0 Safari/537.36','YTozOntzOjY6Il90b2tlbiI7czo0MDoidVdzQjNyV1l5NXRtTGNSZEo1blI1NFpjT3FsYkoyWWJHUWV6Zlh3YSI7czo5OiJfcHJldmlvdXMiO2E6MTp7czozOiJ1cmwiO3M6MjA6Imh0dHA6Ly8xNzguMTI4LjQ5LjYxIjt9czo2OiJfZmxhc2giO2E6Mjp7czozOiJvbGQiO2E6MDp7fXM6MzoibmV3IjthOjA6e319fQ==',1678246802,'United States','','Windows 10','Computer','Chrome'),('qF1VRLn2vzQQAtfFx6Py7UN4qsMkDBsYsNlzavtk',NULL,'164.92.148.246','Mozilla/5.0 (Windows NT 10.0; Win64; x64) AppleWebKit/537.36 (KHTML, like Gecko) Chrome/108.0.0.0 Safari/537.36','YTozOntzOjY6Il90b2tlbiI7czo0MDoiTzVFUnFHSDQ4NnpyV0plcjYwS1EwMXZqcDRpeWFCYnBXTjBlUEh0SCI7czo5OiJfcHJldmlvdXMiO2E6MTp7czozOiJ1cmwiO3M6MzU6Imh0dHA6Ly8xNzguMTI4LjQ5LjYxL2NhdGVnb3JpZXMvbmV3Ijt9czo2OiJfZmxhc2giO2E6Mjp7czozOiJvbGQiO2E6MDp7fXM6MzoibmV3IjthOjA6e319fQ==',1678246802,'United States','','Windows 10','Computer','Chrome'),('EWL3S5N0H6gGzO5GEMQW5z1BmoABRV8722nhTwuT',NULL,'20.163.14.232','Mozilla/5.0 (Linux; U; Android 4.4.2; en-US; HM NOTE 1W Build/KOT49H) AppleWebKit/534.30 (KHTML, like Gecko) Version/4.0 UCBrowser/11.0.5.850 U3/0.8.0 Mobile Safari/534.30','YTozOntzOjY6Il90b2tlbiI7czo0MDoiVXczdjRLQ3hidjhzWlMyZkZtY1p0NjludXR5STFjQzhIOW00bGJXayI7czo5OiJfcHJldmlvdXMiO2E6MTp7czozOiJ1cmwiO3M6MjA6Imh0dHA6Ly8xNzguMTI4LjQ5LjYxIjt9czo2OiJfZmxhc2giO2E6Mjp7czozOiJvbGQiO2E6MDp7fXM6MzoibmV3IjthOjA6e319fQ==',1678247511,'United States','','Android','Mobile','Safari Browser'),('OKdpHjx9PaqgX3OuzoPun2oad1wmQh41LngHRx1g',NULL,'35.233.62.116','python-requests/2.28.2','YTozOntzOjY6Il90b2tlbiI7czo0MDoiaXhLNzFDTnZjaGVpa3RmOFdSYm5ZUVZrNGxiM25NeDU0UUdHc2NHcyI7czo5OiJfcHJldmlvdXMiO2E6MTp7czozOiJ1cmwiO3M6MjA6Imh0dHA6Ly8xNzguMTI4LjQ5LjYxIjt9czo2OiJfZmxhc2giO2E6Mjp7czozOiJvbGQiO2E6MDp7fXM6MzoibmV3IjthOjA6e319fQ==',1678247665,'Belgium','Brussels','Unknown OS Platform','Computer','Unknown Browser'),('raEwmbV85su3pI0tPpJ9xAVqbQcrn5w0zZlAEdot',NULL,'87.236.176.159','Mozilla/5.0 (compatible; InternetMeasurement/1.0; +https://internet-measurement.com/)','YTozOntzOjY6Il90b2tlbiI7czo0MDoiZFFhaDVVMzIxQlFTdmlhODNHOW9pckV5dWEwWkdyNVM2czNZb05idyI7czo5OiJfcHJldmlvdXMiO2E6MTp7czozOiJ1cmwiO3M6MzU6Imh0dHA6Ly8xNzguMTI4LjQ5LjYxL2NhdGVnb3JpZXMvbmV3Ijt9czo2OiJfZmxhc2giO2E6Mjp7czozOiJvbGQiO2E6MDp7fXM6MzoibmV3IjthOjA6e319fQ==',1678248020,'Belgium','','Unknown OS Platform','Computer','Unknown Browser'),('FZOrTIXIHP3GhsnDlttSN4sYX5yYK6mQwnbGoF40',NULL,'193.32.162.159','Mozilla/5.0 (Windows NT 10.0; Win64; x64) AppleWebKit/537.36 (KHTML, like Gecko) Chrome/90.0.4430.85 Safari/537.36 Edg/90.0.818.46','YToyOntzOjY6Il90b2tlbiI7czo0MDoiMndWTHhxWWhPRDJpYXc5T0w5MVVBWEpRSWZVb1pST2tuZnNkNjFHcCI7czo2OiJfZmxhc2giO2E6Mjp7czozOiJvbGQiO2E6MDp7fXM6MzoibmV3IjthOjA6e319fQ==',1678249147,'Romania','','Windows 10','Computer','Chrome'),('6MGLIY7f1ofcXsd5GM7fgOhcdC3yRheYU0yZqow6',NULL,'152.89.196.211','Mozilla/5.0 (Windows NT 10.0; Win64; x64) AppleWebKit/537.36 (KHTML, like Gecko) Chrome/78.0.3904.108 Safari/537.36','YTozOntzOjY6Il90b2tlbiI7czo0MDoiek5lcUpNRFVTN01hMmtaSWNOR2ZCMXpyUzFRUWN5R051OWhuRVZleiI7czo5OiJfcHJldmlvdXMiO2E6MTp7czozOiJ1cmwiO3M6NTE6Imh0dHA6Ly8xNzguMTI4LjQ5LjYxLz9YREVCVUdfU0VTU0lPTl9TVEFSVD1waHBzdG9ybSI7fXM6NjoiX2ZsYXNoIjthOjI6e3M6Mzoib2xkIjthOjA6e31zOjM6Im5ldyI7YTowOnt9fX0=',1678249533,'United Kingdom','','Windows 10','Computer','Chrome'),('ALH1AbnODoH8vwOXuMPOV5wDw6tdqZ3PVC44fBHM',NULL,'152.89.196.211','Mozilla/5.0 (Windows NT 10.0; Win64; x64) AppleWebKit/537.36 (KHTML, like Gecko) Chrome/78.0.3904.108 Safari/537.36','YTozOntzOjY6Il90b2tlbiI7czo0MDoiSWlXNHNPbnhOWVU5cVZ2eXJsVHlWSUdXMlpHaE5XeTBWRmJuaDVYciI7czo5OiJfcHJldmlvdXMiO2E6MTp7czozOiJ1cmwiO3M6MzU6Imh0dHA6Ly8xNzguMTI4LjQ5LjYxL2NhdGVnb3JpZXMvbmV3Ijt9czo2OiJfZmxhc2giO2E6Mjp7czozOiJvbGQiO2E6MDp7fXM6MzoibmV3IjthOjA6e319fQ==',1678249537,'United Kingdom','','Windows 10','Computer','Chrome'),('Q9mXmB6XWqAlC2Lzq1N2pgB6dindrlOYO5hncKDw',NULL,'185.246.220.98','Mozilla/5.0 (X11; Ubuntu; Linux x86_64; rv:76.0) Gecko/20100101 Firefox/76.0','YTozOntzOjY6Il90b2tlbiI7czo0MDoicUNEanlJaHdIeU82eGljYXBmWnRueGR4RlNzb3RtUHQ4dXFoVndzdCI7czo5OiJfcHJldmlvdXMiO2E6MTp7czozOiJ1cmwiO3M6MjA6Imh0dHA6Ly8xNzguMTI4LjQ5LjYxIjt9czo2OiJfZmxhc2giO2E6Mjp7czozOiJvbGQiO2E6MDp7fXM6MzoibmV3IjthOjA6e319fQ==',1678340467,'Germany','','Ubuntu','Computer','Firefox'),('AyAYEZyrGJMVOm0KUw76QD11UFpOsZestSQoVdN3',NULL,'188.165.87.96','Mozilla/5.0 (X11; Ubuntu; Linux x86_64; rv:58.0) Gecko/20100101 Firefox/58.0','YTozOntzOjY6Il90b2tlbiI7czo0MDoiQ3FLZFBjQ3lNS2xQdERFNTUzOE9ZeEE4ZVMxczFCbW4xNWdGTkhSQSI7czo5OiJfcHJldmlvdXMiO2E6MTp7czozOiJ1cmwiO3M6NDE6Imh0dHA6Ly9yYXdwbGF5Y2FzaW5vLmNvLnVrL2NhdGVnb3JpZXMvbmV3Ijt9czo2OiJfZmxhc2giO2E6Mjp7czozOiJvbGQiO2E6MDp7fXM6MzoibmV3IjthOjA6e319fQ==',1678250864,'France','','Ubuntu','Computer','Firefox'),('ykMO6s1VPDozxthlmpncqob7WC7NKPco39Spq4VW',NULL,'143.110.222.166','Mozilla/5.0 (iPhone; CPU iPhone OS 16_1 like Mac OS X) AppleWebKit/605.1.15 (KHTML, like Gecko) Version/16.1 Mobile/15E148 Safari/604.1','YTozOntzOjY6Il90b2tlbiI7czo0MDoiSzhVblNpeHNBbTZDdGdyOGlpdHp6ZU5ZMmlGaElERDl2dUlaWmhPRiI7czo5OiJfcHJldmlvdXMiO2E6MTp7czozOiJ1cmwiO3M6MjA6Imh0dHA6Ly8xNzguMTI4LjQ5LjYxIjt9czo2OiJfZmxhc2giO2E6Mjp7czozOiJvbGQiO2E6MDp7fXM6MzoibmV3IjthOjA6e319fQ==',1678251858,'Canada','','iPhone','Mobile','Safari Browser'),('N247nzYBScSoL32nsnEmX8AzPQYNVyVOe5UwgN7I',NULL,'162.142.125.212','','YTozOntzOjY6Il90b2tlbiI7czo0MDoidFFRbnVEWldmOTBYU2lZdzZ2ZnNpek5ETXlOWmFpclhJSXZHd0JVMCI7czo5OiJfcHJldmlvdXMiO2E6MTp7czozOiJ1cmwiO3M6MjA6Imh0dHA6Ly8xNzguMTI4LjQ5LjYxIjt9czo2OiJfZmxhc2giO2E6Mjp7czozOiJvbGQiO2E6MDp7fXM6MzoibmV3IjthOjA6e319fQ==',1678253036,'United States','','Unknown OS Platform','Computer','Unknown Browser'),('Q6ofVlRYdlwLsXiZvrpSeuPpU6YIj7lldwdfr8Ou',NULL,'162.142.125.212','Mozilla/5.0 (compatible; CensysInspect/1.1; +https://about.censys.io/)','YTozOntzOjY6Il90b2tlbiI7czo0MDoiNG9WT1VaSEUxZ3hURXlxa25BcWRSOVFOTVdOd0NQYk1YQXVOV3dzTSI7czo5OiJfcHJldmlvdXMiO2E6MTp7czozOiJ1cmwiO3M6MzI6Imh0dHA6Ly8xNzgtMTI4LTQ5LTYxLmNwcmFwaWQuY29tIjt9czo2OiJfZmxhc2giO2E6Mjp7czozOiJvbGQiO2E6MDp7fXM6MzoibmV3IjthOjA6e319fQ==',1678253036,'United States','','Unknown OS Platform','Computer','Unknown Browser'),('KlhHfcxoQwrlarKqs0F4AkzQJAjuAZm4yaGxiqt2',NULL,'162.142.125.212','Mozilla/5.0 (compatible; CensysInspect/1.1; +https://about.censys.io/)','YTozOntzOjY6Il90b2tlbiI7czo0MDoiN0tkQVdaYjNJWEFFSW9EdGZSNmtnVTY4TTV1bWI2dUVKZWkyTlRVVyI7czo5OiJfcHJldmlvdXMiO2E6MTp7czozOiJ1cmwiO3M6NDc6Imh0dHA6Ly8xNzgtMTI4LTQ5LTYxLmNwcmFwaWQuY29tL2NhdGVnb3JpZXMvbmV3Ijt9czo2OiJfZmxhc2giO2E6Mjp7czozOiJvbGQiO2E6MDp7fXM6MzoibmV3IjthOjA6e319fQ==',1678253037,'United States','','Unknown OS Platform','Computer','Unknown Browser'),('URjAoIawp3vhh6Y9zqHDyaJJsb5vNVwsXMcDBAIV',NULL,'90.151.171.106','Mozilla/5.0 (Windows NT 6.1; rv:16.0) Gecko/20100101 Firefox/16.0 (+https://best-proxies.ru/faq/#from)','YTozOntzOjY6Il90b2tlbiI7czo0MDoieTE3NDRzT08zVkVWY1pua0dMM21WN0t1clQ0QzNFSlNVM1FudzY4eiI7czo5OiJfcHJldmlvdXMiO2E6MTp7czozOiJ1cmwiO3M6NDA6Imh0dHA6Ly9pcC5iYWJsb3NvZnQuY29tLz9aNzE2NjU0NzQ5OTJRMT0iO31zOjY6Il9mbGFzaCI7YToyOntzOjM6Im9sZCI7YTowOnt9czozOiJuZXciO2E6MDp7fX19',1678254684,'Russia','Surgut','Windows 7','Computer','Firefox'),('VFNpOKfgplPPmFspprZMg4vLESUiQ4DrwzPltx25',NULL,'94.102.61.10','Mozilla/5.0 (Windows NT 10.0; Win64; x64) AppleWebKit/537.36 (KHTML, like Gecko) Chrome/88.0.4324.190 Safari/537.36','YTozOntzOjY6Il90b2tlbiI7czo0MDoiRURLaGVaMzBqb0RRSjBIZWlxM2hLeXluNjJ2aGFNbEw0aXdrdVFKdyI7czo5OiJfcHJldmlvdXMiO2E6MTp7czozOiJ1cmwiO3M6MjA6Imh0dHA6Ly8xNzguMTI4LjQ5LjYxIjt9czo2OiJfZmxhc2giO2E6Mjp7czozOiJvbGQiO2E6MDp7fXM6MzoibmV3IjthOjA6e319fQ==',1678255238,'Netherlands','','Windows 10','Computer','Chrome'),('TN07E3Z0wjFtZhlEbKVAXDrWRajFudMUO9yYvcoM',NULL,'94.102.61.10','Mozilla/5.0 (Windows NT 10.0; Win64; x64) AppleWebKit/537.36 (KHTML, like Gecko) Chrome/88.0.4324.190 Safari/537.36','YTozOntzOjY6Il90b2tlbiI7czo0MDoiaW1SbTR0bVRKVmxTakl6RWdURDFtVHZSZGFURHh0NnM3R29lUkg5TiI7czo5OiJfcHJldmlvdXMiO2E6MTp7czozOiJ1cmwiO3M6MzU6Imh0dHA6Ly8xNzguMTI4LjQ5LjYxL2NhdGVnb3JpZXMvbmV3Ijt9czo2OiJfZmxhc2giO2E6Mjp7czozOiJvbGQiO2E6MDp7fXM6MzoibmV3IjthOjA6e319fQ==',1678255239,'Netherlands','','Windows 10','Computer','Chrome'),('fuRLcjzOnkQ9WLFKcwGKut1MpHSrqhrPhpAeUN7r',NULL,'167.99.129.80','FooBarTest','YTozOntzOjY6Il90b2tlbiI7czo0MDoiNTZjS2ZYOXl6UkpPSTY5VWVic1R5NU1obmxQS0RpMFNEQlIwSmUyciI7czo5OiJfcHJldmlvdXMiO2E6MTp7czozOiJ1cmwiO3M6Mjg6Imh0dHA6Ly90ZXN0LmdldHByb3h5bGlzdC5jb20iO31zOjY6Il9mbGFzaCI7YToyOntzOjM6Im9sZCI7YTowOnt9czozOiJuZXciO2E6MDp7fX19',1678255480,'Germany','Frankfurt am Main','Unknown OS Platform','Computer','Unknown Browser'),('wzxcu9rCOoJkXTAToe8D1n7tLCfrhVQGRRE6FI1O',NULL,'143.110.222.166','Mozilla/5.0 (iPhone; CPU iPhone OS 16_1 like Mac OS X) AppleWebKit/605.1.15 (KHTML, like Gecko) Version/16.1 Mobile/15E148 Safari/604.1','YTozOntzOjY6Il90b2tlbiI7czo0MDoiSjRqQVlCTFVGZzIzVVZkV2NGMXVmY0xpNjFjV3lZTWd1dG0yWEw1TyI7czo5OiJfcHJldmlvdXMiO2E6MTp7czozOiJ1cmwiO3M6MjA6Imh0dHA6Ly8xNzguMTI4LjQ5LjYxIjt9czo2OiJfZmxhc2giO2E6Mjp7czozOiJvbGQiO2E6MDp7fXM6MzoibmV3IjthOjA6e319fQ==',1678255682,'Canada','','iPhone','Mobile','Safari Browser'),('bw1pA25mDAFl1cqcMvQdldYcr546lVwlhewH7e1s',NULL,'143.198.201.142','Mozilla/5.0 (X11; Linux x86_64; rv:98.0) Gecko/20100101 Firefox/98.0','YTozOntzOjY6Il90b2tlbiI7czo0MDoiSDJJNzRCQ2c2WTZTM3dpcGdZRU56NVpkTFlWeTNqWUZobVkwWjE3TyI7czo5OiJfcHJldmlvdXMiO2E6MTp7czozOiJ1cmwiO3M6MjE6Imh0dHA6Ly9sb2NhbGhvc3Q6ODA4MCI7fXM6NjoiX2ZsYXNoIjthOjI6e3M6Mzoib2xkIjthOjA6e31zOjM6Im5ldyI7YTowOnt9fX0=',1678255896,'United States','','Linux','Computer','Firefox'),('igYsktflBhwz6LG061us7rlbquKi63lB7cTO2dpU',NULL,'193.32.162.159','Mozilla/5.0 (Windows NT 10.0; Win64; x64) AppleWebKit/537.36 (KHTML, like Gecko) Chrome/90.0.4430.85 Safari/537.36 Edg/90.0.818.46','YToyOntzOjY6Il90b2tlbiI7czo0MDoiREdqbWxzN1FEZXhXRldKTlpZeHYwMTdDdzcxMW5yemNpTUNKaTRKWSI7czo2OiJfZmxhc2giO2E6Mjp7czozOiJvbGQiO2E6MDp7fXM6MzoibmV3IjthOjA6e319fQ==',1678255936,'Romania','','Windows 10','Computer','Chrome'),('ud0uNFYzm6cmsQ1ovsntLDphE3eERhwEwJY0Jpbj',NULL,'162.221.197.233','Mozilla/5.0 (Macintosh; Intel Mac OS X 10_9_4) AppleWebKit/537.36 (KHTML, like Gecko) Chrome/36.0.1985.125 Safari/537.36','YTozOntzOjY6Il90b2tlbiI7czo0MDoibGV5aHRDTngybnp5T3diZ1FsdmV2eVVRQVRTNzUxc0duRVMzdXB1diI7czo5OiJfcHJldmlvdXMiO2E6MTp7czozOiJ1cmwiO3M6NDc6Imh0dHA6Ly8xNzgtMTI4LTQ5LTYxLmNwcmFwaWQuY29tL2NhdGVnb3JpZXMvbmV3Ijt9czo2OiJfZmxhc2giO2E6Mjp7czozOiJvbGQiO2E6MDp7fXM6MzoibmV3IjthOjA6e319fQ==',1678256118,'United States','','Mac OS X','Computer','Chrome'),('o19pRpwuP398UiWPbrt79UILjU8dbdqgg2aQnieG',NULL,'223.240.101.111','Mozilla/5.0 (iPhone; CPU iPhone OS 13_2_3 like Mac OS X) AppleWebKit/605.1.15 (KHTML, like Gecko) Version/13.0.3 Mobile/15E148 Safari/604.1','YTozOntzOjY6Il90b2tlbiI7czo0MDoiRTRFM1BNS05HQXRnaTNFa2pmQXZzRzJwbmlJdVR2N0E0U2RydGJLTiI7czo5OiJfcHJldmlvdXMiO2E6MTp7czozOiJ1cmwiO3M6MjA6Imh0dHA6Ly8xNzguMTI4LjQ5LjYxIjt9czo2OiJfZmxhc2giO2E6Mjp7czozOiJvbGQiO2E6MDp7fXM6MzoibmV3IjthOjA6e319fQ==',1678257158,'China','Nanjing','iPhone','Mobile','Safari Browser'),('l4FtZGG0oSzcaWvJHZLgfSFcaK1iAaw6g4et8QdO',NULL,'223.240.101.111','Mozilla/5.0 (iPhone; CPU iPhone OS 13_2_3 like Mac OS X) AppleWebKit/605.1.15 (KHTML, like Gecko) Version/13.0.3 Mobile/15E148 Safari/604.1','YTozOntzOjY6Il90b2tlbiI7czo0MDoiU3R2dkllenRCaHJtWm9NSnQyYXBKc25wNDlsVmJHNWF3TVU4YkE4OSI7czo5OiJfcHJldmlvdXMiO2E6MTp7czozOiJ1cmwiO3M6MzU6Imh0dHA6Ly8xNzguMTI4LjQ5LjYxL2NhdGVnb3JpZXMvbmV3Ijt9czo2OiJfZmxhc2giO2E6Mjp7czozOiJvbGQiO2E6MDp7fXM6MzoibmV3IjthOjA6e319fQ==',1678257159,'China','Nanjing','iPhone','Mobile','Safari Browser'),('TdIPpvD79xPQqPISAtTqvz77Z52iW1P01UhFMYK9',NULL,'95.164.158.242','Mozilla/5.0 (Macintosh; Intel Mac OS X 10_15_7) AppleWebKit/537.36 (KHTML, like Gecko) Chrome/107.0.0.0 Safari/537.36','YTozOntzOjY6Il90b2tlbiI7czo0MDoidXZJRVF6dEpoWU5XVGs2clJLYjQwTnpiY0lvNHNwQkxvNWdxbmhlbyI7czo5OiJfcHJldmlvdXMiO2E6MTp7czozOiJ1cmwiO3M6MjY6Imh0dHA6Ly9yYXdwbGF5Y2FzaW5vLmNvLnVrIjt9czo2OiJfZmxhc2giO2E6Mjp7czozOiJvbGQiO2E6MDp7fXM6MzoibmV3IjthOjA6e319fQ==',1678259213,'Gibraltar','','Mac OS X','Computer','Chrome'),('t3ILifO0YSm9hMbQnCr1BWx9HH6j7DIbBFUSoT2k',NULL,'174.138.61.44','Mozilla/5.0 (Windows NT 10.0; Win64; x64) AppleWebKit/537.36 (KHTML, like Gecko) Chrome/102.0.5005.63 Safari/537.36','YTozOntzOjY6Il90b2tlbiI7czo0MDoiZjlKQkF2aDZlQjFPZE5JUk1tblJ4RWFSa1E5eGxGSUxDcDFmZTRvSSI7czo5OiJfcHJldmlvdXMiO2E6MTp7czozOiJ1cmwiO3M6MjA6Imh0dHA6Ly8xNzguMTI4LjQ5LjYxIjt9czo2OiJfZmxhc2giO2E6Mjp7czozOiJvbGQiO2E6MDp7fXM6MzoibmV3IjthOjA6e319fQ==',1678258057,'United States','Clifton','Windows 10','Computer','Chrome'),('7zHcqnTxInQK5gKm9pHs1piEycxEHYXtqiqQNdBB',NULL,'174.138.61.44','Mozilla/5.0 (Windows NT 10.0; Win64; x64) AppleWebKit/537.36 (KHTML, like Gecko) Chrome/102.0.5005.63 Safari/537.36','YTozOntzOjY6Il90b2tlbiI7czo0MDoiU3dFSEJjM2JIQmR5ek5JZGtvaDNDTHpWZTdLRHV3QXVLTHhBWmhjQyI7czo5OiJfcHJldmlvdXMiO2E6MTp7czozOiJ1cmwiO3M6MzU6Imh0dHA6Ly8xNzguMTI4LjQ5LjYxL2NhdGVnb3JpZXMvbmV3Ijt9czo2OiJfZmxhc2giO2E6Mjp7czozOiJvbGQiO2E6MDp7fXM6MzoibmV3IjthOjA6e319fQ==',1678258058,'United States','Clifton','Windows 10','Computer','Chrome'),('jYQAfUcHmuHExdNCkRPyZszH7rvbYkzVl5pApvHM',NULL,'143.110.222.166','Mozilla/5.0 (iPhone; CPU iPhone OS 16_1 like Mac OS X) AppleWebKit/605.1.15 (KHTML, like Gecko) Version/16.1 Mobile/15E148 Safari/604.1','YTozOntzOjY6Il90b2tlbiI7czo0MDoiTU5oajJ0YlRaVk81MHF5ajI3aXU5M2xXckZUMmpXamxUNVFLTWt4UCI7czo5OiJfcHJldmlvdXMiO2E6MTp7czozOiJ1cmwiO3M6MjA6Imh0dHA6Ly8xNzguMTI4LjQ5LjYxIjt9czo2OiJfZmxhc2giO2E6Mjp7czozOiJvbGQiO2E6MDp7fXM6MzoibmV3IjthOjA6e319fQ==',1678295224,'Canada','','iPhone','Mobile','Safari Browser'),('IA2NGLEYMiPy8J28IyNVPaOHBFYbNfm0QQSGxrnk',NULL,'198.98.58.152','Linux Gnu (cow)','YTozOntzOjY6Il90b2tlbiI7czo0MDoiekQwYzNLRXlFeFhTbDBsYlc2MmJtZTIxNU5tODNKVUkwOTQ4Ukx0SCI7czo5OiJfcHJldmlvdXMiO2E6MTp7czozOiJ1cmwiO3M6MjA6Imh0dHA6Ly8xNzguMTI4LjQ5LjYxIjt9czo2OiJfZmxhc2giO2E6Mjp7czozOiJvbGQiO2E6MDp7fXM6MzoibmV3IjthOjA6e319fQ==',1678296096,'United States','Buffalo','Linux','Computer','Unknown Browser'),('9yWFR6xEOoq5cacNaDLvLkIkGFbrLBXflbjGrvmA',NULL,'3.84.180.145','Mozilla/5.0 (Macintosh; Intel Mac OS X 10_15_7) AppleWebKit/537.36 (KHTML, like Gecko) Chrome/107.0.0.0 Safari/537.36','YTozOntzOjY6Il90b2tlbiI7czo0MDoianBKUldUa0Y0djNucWZocnduUWlBZFA0OFNvSXFUSlJGdWpZMVdHYSI7czo5OiJfcHJldmlvdXMiO2E6MTp7czozOiJ1cmwiO3M6MjY6Imh0dHA6Ly9yYXdwbGF5Y2FzaW5vLmNvLnVrIjt9czo2OiJfZmxhc2giO2E6Mjp7czozOiJvbGQiO2E6MDp7fXM6MzoibmV3IjthOjA6e319fQ==',1678259213,'United States','Ashburn','Mac OS X','Computer','Chrome'),('U6BEjAIhZdiGsxzjFZA31t1sKKlPefPuhIHCrHWF',NULL,'3.94.114.249','Mozilla/5.0 (Macintosh; Intel Mac OS X 10_15_7) AppleWebKit/537.36 (KHTML, like Gecko) Chrome/107.0.0.0 Safari/537.36','YTozOntzOjY6Il90b2tlbiI7czo0MDoiNkVlQWtCYUYzc1J0dks0QWhPdTBOSVpraU5ZZTVpZGczMWxjNmt3UyI7czo5OiJfcHJldmlvdXMiO2E6MTp7czozOiJ1cmwiO3M6NDE6Imh0dHA6Ly9yYXdwbGF5Y2FzaW5vLmNvLnVrL2NhdGVnb3JpZXMvbmV3Ijt9czo2OiJfZmxhc2giO2E6Mjp7czozOiJvbGQiO2E6MDp7fXM6MzoibmV3IjthOjA6e319fQ==',1678259214,'United States','Ashburn','Mac OS X','Computer','Chrome'),('N49drrq2mg8y7jKS5a1nD91kkI4mcYfq8ig92bpC',NULL,'36.40.72.66','Mozilla/5.0 (iPhone; CPU iPhone OS 13_2_3 like Mac OS X) AppleWebKit/605.1.15 (KHTML, like Gecko) Version/13.0.3 Mobile/15E148 Safari/604.1','YTozOntzOjY6Il90b2tlbiI7czo0MDoiakd1YUdLV1kxV0p5eGdkQ3E2Vzh4dU5oTWdIU2xrelN4ZmJ2QkdOZiI7czo5OiJfcHJldmlvdXMiO2E6MTp7czozOiJ1cmwiO3M6MjA6Imh0dHA6Ly8xNzguMTI4LjQ5LjYxIjt9czo2OiJfZmxhc2giO2E6Mjp7czozOiJvbGQiO2E6MDp7fXM6MzoibmV3IjthOjA6e319fQ==',1678328124,'China','','iPhone','Mobile','Safari Browser'),('cIjCA5eeGBQYWEwbJERLLHgVGqJim3vlzC5vwh8H',NULL,'89.151.134.15','Mozilla/5.0 (Windows NT 10.0; WOW64) AppleWebKit/537.36 (KHTML, like Gecko) Chrome/51.0.2704.103 Safari/537.36','YTozOntzOjY6Il90b2tlbiI7czo0MDoiZ0FhN1BOT2NpWkZxUlZHaFU1dUdNVFJtRXZnSmJvWlA5dXpyMlYzNCI7czo5OiJfcHJldmlvdXMiO2E6MTp7czozOiJ1cmwiO3M6MjA6Imh0dHA6Ly8xNzguMTI4LjQ5LjYxIjt9czo2OiJfZmxhc2giO2E6Mjp7czozOiJvbGQiO2E6MDp7fXM6MzoibmV3IjthOjA6e319fQ==',1678264224,'Russia','Cheboksary','Windows 10','Computer','Chrome'),('rMhbhuszsMDM4DmHCpSsBS6VhmWafMKUEc14Pu5s',NULL,'143.110.222.166','Mozilla/5.0 (iPhone; CPU iPhone OS 16_1 like Mac OS X) AppleWebKit/605.1.15 (KHTML, like Gecko) Version/16.1 Mobile/15E148 Safari/604.1','YTozOntzOjY6Il90b2tlbiI7czo0MDoiOG1KTU5TbzRIbEg1V3l6ZkQwcWFzR2Z3RDRZZnJEZEdpWE8wakxkaiI7czo5OiJfcHJldmlvdXMiO2E6MTp7czozOiJ1cmwiO3M6MjA6Imh0dHA6Ly8xNzguMTI4LjQ5LjYxIjt9czo2OiJfZmxhc2giO2E6Mjp7czozOiJvbGQiO2E6MDp7fXM6MzoibmV3IjthOjA6e319fQ==',1678262728,'Canada','','iPhone','Mobile','Safari Browser'),('4dVqIxbUwA2VN7qYHmTC4mRCI7dBYcilWSYzhpOS',NULL,'64.43.119.30','Mozilla/5.0 (Macintosh; Intel Mac OS X 13_0_1) AppleWebKit/537.36 (KHTML, like Gecko) Chrome/108.0.0.0 Safari/537.36','YTozOntzOjY6Il90b2tlbiI7czo0MDoibnlXODdNVURSdTRSMWQ5aFRSeXpwSUFoTVFWSzJGcGtaU1NSTjJHMCI7czo5OiJfcHJldmlvdXMiO2E6MTp7czozOiJ1cmwiO3M6NDE6Imh0dHA6Ly9yYXdwbGF5Y2FzaW5vLmNvLnVrL2NhdGVnb3JpZXMvbmV3Ijt9czo2OiJfZmxhc2giO2E6Mjp7czozOiJvbGQiO2E6MDp7fXM6MzoibmV3IjthOjA6e319fQ==',1678264999,'United States','Hockessin','Mac OS X','Computer','Chrome'),('mQjfmTf4whdpOMaOhGLNvOKtl28pM7i8c1P5Ojbr',NULL,'143.110.222.166','Mozilla/5.0 (iPhone; CPU iPhone OS 16_1 like Mac OS X) AppleWebKit/605.1.15 (KHTML, like Gecko) Version/16.1 Mobile/15E148 Safari/604.1','YTozOntzOjY6Il90b2tlbiI7czo0MDoiVkkyeGwwWm1xU0dOVzdBRHdkZ0xLbkFNM250MVVuN2VOQ3dxRmtKTSI7czo5OiJfcHJldmlvdXMiO2E6MTp7czozOiJ1cmwiO3M6MjA6Imh0dHA6Ly8xNzguMTI4LjQ5LjYxIjt9czo2OiJfZmxhc2giO2E6Mjp7czozOiJvbGQiO2E6MDp7fXM6MzoibmV3IjthOjA6e319fQ==',1678265936,'Canada','','iPhone','Mobile','Safari Browser'),('up5LXitgHuCRRN6FDzW9ynVR7WkTCZTApdeeWn4d',1,'87.203.91.74','Mozilla/5.0 (Linux; Android 10; Redmi Note 7) AppleWebKit/537.36 (KHTML, like Gecko) Chrome/110.0.0.0 Mobile Safari/537.36','YTozOntzOjY6Il90b2tlbiI7czo0MDoiWllrbjVPdzFKVHpyN3Zza1NGWUFKVk1BY0llTmN3TzE1MkZNT0pSSyI7czo5OiJfcHJldmlvdXMiO2E6MTp7czozOiJ1cmwiO3M6MzQ6Imh0dHA6Ly8xNzguMTI4LjQ5LjYxL2JhY2tlbmQvbG9naW4iO31zOjY6Il9mbGFzaCI7YToyOntzOjM6Im9sZCI7YTowOnt9czozOiJuZXciO2E6MDp7fX19',1678266664,'Greece','Athens','Android','Mobile','Safari Browser'),('bHf60VXBiiUSy3oghntOfUj5QPsiv8WQP0VMoZtz',NULL,'193.32.162.159','Mozilla/5.0 (Windows NT 10.0; Win64; x64) AppleWebKit/537.36 (KHTML, like Gecko) Chrome/90.0.4430.85 Safari/537.36 Edg/90.0.818.46','YToyOntzOjY6Il90b2tlbiI7czo0MDoiZnhHZloxejUyZTJCSDFQZUttMXFMMGRFTFpVbkxSRDB1d2IzeFZFaCI7czo2OiJfZmxhc2giO2E6Mjp7czozOiJvbGQiO2E6MDp7fXM6MzoibmV3IjthOjA6e319fQ==',1678267156,'Romania','','Windows 10','Computer','Chrome'),('H4zhmMEi8I2MMiGdGWhT5WlN4Rg2Q0s26GCrdtZv',NULL,'128.199.30.136','Mozilla/5.0 (Windows NT 10.0; Win64; x64) AppleWebKit/537.36 (KHTML, like Gecko) Chrome/108.0.0.0 Safari/537.36','YTozOntzOjY6Il90b2tlbiI7czo0MDoibXByckRLVlVWVU9nV1ExalpXSGo2UzBCTnpRSVJYMDAxUjVTVVFscCI7czo5OiJfcHJldmlvdXMiO2E6MTp7czozOiJ1cmwiO3M6MjA6Imh0dHA6Ly8xNzguMTI4LjQ5LjYxIjt9czo2OiJfZmxhc2giO2E6Mjp7czozOiJvbGQiO2E6MDp7fXM6MzoibmV3IjthOjA6e319fQ==',1678267584,'India','Bengaluru','Windows 10','Computer','Chrome'),('7QB87i6cu4B2DsGDitlksmxpdFWjScr3QbaVSe1i',NULL,'128.199.30.136','Mozilla/5.0 (Windows NT 10.0; Win64; x64) AppleWebKit/537.36 (KHTML, like Gecko) Chrome/108.0.0.0 Safari/537.36','YTozOntzOjY6Il90b2tlbiI7czo0MDoicXVPVUtiRlRlQmdjd09zUTkyVHZUV25sM2phTEZLRHVHcmFlVzlvUiI7czo5OiJfcHJldmlvdXMiO2E6MTp7czozOiJ1cmwiO3M6MzU6Imh0dHA6Ly8xNzguMTI4LjQ5LjYxL2NhdGVnb3JpZXMvbmV3Ijt9czo2OiJfZmxhc2giO2E6Mjp7czozOiJvbGQiO2E6MDp7fXM6MzoibmV3IjthOjA6e319fQ==',1678267584,'India','Bengaluru','Windows 10','Computer','Chrome'),('N8d5y2JmE5yjqKSSKURuPcf0XyMqvxNZLtWO0gd0',NULL,'143.244.41.219','Mozilla/5.0 (X11; OpenBSD i386) AppleWebKit/537.36 (KHTML, like Gecko) Chrome/36.0.1985.125 Safari/537.36','YToyOntzOjY6Il90b2tlbiI7czo0MDoibFNxTUk5bHc2cTFMNU1xQnFuTGlxVUI4aGF2VklJbDJIQ2VRckhOQiI7czo2OiJfZmxhc2giO2E6Mjp7czozOiJvbGQiO2E6MDp7fXM6MzoibmV3IjthOjA6e319fQ==',1678268910,'Netherlands','Amsterdam','Unknown OS Platform','Computer','Chrome'),('ttN4WaCiZw7jVOhu6e3DNZSO8Zeu6CU1OAxatIdg',NULL,'143.110.222.166','Mozilla/5.0 (iPhone; CPU iPhone OS 16_1 like Mac OS X) AppleWebKit/605.1.15 (KHTML, like Gecko) Version/16.1 Mobile/15E148 Safari/604.1','YTozOntzOjY6Il90b2tlbiI7czo0MDoia0R5S2JKblUwbEVLYmxwc002SlltMFczTzFEdldWcE9kVWxjQ1NFaCI7czo5OiJfcHJldmlvdXMiO2E6MTp7czozOiJ1cmwiO3M6MjA6Imh0dHA6Ly8xNzguMTI4LjQ5LjYxIjt9czo2OiJfZmxhc2giO2E6Mjp7czozOiJvbGQiO2E6MDp7fXM6MzoibmV3IjthOjA6e319fQ==',1678269827,'Canada','','iPhone','Mobile','Safari Browser'),('rKQzw6qvWHeiDMnsctVYKjfmpinEaKn4c97e4m74',NULL,'128.14.141.34','Mozilla/5.0 (Windows NT 10.0; Win64; x64) AppleWebKit/537.36 (KHTML, like Gecko) Chrome/60.0.3112.113 Safari/537.36','YTozOntzOjY6Il90b2tlbiI7czo0MDoiR1l3eDZiVnQwMDJKcm1vTkdOQmlLa0lVY3lPblRtRnI1dmx2Vk9kTyI7czo5OiJfcHJldmlvdXMiO2E6MTp7czozOiJ1cmwiO3M6MjA6Imh0dHA6Ly8xNzguMTI4LjQ5LjYxIjt9czo2OiJfZmxhc2giO2E6Mjp7czozOiJvbGQiO2E6MDp7fXM6MzoibmV3IjthOjA6e319fQ==',1678270844,'China','Shanghai','Windows 10','Computer','Chrome'),('2PsvNGKLgqcpfXaf0tuF1xxFPjG2BzsS6R4QqAIB',NULL,'128.14.141.34','Mozilla/5.0 (Windows NT 10.0; Win64; x64) AppleWebKit/537.36 (KHTML, like Gecko) Chrome/60.0.3112.113 Safari/537.36','YTozOntzOjY6Il90b2tlbiI7czo0MDoidzQ4Z1MxcXNkVFdGaFdKTVM1UHk0UTI2TTFPRXpTVVdncVBucEY4RyI7czo5OiJfcHJldmlvdXMiO2E6MTp7czozOiJ1cmwiO3M6MzU6Imh0dHA6Ly8xNzguMTI4LjQ5LjYxL2NhdGVnb3JpZXMvbmV3Ijt9czo2OiJfZmxhc2giO2E6Mjp7czozOiJvbGQiO2E6MDp7fXM6MzoibmV3IjthOjA6e319fQ==',1678270844,'China','Shanghai','Windows 10','Computer','Chrome'),('leON7X8QzLAKRnCXOkuNkNP2slH9nc5mAgXf39CV',NULL,'193.32.162.159','Mozilla/5.0 (Windows NT 10.0; Win64; x64) AppleWebKit/537.36 (KHTML, like Gecko) Chrome/90.0.4430.85 Safari/537.36 Edg/90.0.818.46','YToyOntzOjY6Il90b2tlbiI7czo0MDoiVXRFRlVyMXRxN01XWUsybFVUVTlLR1pPN3gxZUJlUGI5c1hjcXlscCI7czo2OiJfZmxhc2giO2E6Mjp7czozOiJvbGQiO2E6MDp7fXM6MzoibmV3IjthOjA6e319fQ==',1678271248,'Romania','','Windows 10','Computer','Chrome'),('tRRkB8hZUIDDZki4Nbc6x5HHZ6uUw7oHwJwNYbur',NULL,'143.110.222.166','Mozilla/5.0 (iPhone; CPU iPhone OS 16_1 like Mac OS X) AppleWebKit/605.1.15 (KHTML, like Gecko) Version/16.1 Mobile/15E148 Safari/604.1','YTozOntzOjY6Il90b2tlbiI7czo0MDoiUUk3SWczSUhpRmM5d1A4dVhnaFdaOFBxY2N4S1YxS0xrcWFpYnd6UiI7czo5OiJfcHJldmlvdXMiO2E6MTp7czozOiJ1cmwiO3M6MjA6Imh0dHA6Ly8xNzguMTI4LjQ5LjYxIjt9czo2OiJfZmxhc2giO2E6Mjp7czozOiJvbGQiO2E6MDp7fXM6MzoibmV3IjthOjA6e319fQ==',1678273237,'Canada','','iPhone','Mobile','Safari Browser'),('fMHjzqrEg7qDmf0q5Qxk4Qx4Rxz73QQSOi3xeeel',1,'87.203.91.74','Mozilla/5.0 (Linux; Android 10; Redmi Note 7) AppleWebKit/537.36 (KHTML, like Gecko) Chrome/110.0.0.0 Mobile Safari/537.36','YTo0OntzOjY6Il90b2tlbiI7czo0MDoiaHVsRmRMY2FzQkE1TllWWHFiVGVlUFB4am1oalFlc0xFM3Y0YzRuaiI7czo5OiJfcHJldmlvdXMiO2E6MTp7czozOiJ1cmwiO3M6MzY6Imh0dHA6Ly8xNzguMTI4LjQ5LjYxL2JhY2tlbmQvc3VwcG9ydCI7fXM6NjoiX2ZsYXNoIjthOjI6e3M6Mzoib2xkIjthOjA6e31zOjM6Im5ldyI7YTowOnt9fXM6NTA6ImxvZ2luX3dlYl81OWJhMzZhZGRjMmIyZjk0MDE1ODBmMDE0YzdmNThlYTRlMzA5ODlkIjtpOjE7fQ==',1678273774,'Greece','Athens','Android','Mobile','Safari Browser'),('mqCnMVS1U5JuMvpVuEtjUG90nMySVTOhv77f2Ki0',NULL,'94.102.51.9','masscan/1.3 (https://github.com/robertdavidgraham/masscan)','YTozOntzOjY6Il90b2tlbiI7czo0MDoiTDBBOFBNMnVpeDNIZ2JLVG9VVDk4dHgyaHJCTnlGUUhEbDFEQlNlSCI7czo5OiJfcHJldmlvdXMiO2E6MTp7czozOiJ1cmwiO3M6MTQ6Imh0dHA6Ly95ZXMuYmV0Ijt9czo2OiJfZmxhc2giO2E6Mjp7czozOiJvbGQiO2E6MDp7fXM6MzoibmV3IjthOjA6e319fQ==',1678275533,'Netherlands','Amsterdam','Unknown OS Platform','Computer','Unknown Browser'),('mF8ApOIgwVdZpNzqcYIalYDSUG8aftMODEw8Js4z',NULL,'157.230.99.133','FooBarTest','YTozOntzOjY6Il90b2tlbiI7czo0MDoiTFZucWM1MGYwMGpPbFphN0FXelQ2bEVLOVV1TDBWdDNDNFFVcDR0MiI7czo5OiJfcHJldmlvdXMiO2E6MTp7czozOiJ1cmwiO3M6Mjg6Imh0dHA6Ly90ZXN0LmdldHByb3h5bGlzdC5jb20iO31zOjY6Il9mbGFzaCI7YToyOntzOjM6Im9sZCI7YTowOnt9czozOiJuZXciO2E6MDp7fX19',1678277289,'Germany','Frankfurt am Main','Unknown OS Platform','Computer','Unknown Browser'),('5O6Z4gjRRrJ8CXRZ33YyP9xlsyU3368bP84PKPaH',NULL,'143.110.222.166','Mozilla/5.0 (iPhone; CPU iPhone OS 16_1 like Mac OS X) AppleWebKit/605.1.15 (KHTML, like Gecko) Version/16.1 Mobile/15E148 Safari/604.1','YTozOntzOjY6Il90b2tlbiI7czo0MDoiWUtRWVZxczFvQmRrbWRqVEtodUduN3A1VkpzNTlHRHhiR3VjV1h3cCI7czo5OiJfcHJldmlvdXMiO2E6MTp7czozOiJ1cmwiO3M6MjA6Imh0dHA6Ly8xNzguMTI4LjQ5LjYxIjt9czo2OiJfZmxhc2giO2E6Mjp7czozOiJvbGQiO2E6MDp7fXM6MzoibmV3IjthOjA6e319fQ==',1678277385,'Canada','','iPhone','Mobile','Safari Browser'),('1mdfzhGa0GBSHeThOqdMHGDyey2Y6sc7HbwhOvw2',NULL,'74.235.109.126','Mozilla/5.0 (Windows NT 6.1; WOW64) AppleWebKit/537.36 (KHTML, like Gecko) Chrome/63.0.3450.81 Safari/537.36','YTozOntzOjY6Il90b2tlbiI7czo0MDoieVJVSk5uY0l4U25icTNPUDF5Z2RmZVlMdFk1bkE2S2t1b1RmblFxeSI7czo5OiJfcHJldmlvdXMiO2E6MTp7czozOiJ1cmwiO3M6NDA6Imh0dHA6Ly8xNzguMTI4LjQ5LjYxLmRzbC5keW4uZm9ydGhuZXQuZ3IiO31zOjY6Il9mbGFzaCI7YToyOntzOjM6Im9sZCI7YTowOnt9czozOiJuZXciO2E6MDp7fX19',1678279732,'United States','Charlotte','Windows 7','Computer','Chrome'),('ATgphhayjfUWQce9C0U5O0dlV8BCaxgcPNGwR2bn',NULL,'94.102.51.9','masscan/1.3 (https://github.com/robertdavidgraham/masscan)','YTozOntzOjY6Il90b2tlbiI7czo0MDoiTDdCekhYYjM2b0x2QVdjbWo3NGNOdVJKSEFSZ0tyaVFSSnQwZ1JzQyI7czo5OiJfcHJldmlvdXMiO2E6MTp7czozOiJ1cmwiO3M6MTU6Imh0dHA6Ly9ldmUxLmJldCI7fXM6NjoiX2ZsYXNoIjthOjI6e3M6Mzoib2xkIjthOjA6e31zOjM6Im5ldyI7YTowOnt9fX0=',1678280709,'Netherlands','Amsterdam','Unknown OS Platform','Computer','Unknown Browser'),('UrDuOpsCyQqheCiADzu67M9rZnC5XODYc7IpfNRE',NULL,'143.110.222.166','Mozilla/5.0 (iPhone; CPU iPhone OS 16_1 like Mac OS X) AppleWebKit/605.1.15 (KHTML, like Gecko) Version/16.1 Mobile/15E148 Safari/604.1','YTozOntzOjY6Il90b2tlbiI7czo0MDoiTENqRVU0a2ZuMDdoY1hJaDk0SWR0bm9UOEZCWDlWcG5LVEdhaHlEayI7czo5OiJfcHJldmlvdXMiO2E6MTp7czozOiJ1cmwiO3M6MjA6Imh0dHA6Ly8xNzguMTI4LjQ5LjYxIjt9czo2OiJfZmxhc2giO2E6Mjp7czozOiJvbGQiO2E6MDp7fXM6MzoibmV3IjthOjA6e319fQ==',1678280972,'Canada','','iPhone','Mobile','Safari Browser'),('7YDPc3AgN5IphOfr15bZ8ioCYNJGkEnSpJLzlucq',NULL,'47.88.101.3','Mozilla/5.0 (Linux; Android 10; LIO-AN00 Build/HUAWEILIO-AN00; wv) AppleWebKit/537.36 (KHTML, like Gecko) Chrome/103.0.5060.114 Mobile Safari/537.36','YTozOntzOjY6Il90b2tlbiI7czo0MDoiNEFsRTlnRmlqWnBjWGpwZXRLdnJtWERZZ0NodEFyOFBpWHFOejFpUyI7czo5OiJfcHJldmlvdXMiO2E6MTp7czozOiJ1cmwiO3M6MjA6Imh0dHA6Ly8xNzguMTI4LjQ5LjYxIjt9czo2OiJfZmxhc2giO2E6Mjp7czozOiJvbGQiO2E6MDp7fXM6MzoibmV3IjthOjA6e319fQ==',1678284222,'United States','San Mateo','Android','Mobile','Safari Browser'),('53QZEpm2oUVJVWKwGXgmTHmu76vybjkPS2CT62en',NULL,'47.88.101.3','Mozilla/5.0 (Linux; Android 10; LIO-AN00 Build/HUAWEILIO-AN00; wv) AppleWebKit/537.36 (KHTML, like Gecko) Chrome/103.0.5060.114 Mobile Safari/537.36','YTozOntzOjY6Il90b2tlbiI7czo0MDoiTU9tTzFKUlNsTFRETWRWN3ZrQjJiZ0VkVXE4ZVNLcmQwbWJMY2VkOSI7czo5OiJfcHJldmlvdXMiO2E6MTp7czozOiJ1cmwiO3M6MzU6Imh0dHA6Ly8xNzguMTI4LjQ5LjYxL2NhdGVnb3JpZXMvbmV3Ijt9czo2OiJfZmxhc2giO2E6Mjp7czozOiJvbGQiO2E6MDp7fXM6MzoibmV3IjthOjA6e319fQ==',1678284222,'United States','San Mateo','Android','Mobile','Safari Browser'),('N5TQfYiSdUOgGipAbVtUhBjrZByQaO0GEAJtdh7K',NULL,'143.110.222.166','Mozilla/5.0 (iPhone; CPU iPhone OS 16_1 like Mac OS X) AppleWebKit/605.1.15 (KHTML, like Gecko) Version/16.1 Mobile/15E148 Safari/604.1','YTozOntzOjY6Il90b2tlbiI7czo0MDoiNlEyRVN3YkY0ZTdoT1ZCSWpoNjA2ZHZEdks3V1hsalpsNTFtMnlFaSI7czo5OiJfcHJldmlvdXMiO2E6MTp7czozOiJ1cmwiO3M6MjA6Imh0dHA6Ly8xNzguMTI4LjQ5LjYxIjt9czo2OiJfZmxhc2giO2E6Mjp7czozOiJvbGQiO2E6MDp7fXM6MzoibmV3IjthOjA6e319fQ==',1678284785,'Canada','','iPhone','Mobile','Safari Browser'),('W6fxGEnGQuAmXAFgiZvicvFUJICUuxwy2snLF2aj',NULL,'101.68.211.2','Mozilla/5.0 (Macintosh; Intel Mac OS X 10.11; rv:47.0) Gecko/20100101 Firefox/47.0','YTozOntzOjY6Il90b2tlbiI7czo0MDoiWDd5eXIxWmJkblRDSFdyZHJIblRVRXRRZmFwQkRYRmxYc2JzcnZ1bSI7czo5OiJfcHJldmlvdXMiO2E6MTp7czozOiJ1cmwiO3M6NDA6Imh0dHA6Ly8xNzguMTI4LjQ5LjYxLmRzbC5keW4uZm9ydGhuZXQuZ3IiO31zOjY6Il9mbGFzaCI7YToyOntzOjM6Im9sZCI7YTowOnt9czozOiJuZXciO2E6MDp7fX19',1678286682,'China','Jiaxing','Mac OS X','Computer','Firefox'),('r5AXxNcZ6GydpozFjhZnQknojpDEeYo8EZnKRMMq',1,'46.12.58.19','Mozilla/5.0 (Linux; Android 10; Redmi Note 7) AppleWebKit/537.36 (KHTML, like Gecko) Chrome/110.0.0.0 Mobile Safari/537.36','YTozOntzOjY6Il90b2tlbiI7czo0MDoiRUhTWlZKSkxwc0ZkcnJlVHRHa3Nmb0JNdXlaTFZ1a2d3S2I5cGw3USI7czo1MDoibG9naW5fd2ViXzU5YmEzNmFkZGMyYjJmOTQwMTU4MGYwMTRjN2Y1OGVhNGUzMDk4OWQiO2k6MTtzOjY6Il9mbGFzaCI7YToyOntzOjM6Im9sZCI7YTowOnt9czozOiJuZXciO2E6MDp7fX19',1678286147,'Greece','Thessaloniki','Android','Mobile','Safari Browser'),('MqPReC22HqrsVTMIEUhHXp8auGfkWJEELTTbsXoN',1,'46.12.58.19','Mozilla/5.0 (Linux; Android 10; Redmi Note 7) AppleWebKit/537.36 (KHTML, like Gecko) Chrome/110.0.0.0 Mobile Safari/537.36','YTozOntzOjY6Il90b2tlbiI7czo0MDoiQWFBNkN6VkRicUNEUkd6YzZHOU1FejFTcGNlNExWQ1hSNTVta2U1YSI7czo1MDoibG9naW5fd2ViXzU5YmEzNmFkZGMyYjJmOTQwMTU4MGYwMTRjN2Y1OGVhNGUzMDk4OWQiO2k6MTtzOjY6Il9mbGFzaCI7YToyOntzOjM6Im9sZCI7YTowOnt9czozOiJuZXciO2E6MDp7fX19',1678286147,'Greece','Thessaloniki','Android','Mobile','Safari Browser'),('nuUmYJ1Wjj8uvSRaFLJO6Fl87yEYM3JqCejlseyU',1,'46.12.58.19','Mozilla/5.0 (Linux; Android 10; Redmi Note 7) AppleWebKit/537.36 (KHTML, like Gecko) Chrome/110.0.0.0 Mobile Safari/537.36','YTo0OntzOjY6Il90b2tlbiI7czo0MDoiWUhDRzI5b0Jtbmhsd2paSEpUQXlYQVZiSGY4aW05dEVQbTQ5ZHYxcCI7czo5OiJfcHJldmlvdXMiO2E6MTp7czozOiJ1cmwiO3M6MzQ6Imh0dHA6Ly8xNzguMTI4LjQ5LjYxL2JhY2tlbmQvbG9naW4iO31zOjY6Il9mbGFzaCI7YToyOntzOjM6Im9sZCI7YTowOnt9czozOiJuZXciO2E6MDp7fX1zOjEwOiJmcmVlVXNlcklEIjtpOjA7fQ==',1678286695,'Greece','Thessaloniki','Android','Mobile','Safari Browser'),('UG4vE9D9kweiUQFCUOzSLj5jLydCo3utewfYpetm',NULL,'183.14.91.77','Mozilla/5.0 (Windows NT 10.0; Win64; x64) AppleWebKit/537.36 (KHTML, like Gecko) Chrome/109.0.0.0 Safari/537.36','YTozOntzOjY6Il90b2tlbiI7czo0MDoiYWVqSVd0cXBTR0FMdEhBRDRvWkI5WVFVbTlEN1dRWHNZOEZPMzcxRSI7czo5OiJfcHJldmlvdXMiO2E6MTp7czozOiJ1cmwiO3M6NDc6Imh0dHA6Ly8xNzgtMTI4LTQ5LTYxLmNwcmFwaWQuY29tL2NhdGVnb3JpZXMvbmV3Ijt9czo2OiJfZmxhc2giO2E6Mjp7czozOiJvbGQiO2E6MDp7fXM6MzoibmV3IjthOjA6e319fQ==',1678286505,'China','Shenzhen','Windows 10','Computer','Chrome'),('PYIultuVtTIAFILkwy33r6xhOUwY2C6bVzx47Buu',NULL,'101.68.211.2','Mozilla/5.0 (Macintosh; Intel Mac OS X 10.11; rv:47.0) Gecko/20100101 Firefox/47.0','YTozOntzOjY6Il90b2tlbiI7czo0MDoicjN1Y1RwWVEzMjMzTENKMjBhZHF2bUJsYkZGeWtZYm5abDdjSzVONSI7czo5OiJfcHJldmlvdXMiO2E6MTp7czozOiJ1cmwiO3M6NTU6Imh0dHA6Ly8xNzguMTI4LjQ5LjYxLmRzbC5keW4uZm9ydGhuZXQuZ3IvY2F0ZWdvcmllcy9uZXciO31zOjY6Il9mbGFzaCI7YToyOntzOjM6Im9sZCI7YTowOnt9czozOiJuZXciO2E6MDp7fX19',1678286684,'China','Jiaxing','Mac OS X','Computer','Firefox'),('970YjXSeb4ECZsqhh86RVIfuez9bPjj6EpttMQAP',1,'46.12.58.19','Mozilla/5.0 (Linux; Android 10; Redmi Note 7) AppleWebKit/537.36 (KHTML, like Gecko) Chrome/110.0.0.0 Mobile Safari/537.36','YTozOntzOjY6Il90b2tlbiI7czo0MDoiaUNQdVo1VUZDcXdPRHRxVWJGWTZaVzZoZFJxNWZyMDY4eFlScEh4eCI7czo5OiJfcHJldmlvdXMiO2E6MTp7czozOiJ1cmwiO3M6NDA6Imh0dHA6Ly9yYXdwbGF5Y2FzaW5vLmNvLnVrL2JhY2tlbmQvbG9naW4iO31zOjY6Il9mbGFzaCI7YToyOntzOjM6Im9sZCI7YTowOnt9czozOiJuZXciO2E6MDp7fX19',1678287102,'Greece','Thessaloniki','Android','Mobile','Safari Browser'),('uHh0m7LS6AZCyU5IpNo8MaIhNQQFEkhqon8Q8tZ8',1,'46.12.58.19','Mozilla/5.0 (Linux; Android 10; Redmi Note 7) AppleWebKit/537.36 (KHTML, like Gecko) Chrome/110.0.0.0 Mobile Safari/537.36','YTozOntzOjY6Il90b2tlbiI7czo0MDoiaXNMalV5ak5WM1c4V0JUcE9Fa2M2Nm5ZeVFYV1NqdFVxaUdUR2pOOCI7czo1MDoibG9naW5fd2ViXzU5YmEzNmFkZGMyYjJmOTQwMTU4MGYwMTRjN2Y1OGVhNGUzMDk4OWQiO2k6MTtzOjY6Il9mbGFzaCI7YToyOntzOjM6Im9sZCI7YTowOnt9czozOiJuZXciO2E6MDp7fX19',1678286992,'Greece','Thessaloniki','Android','Mobile','Safari Browser'),('5rrnWfrjwjgyR4vAUyJJMTdIx1g9pjTVWIkJ6fmJ',NULL,'193.32.162.159','Mozilla/5.0 (Windows NT 10.0; Win64; x64) AppleWebKit/537.36 (KHTML, like Gecko) Chrome/90.0.4430.85 Safari/537.36 Edg/90.0.818.46','YToyOntzOjY6Il90b2tlbiI7czo0MDoibGxnSWR5ZkY1cVBjamQ5M2pVQVJFVHVsQ2pzdzROUU15TldaaVFhMCI7czo2OiJfZmxhc2giO2E6Mjp7czozOiJvbGQiO2E6MDp7fXM6MzoibmV3IjthOjA6e319fQ==',1678286820,'Romania','','Windows 10','Computer','Chrome'),('3yhW80ld7DwpNOn6lUz8C83qMhG86OpYdjY5Kfx8',NULL,'143.110.222.166','Mozilla/5.0 (iPhone; CPU iPhone OS 16_1 like Mac OS X) AppleWebKit/605.1.15 (KHTML, like Gecko) Version/16.1 Mobile/15E148 Safari/604.1','YTozOntzOjY6Il90b2tlbiI7czo0MDoiQjNHM0FUeHFSTlU1TTBObThUd3ZSYldYTWhxM3ZYTHpWUmdFUFJSMSI7czo5OiJfcHJldmlvdXMiO2E6MTp7czozOiJ1cmwiO3M6MjA6Imh0dHA6Ly8xNzguMTI4LjQ5LjYxIjt9czo2OiJfZmxhc2giO2E6Mjp7czozOiJvbGQiO2E6MDp7fXM6MzoibmV3IjthOjA6e319fQ==',1678287783,'Canada','','iPhone','Mobile','Safari Browser'),('ZGnZgEKENHzH0pggSzH3cODP2gS20fANEmZgkixM',NULL,'217.138.221.246','Mozilla/5.0 (Windows NT 10.0; Win64; x64) AppleWebKit/537.36 (KHTML, like Gecko) Chrome/110.0.0.0 Safari/537.36','YTozOntzOjY6Il90b2tlbiI7czo0MDoiamJrM0g4V09lQ3BlQXM2SlpNQnpuSmpCN05hYUJvWjJzTkI0VmZ0YyI7czo5OiJfcHJldmlvdXMiO2E6MTp7czozOiJ1cmwiO3M6NDc6Imh0dHA6Ly8xNzgtMTI4LTQ5LTYxLmNwcmFwaWQuY29tL2NhdGVnb3JpZXMvbmV3Ijt9czo2OiJfZmxhc2giO2E6Mjp7czozOiJvbGQiO2E6MDp7fXM6MzoibmV3IjthOjA6e319fQ==',1678287808,'Bulgaria','Sofia','Windows 10','Computer','Chrome'),('Bg2IgMBXJmeE1XWKXBQxbIUbUKoj8aDlfYJtdL7V',NULL,'193.32.162.159','Mozilla/5.0 (Windows NT 10.0; Win64; x64) AppleWebKit/537.36 (KHTML, like Gecko) Chrome/90.0.4430.85 Safari/537.36 Edg/90.0.818.46','YToyOntzOjY6Il90b2tlbiI7czo0MDoiUTFMVFNFZDhpRDVLUG5FMXhobWczRWI5S3VXUzZ6TnJFaEdQc28wSyI7czo2OiJfZmxhc2giO2E6Mjp7czozOiJvbGQiO2E6MDp7fXM6MzoibmV3IjthOjA6e319fQ==',1678290926,'Romania','','Windows 10','Computer','Chrome'),('JwYQNysFQGIKT5ba8Ur7AmAPLOp06SRPOTawE75b',NULL,'143.110.222.166','Mozilla/5.0 (iPhone; CPU iPhone OS 16_1 like Mac OS X) AppleWebKit/605.1.15 (KHTML, like Gecko) Version/16.1 Mobile/15E148 Safari/604.1','YTozOntzOjY6Il90b2tlbiI7czo0MDoiOXU1RTI2ZmpYTGZDQ1dIUWFNOFZVQjEwVEdZWjliSUZTMm5IZzVseSI7czo5OiJfcHJldmlvdXMiO2E6MTp7czozOiJ1cmwiO3M6MjA6Imh0dHA6Ly8xNzguMTI4LjQ5LjYxIjt9czo2OiJfZmxhc2giO2E6Mjp7czozOiJvbGQiO2E6MDp7fXM6MzoibmV3IjthOjA6e319fQ==',1678292115,'Canada','','iPhone','Mobile','Safari Browser'),('kwZG3C91NMLkwjUHGrquNJo9fE0B0aQ0QnvMPouk',NULL,'45.61.188.225','Mozilla/5.0 (X11; Ubuntu; Linux x86_64; rv:71.0) Gecko/20100101 Firefox/71.0','YTozOntzOjY6Il90b2tlbiI7czo0MDoiWm9FaUVNYUY1Z0VRQmdhenluMFVhUzVKbjlNWjhrcmJBQTZqOEpPTiI7czo5OiJfcHJldmlvdXMiO2E6MTp7czozOiJ1cmwiO3M6MjA6Imh0dHA6Ly8xNzguMTI4LjQ5LjYxIjt9czo2OiJfZmxhc2giO2E6Mjp7czozOiJvbGQiO2E6MDp7fXM6MzoibmV3IjthOjA6e319fQ==',1678292189,'United States','','Ubuntu','Computer','Firefox'),('6WFzrTPSo47ehjUUc1XW5OeSjla5XmLJemJFkG7N',NULL,'94.102.51.9','masscan/1.3 (https://github.com/robertdavidgraham/masscan)','YTozOntzOjY6Il90b2tlbiI7czo0MDoieUJwVjN4WlpreVo0Z0NIQXY2eDRtZ3ZjSXNnbkFwRGFlTEVibFlCViI7czo5OiJfcHJldmlvdXMiO2E6MTp7czozOiJ1cmwiO3M6MTc6Imh0dHA6Ly9hYmE2MjYuY29tIjt9czo2OiJfZmxhc2giO2E6Mjp7czozOiJvbGQiO2E6MDp7fXM6MzoibmV3IjthOjA6e319fQ==',1678292665,'Netherlands','Amsterdam','Unknown OS Platform','Computer','Unknown Browser'),('3BUKLqwIy2Vnvp3LY7usnzNVL95Arzx4KrQuPx0G',NULL,'54.213.253.156','Mozilla/5.0 (X11; Linux x86_64) AppleWebKit/537.36 (KHTML, like Gecko) Chrome/83.0.4103.97 Safari/537.36','YTozOntzOjY6Il90b2tlbiI7czo0MDoiRnczcGdMS2hnN0dld0RLSjh0UThzcnhMN2l0Q2tCZ3BSVG5Va25WVSI7czo5OiJfcHJldmlvdXMiO2E6MTp7czozOiJ1cmwiO3M6MjY6Imh0dHA6Ly9yYXdwbGF5Y2FzaW5vLmNvLnVrIjt9czo2OiJfZmxhc2giO2E6Mjp7czozOiJvbGQiO2E6MDp7fXM6MzoibmV3IjthOjA6e319fQ==',1678296358,'United States','Boardman','Linux','Computer','Chrome'),('GGEycxG62c5eQ3oHsC91FnhXSET08QLb4QWaLCVC',NULL,'54.213.253.156','Mozilla/5.0 (X11; Linux x86_64) AppleWebKit/537.36 (KHTML, like Gecko) Chrome/83.0.4103.97 Safari/537.36','YTozOntzOjY6Il90b2tlbiI7czo0MDoiY0NYd2YzelhDTmlhdld1c3VwVmN3ZkplbGFiU3pXaXhTYlE1RnR0YiI7czo5OiJfcHJldmlvdXMiO2E6MTp7czozOiJ1cmwiO3M6NDE6Imh0dHA6Ly9yYXdwbGF5Y2FzaW5vLmNvLnVrL2NhdGVnb3JpZXMvbmV3Ijt9czo2OiJfZmxhc2giO2E6Mjp7czozOiJvbGQiO2E6MDp7fXM6MzoibmV3IjthOjA6e319fQ==',1678296358,'United States','Boardman','Linux','Computer','Chrome'),('BUxHkJH1C3MiSmLts8CC3NaPr6G4orIvbP6AAPsY',21,'31.152.147.143','Mozilla/5.0 (Linux; Android 10; Redmi Note 7) AppleWebKit/537.36 (KHTML, like Gecko) Chrome/110.0.0.0 Mobile Safari/537.36','YTo0OntzOjY6Il90b2tlbiI7czo0MDoieXBXQmMxdngxbk9FTDhwSnlEa1QxZmE2cVlyWmEwWlVXaWhpeU5QdSI7czo5OiJfcHJldmlvdXMiO2E6MTp7czozOiJ1cmwiO3M6MzU6Imh0dHA6Ly8xNzguMTI4LjQ5LjYxL2NhdGVnb3JpZXMvbmV3Ijt9czo2OiJfZmxhc2giO2E6Mjp7czozOiJvbGQiO2E6MDp7fXM6MzoibmV3IjthOjA6e319czo1MDoibG9naW5fd2ViXzU5YmEzNmFkZGMyYjJmOTQwMTU4MGYwMTRjN2Y1OGVhNGUzMDk4OWQiO2k6MjE7fQ==',1678296262,'Greece','Thessaloniki','Android','Mobile','Safari Browser'),('6eDwWU48sVhU9ymFsTdpolGJcKlyTqT8TUDXxLPV',NULL,'94.102.51.9','masscan/1.3 (https://github.com/robertdavidgraham/masscan)','YTozOntzOjY6Il90b2tlbiI7czo0MDoiSjhGMGdZSllYaERZSm9tVXpwOEhqNFU0andHV3JKYUMxRHlLNm5qSCI7czo5OiJfcHJldmlvdXMiO2E6MTp7czozOiJ1cmwiO3M6Mjg6Imh0dHA6Ly9hcGkuc3VwcG9ydC1zYW5haS5iZXQiO31zOjY6Il9mbGFzaCI7YToyOntzOjM6Im9sZCI7YTowOnt9czozOiJuZXciO2E6MDp7fX19',1678296895,'Netherlands','Amsterdam','Unknown OS Platform','Computer','Unknown Browser'),('OT2E00TFWVGqtJrdI5qt1CUaGHDve5MRrG56vqF3',NULL,'143.110.222.166','Mozilla/5.0 (iPhone; CPU iPhone OS 16_1 like Mac OS X) AppleWebKit/605.1.15 (KHTML, like Gecko) Version/16.1 Mobile/15E148 Safari/604.1','YTozOntzOjY6Il90b2tlbiI7czo0MDoieDhNNXhtRUFYRGNXYmZEaEFCZ3pabEJEUkl1Z2hJR0Q2RGpKOXhNVyI7czo5OiJfcHJldmlvdXMiO2E6MTp7czozOiJ1cmwiO3M6MjA6Imh0dHA6Ly8xNzguMTI4LjQ5LjYxIjt9czo2OiJfZmxhc2giO2E6Mjp7czozOiJvbGQiO2E6MDp7fXM6MzoibmV3IjthOjA6e319fQ==',1678298974,'Canada','','iPhone','Mobile','Safari Browser'),('XuXePsbWjPCinzkOM0Rqqmi5wxnL0i25rEgsZmbU',NULL,'193.32.162.159','Mozilla/5.0 (Windows NT 10.0; Win64; x64) AppleWebKit/537.36 (KHTML, like Gecko) Chrome/90.0.4430.85 Safari/537.36 Edg/90.0.818.46','YToyOntzOjY6Il90b2tlbiI7czo0MDoiZWFEUk12UTRrVkJ0SGI2dEpSa3NyQ1dZYmREY3FRZlJkdnQyMm9YSCI7czo2OiJfZmxhc2giO2E6Mjp7czozOiJvbGQiO2E6MDp7fXM6MzoibmV3IjthOjA6e319fQ==',1678299168,'Romania','','Windows 10','Computer','Chrome'),('yXSTrG1dixqtN0R2UWJQE7lckuAE9fGifjJ6hNkn',NULL,'157.230.99.127','FooBarTest','YTozOntzOjY6Il90b2tlbiI7czo0MDoiblpiT28wSXlTdDBmS3RUdDNEMkpiaUpvM242Yzdtc1VlWXpzTW1HYyI7czo5OiJfcHJldmlvdXMiO2E6MTp7czozOiJ1cmwiO3M6Mjg6Imh0dHA6Ly90ZXN0LmdldHByb3h5bGlzdC5jb20iO31zOjY6Il9mbGFzaCI7YToyOntzOjM6Im9sZCI7YTowOnt9czozOiJuZXciO2E6MDp7fX19',1678299429,'Germany','Frankfurt am Main','Unknown OS Platform','Computer','Unknown Browser'),('FTkDnThUHstptQZxaQfPAKQlvllJdJyJRN39AR8P',NULL,'101.32.97.232','\'Mozilla/5.0','YTozOntzOjY6Il90b2tlbiI7czo0MDoidkJJalFxRU8wV2w2a3JCSVl4cDJxVnlaWGlwOGI1RmZvT1VnQzVvZCI7czo5OiJfcHJldmlvdXMiO2E6MTp7czozOiJ1cmwiO3M6MjA6Imh0dHA6Ly8xNzguMTI4LjQ5LjYxIjt9czo2OiJfZmxhc2giO2E6Mjp7czozOiJvbGQiO2E6MDp7fXM6MzoibmV3IjthOjA6e319fQ==',1678301947,'Japan','Tokyo','Unknown OS Platform','Computer','Unknown Browser'),('HT7mkWRSBUXCo6507E694lGidlNZPsQgq0E3F928',NULL,'54.226.12.61','Mozilla/5.0 (Windows NT 10.0; Win64; x64) AppleWebKit/537.36 (KHTML, like Gecko) Chrome/88.0.4240.193 Safari/537.36','YTozOntzOjY6Il90b2tlbiI7czo0MDoiMkg4bWVLMm56UEJnN3l5eTVzU1ZMUElobElFTTIxeXhEYm01MzdRTiI7czo5OiJfcHJldmlvdXMiO2E6MTp7czozOiJ1cmwiO3M6MzU6Imh0dHA6Ly8xNzguMTI4LjQ5LjYxL2NhdGVnb3JpZXMvbmV3Ijt9czo2OiJfZmxhc2giO2E6Mjp7czozOiJvbGQiO2E6MDp7fXM6MzoibmV3IjthOjA6e319fQ==',1678301969,'United States','Ashburn','Windows 10','Computer','Chrome'),('6PLnWXJSCmW2KWiVgc1Qrq56hSXxCKONWbx1bKJd',NULL,'143.110.222.166','Mozilla/5.0 (iPhone; CPU iPhone OS 16_1 like Mac OS X) AppleWebKit/605.1.15 (KHTML, like Gecko) Version/16.1 Mobile/15E148 Safari/604.1','YTozOntzOjY6Il90b2tlbiI7czo0MDoiMGVGZWRqWExUUXNlMDRGeHlyR2t4QWVrUWlMdUxBbkhiaUNvMzNzbSI7czo5OiJfcHJldmlvdXMiO2E6MTp7czozOiJ1cmwiO3M6MjA6Imh0dHA6Ly8xNzguMTI4LjQ5LjYxIjt9czo2OiJfZmxhc2giO2E6Mjp7czozOiJvbGQiO2E6MDp7fXM6MzoibmV3IjthOjA6e319fQ==',1678302321,'Canada','','iPhone','Mobile','Safari Browser'),('mr3jkuYFFdlLEoSnuqh5TE8x0NcNPHBlwc5bpr5I',NULL,'193.32.162.159','Mozilla/5.0 (Windows NT 10.0; Win64; x64) AppleWebKit/537.36 (KHTML, like Gecko) Chrome/90.0.4430.85 Safari/537.36 Edg/90.0.818.46','YToyOntzOjY6Il90b2tlbiI7czo0MDoiRG1rSlNRSExJaGdWeDFQb3ZSNXFmYUJEdTNxM2w5OXNGeWhNSzcwYyI7czo2OiJfZmxhc2giO2E6Mjp7czozOiJvbGQiO2E6MDp7fXM6MzoibmV3IjthOjA6e319fQ==',1678305339,'Romania','','Windows 10','Computer','Chrome'),('Smly7SMC2aS5T18lIPg6OBx5Lwc4qsdP4fPEF9GU',NULL,'143.110.222.166','Mozilla/5.0 (iPhone; CPU iPhone OS 16_1 like Mac OS X) AppleWebKit/605.1.15 (KHTML, like Gecko) Version/16.1 Mobile/15E148 Safari/604.1','YTozOntzOjY6Il90b2tlbiI7czo0MDoiaFd4Rk51YmdYbTE3VnhsblhsbEl1clVqRzA4V0pVTnNzY1hBM1JTSCI7czo5OiJfcHJldmlvdXMiO2E6MTp7czozOiJ1cmwiO3M6MjA6Imh0dHA6Ly8xNzguMTI4LjQ5LjYxIjt9czo2OiJfZmxhc2giO2E6Mjp7czozOiJvbGQiO2E6MDp7fXM6MzoibmV3IjthOjA6e319fQ==',1678306522,'Canada','','iPhone','Mobile','Safari Browser'),('ZdkDnEZWJzgWRIHxdCVj3HcvUlNsrzSFf28ebhBF',NULL,'179.43.177.242','Hello World','YTozOntzOjY6Il90b2tlbiI7czo0MDoiQzFBNWhvc0R5YnJpSm5lV0E0UmQ5SGhPRGhIWjVxNXVXRjkwczdTMSI7czo5OiJfcHJldmlvdXMiO2E6MTp7czozOiJ1cmwiO3M6MjA6Imh0dHA6Ly8xNzguMTI4LjQ5LjYxIjt9czo2OiJfZmxhc2giO2E6Mjp7czozOiJvbGQiO2E6MDp7fXM6MzoibmV3IjthOjA6e319fQ==',1678306600,'Switzerland','Zurich','Unknown OS Platform','Computer','Unknown Browser'),('VOIkukvXbAEds6ThLzyNWkuPntixLZH8QqRgORrP',NULL,'193.32.162.159','Mozilla/5.0 (Windows NT 10.0; Win64; x64) AppleWebKit/537.36 (KHTML, like Gecko) Chrome/90.0.4430.85 Safari/537.36 Edg/90.0.818.46','YToyOntzOjY6Il90b2tlbiI7czo0MDoiTTlsVU5pSEtFUEFMeUk0VjJJR0Z6QnhEdmYwZEtPOW1yT3pyQldSaCI7czo2OiJfZmxhc2giO2E6Mjp7czozOiJvbGQiO2E6MDp7fXM6MzoibmV3IjthOjA6e319fQ==',1678310595,'Romania','','Windows 10','Computer','Chrome'),('hVsrfHJxhrPVAXhYyMOhQlVJQIxXipTyQufa8Of8',1,'46.12.58.19','Mozilla/5.0 (Windows NT 10.0; Win64; x64) AppleWebKit/537.36 (KHTML, like Gecko) Chrome/110.0.0.0 Safari/537.36','YTo1OntzOjY6Il90b2tlbiI7czo0MDoidTB5V1NjYVlzQjJncUd6dkI1TGNuVm15RnpaNWZwaVdCbm9RY2tzaSI7czo5OiJfcHJldmlvdXMiO2E6MTp7czozOiJ1cmwiO3M6MzQ6Imh0dHA6Ly8xNzguMTI4LjQ5LjYxL2JhY2tlbmQvc2hvcHMiO31zOjY6Il9mbGFzaCI7YToyOntzOjM6Im9sZCI7YTowOnt9czozOiJuZXciO2E6MDp7fX1zOjUwOiJsb2dpbl93ZWJfNTliYTM2YWRkYzJiMmY5NDAxNTgwZjAxNGM3ZjU4ZWE0ZTMwOTg5ZCI7aToxO3M6MTA6ImZyZWVVc2VySUQiO2k6MDt9',1678309592,'Greece','Thessaloniki','Windows 10','Computer','Chrome'),('YM3IbYbe0MOydiwVxLxq1oq82V7MfMxNPSoovQrr',NULL,'143.110.222.166','Mozilla/5.0 (iPhone; CPU iPhone OS 16_1 like Mac OS X) AppleWebKit/605.1.15 (KHTML, like Gecko) Version/16.1 Mobile/15E148 Safari/604.1','YTozOntzOjY6Il90b2tlbiI7czo0MDoiTXZZcmVnRDJtVXJWdjBSRmZKbzY3T3FlZFlIUHpaMHRqRmlEVWpzZCI7czo5OiJfcHJldmlvdXMiO2E6MTp7czozOiJ1cmwiO3M6MjA6Imh0dHA6Ly8xNzguMTI4LjQ5LjYxIjt9czo2OiJfZmxhc2giO2E6Mjp7czozOiJvbGQiO2E6MDp7fXM6MzoibmV3IjthOjA6e319fQ==',1678309816,'Canada','','iPhone','Mobile','Safari Browser'),('TVNYZ5FWe3Cyjsmtmls9YhEDLE7mGiZf5Bcgs5v1',NULL,'143.110.222.166','Mozilla/5.0 (iPhone; CPU iPhone OS 16_1 like Mac OS X) AppleWebKit/605.1.15 (KHTML, like Gecko) Version/16.1 Mobile/15E148 Safari/604.1','YTozOntzOjY6Il90b2tlbiI7czo0MDoiM3V3cGNIUjBRb21MQUlSS3BvYlBiczliR3ZhdnBqWkxhd3lLYUt0NCI7czo5OiJfcHJldmlvdXMiO2E6MTp7czozOiJ1cmwiO3M6MjA6Imh0dHA6Ly8xNzguMTI4LjQ5LjYxIjt9czo2OiJfZmxhc2giO2E6Mjp7czozOiJvbGQiO2E6MDp7fXM6MzoibmV3IjthOjA6e319fQ==',1678313305,'Canada','','iPhone','Mobile','Safari Browser'),('7DUxqYDC2IFw4aNhpIavwMCysaJZXGBRcJLHS7fo',NULL,'94.102.51.9','masscan/1.3 (https://github.com/robertdavidgraham/masscan)','YTozOntzOjY6Il90b2tlbiI7czo0MDoidENlTEljb0FXWHZEa09tUWYwbGxPRVAxd0hITE01QU5Lbk9qaEh6YyI7czo5OiJfcHJldmlvdXMiO2E6MTp7czozOiJ1cmwiO3M6MTg6Imh0dHA6Ly9uYXI1NTk0LmNvbSI7fXM6NjoiX2ZsYXNoIjthOjI6e3M6Mzoib2xkIjthOjA6e31zOjM6Im5ldyI7YTowOnt9fX0=',1678314239,'Netherlands','Amsterdam','Unknown OS Platform','Computer','Unknown Browser'),('1Ssp7VReIbAFRCiO9sPNJ1CjwTslUyDKmq0RBAzs',NULL,'154.209.125.10','Mozilla/5.0 (Macintosh; Intel Mac OS X 10.11; rv:47.0) Gecko/20100101 Firefox/47.0','YTozOntzOjY6Il90b2tlbiI7czo0MDoiSnV5emxWTHByenRhZGsxOWl3eTlyMEQ0S1U5T1BoZUhESktUdVhRZCI7czo5OiJfcHJldmlvdXMiO2E6MTp7czozOiJ1cmwiO3M6MjA6Imh0dHA6Ly8xNzguMTI4LjQ5LjYxIjt9czo2OiJfZmxhc2giO2E6Mjp7czozOiJvbGQiO2E6MDp7fXM6MzoibmV3IjthOjA6e319fQ==',1678315242,'Hong Kong','','Mac OS X','Computer','Firefox'),('zrNLMUbUSGGtoVhEyL1xsFd1elkfRZyJwdgDvJeN',NULL,'154.209.125.10','Mozilla/5.0 (Macintosh; Intel Mac OS X 10.11; rv:47.0) Gecko/20100101 Firefox/47.0','YTozOntzOjY6Il90b2tlbiI7czo0MDoiZG12djkzMmJ0cFdvU1ZoNHc2SlNBcFN6dmdkYXc2REFQYWNxb0ROSiI7czo5OiJfcHJldmlvdXMiO2E6MTp7czozOiJ1cmwiO3M6MzU6Imh0dHA6Ly8xNzguMTI4LjQ5LjYxL2NhdGVnb3JpZXMvbmV3Ijt9czo2OiJfZmxhc2giO2E6Mjp7czozOiJvbGQiO2E6MDp7fXM6MzoibmV3IjthOjA6e319fQ==',1678315242,'Hong Kong','','Mac OS X','Computer','Firefox'),('LntrPeXkveMGOSrQPS4yMDxRjI5msps05oqcZeUD',NULL,'77.111.246.19','Mozilla/5.0 (Windows NT 10.0; Win64; x64) AppleWebKit/537.36 (KHTML, like Gecko) Chrome/109.0.0.0 Safari/537.36 OPR/95.0.0.0','YTozOntzOjY6Il90b2tlbiI7czo0MDoiN0JTM2NaaVh4RTYwczNZQkk5cUV5alNMN3hpQXlOT2VvbHVZRE5mcCI7czo5OiJfcHJldmlvdXMiO2E6MTp7czozOiJ1cmwiO3M6NTM6Imh0dHA6Ly8xNzgtMTI4LTQ5LTYxLmNwcmFwaWQuY29tL2NhdGVnb3JpZXMvcHJhZ21hdGljIjt9czo2OiJfZmxhc2giO2E6Mjp7czozOiJvbGQiO2E6MDp7fXM6MzoibmV3IjthOjA6e319fQ==',1678365393,'United States','','Windows 10','Computer','Chrome'),('PQ3dnC76ci3lbNBD3ldxZdNy9J7NvWQj7Wb05qZM',NULL,'77.111.246.19','Mozilla/5.0 (Windows NT 10.0; Win64; x64) AppleWebKit/537.36 (KHTML, like Gecko) Chrome/109.0.0.0 Safari/537.36 OPR/95.0.0.0','YTozOntzOjY6Il90b2tlbiI7czo0MDoiV3hZYVNRc3pSb3pIa3lXU1lmV011cTVEZTh2VWo1RWNYZDB5U2hQdCI7czo5OiJfcHJldmlvdXMiO2E6MTp7czozOiJ1cmwiO3M6NDE6Imh0dHA6Ly9yYXdwbGF5Y2FzaW5vLmNvLnVrL2NhdGVnb3JpZXMvbmV3Ijt9czo2OiJfZmxhc2giO2E6Mjp7czozOiJvbGQiO2E6MDp7fXM6MzoibmV3IjthOjA6e319fQ==',1678316208,'United States','','Windows 10','Computer','Chrome'),('HBmvfccaQQtRgNEv7EnZy08u51lO9XoLFD8OOhGY',NULL,'143.110.222.166','Mozilla/5.0 (iPhone; CPU iPhone OS 16_1 like Mac OS X) AppleWebKit/605.1.15 (KHTML, like Gecko) Version/16.1 Mobile/15E148 Safari/604.1','YTozOntzOjY6Il90b2tlbiI7czo0MDoicTVydlRRdXIyaVFVekw1dUpDanlwWnVHVHhrOEExSHdab2k1NjJHQyI7czo5OiJfcHJldmlvdXMiO2E6MTp7czozOiJ1cmwiO3M6MjA6Imh0dHA6Ly8xNzguMTI4LjQ5LjYxIjt9czo2OiJfZmxhc2giO2E6Mjp7czozOiJvbGQiO2E6MDp7fXM6MzoibmV3IjthOjA6e319fQ==',1678316729,'Canada','','iPhone','Mobile','Safari Browser'),('gynwmyAld1q8oIrgt6z2KwqbVFC1ZArbNigtp8Ev',NULL,'193.32.162.159','Mozilla/5.0 (Windows NT 10.0; Win64; x64) AppleWebKit/537.36 (KHTML, like Gecko) Chrome/90.0.4430.85 Safari/537.36 Edg/90.0.818.46','YToyOntzOjY6Il90b2tlbiI7czo0MDoiZzgyWTh0eFFKeWpQU2Jrb0xaUjdzcGlzVjhpVDdBZXBFRXF0WWdCTiI7czo2OiJfZmxhc2giO2E6Mjp7czozOiJvbGQiO2E6MDp7fXM6MzoibmV3IjthOjA6e319fQ==',1678317640,'Romania','','Windows 10','Computer','Chrome'),('i5p0NnhD1LI5RgpsBVgismxZFxst0BxGw4NKewmo',NULL,'34.229.144.89','Mozlila/5.0 (Linux; Android 7.0; SM-G892A Bulid/NRD90M; wv) AppleWebKit/537.36 (KHTML, like Gecko) Version/4.0 Chrome/60.0.3112.107 Moblie Safari/537.36','YTozOntzOjY6Il90b2tlbiI7czo0MDoiVmlVZDlyeWRkYUhSdkc0MVExWmMxY25qNTlUS0RZc0haR1BRV0FBeSI7czo5OiJfcHJldmlvdXMiO2E6MTp7czozOiJ1cmwiO3M6MzU6Imh0dHA6Ly8xNzguMTI4LjQ5LjYxL2NhdGVnb3JpZXMvbmV3Ijt9czo2OiJfZmxhc2giO2E6Mjp7czozOiJvbGQiO2E6MDp7fXM6MzoibmV3IjthOjA6e319fQ==',1678320177,'United States','','Android','Tablet','Chrome'),('tFbu2B3TnsjhkgeC6kaCsEUBtMj155vyQ40Phf8A',NULL,'34.229.144.89','Mozlila/5.0 (Linux; Android 7.0; SM-G892A Bulid/NRD90M; wv) AppleWebKit/537.36 (KHTML, like Gecko) Version/4.0 Chrome/60.0.3112.107 Moblie Safari/537.36','YTozOntzOjY6Il90b2tlbiI7czo0MDoic25XYnBWZzhmemNaTUZaOGVXck1rVFBUMU5obWlMVGFrdUhYZHlGOSI7czo5OiJfcHJldmlvdXMiO2E6MTp7czozOiJ1cmwiO3M6MzU6Imh0dHA6Ly8xNzguMTI4LjQ5LjYxL2NhdGVnb3JpZXMvbmV3Ijt9czo2OiJfZmxhc2giO2E6Mjp7czozOiJvbGQiO2E6MDp7fXM6MzoibmV3IjthOjA6e319fQ==',1678320179,'United States','','Android','Tablet','Chrome'),('yLawntO2CBAWFz5YmtlUL7Ty6RST2hWoLyJIsbP8',NULL,'143.110.222.166','Mozilla/5.0 (iPhone; CPU iPhone OS 16_1 like Mac OS X) AppleWebKit/605.1.15 (KHTML, like Gecko) Version/16.1 Mobile/15E148 Safari/604.1','YTozOntzOjY6Il90b2tlbiI7czo0MDoiVWF3N0V0eVhQNGlGeFg1NFRIZVBwcjRWeTlnRUpjZVREbXZSaGhhUSI7czo5OiJfcHJldmlvdXMiO2E6MTp7czozOiJ1cmwiO3M6MjA6Imh0dHA6Ly8xNzguMTI4LjQ5LjYxIjt9czo2OiJfZmxhc2giO2E6Mjp7czozOiJvbGQiO2E6MDp7fXM6MzoibmV3IjthOjA6e319fQ==',1678320431,'Canada','','iPhone','Mobile','Safari Browser'),('vfpjUMtBe2dTuHoL7aaRwORO2vSKrguZmCi7Qia2',NULL,'167.99.129.80','FooBarTest','YTozOntzOjY6Il90b2tlbiI7czo0MDoiQmpFWW41Y1JXcUZoSHZyUmF6QmhPQlE4TzRJVzJPbHo5TEs4c1RJMyI7czo5OiJfcHJldmlvdXMiO2E6MTp7czozOiJ1cmwiO3M6Mjg6Imh0dHA6Ly90ZXN0LmdldHByb3h5bGlzdC5jb20iO31zOjY6Il9mbGFzaCI7YToyOntzOjM6Im9sZCI7YTowOnt9czozOiJuZXciO2E6MDp7fX19',1678321274,'Germany','Frankfurt am Main','Unknown OS Platform','Computer','Unknown Browser'),('IxLHYlnCQnNAr0Dug09CRkCJ31gyyWal45bHgCCY',NULL,'167.172.252.203','Mozilla/5.0 (Windows NT 10.0; Win64; x64) AppleWebKit/537.36 (KHTML, like Gecko) Chrome/108.0.0.0 Safari/537.36','YTozOntzOjY6Il90b2tlbiI7czo0MDoiaWtOQUE4d0RGa1FhZ0w0dnNxQWpSQXpFbTBRc3FXTDRZSlBkNTY2RCI7czo5OiJfcHJldmlvdXMiO2E6MTp7czozOiJ1cmwiO3M6MjA6Imh0dHA6Ly8xNzguMTI4LjQ5LjYxIjt9czo2OiJfZmxhc2giO2E6Mjp7czozOiJvbGQiO2E6MDp7fXM6MzoibmV3IjthOjA6e319fQ==',1678321453,'United States','Clifton','Windows 10','Computer','Chrome'),('3C8Lkf6RxNrBh5jTicYNKvbxvWtE6WQpOCnZXUXa',NULL,'167.172.252.203','Mozilla/5.0 (Windows NT 10.0; Win64; x64) AppleWebKit/537.36 (KHTML, like Gecko) Chrome/108.0.0.0 Safari/537.36','YTozOntzOjY6Il90b2tlbiI7czo0MDoiVHBQM0NSb3JnUnN1YndYNkJiSnhqSUNkVnJnNDRXYmVHMFp0eUptViI7czo5OiJfcHJldmlvdXMiO2E6MTp7czozOiJ1cmwiO3M6MzU6Imh0dHA6Ly8xNzguMTI4LjQ5LjYxL2NhdGVnb3JpZXMvbmV3Ijt9czo2OiJfZmxhc2giO2E6Mjp7czozOiJvbGQiO2E6MDp7fXM6MzoibmV3IjthOjA6e319fQ==',1678321454,'United States','Clifton','Windows 10','Computer','Chrome'),('O1N8aWUktFAdlVe5zagwOZgQAZxQbZFiqoyUKptA',NULL,'139.162.7.59','','YTozOntzOjY6Il90b2tlbiI7czo0MDoiRGE4d1c5bXEyT0owa3BvVE1waXRieUE1TjBPRzlBWjByajYzMEF4QSI7czo5OiJfcHJldmlvdXMiO2E6MTp7czozOiJ1cmwiO3M6MTY6Imh0dHA6Ly8xMjcuMC4xLjEiO31zOjY6Il9mbGFzaCI7YToyOntzOjM6Im9sZCI7YTowOnt9czozOiJuZXciO2E6MDp7fX19',1678322305,'Singapore','Singapore','Unknown OS Platform','Computer','Unknown Browser'),('uWCvSphEGXHRecAsR9bRrnW6qDaqp1Suu1U27ifx',NULL,'139.162.7.59','curl/7.54.0','YTozOntzOjY6Il90b2tlbiI7czo0MDoiSnZUZEpUY1lYcmY3anVHU3lrY1A5UjNGYVdqMTR6NEdXSTBxMm44OSI7czo5OiJfcHJldmlvdXMiO2E6MTp7czozOiJ1cmwiO3M6MjA6Imh0dHA6Ly8xNzguMTI4LjQ5LjYxIjt9czo2OiJfZmxhc2giO2E6Mjp7czozOiJvbGQiO2E6MDp7fXM6MzoibmV3IjthOjA6e319fQ==',1678322305,'Singapore','Singapore','Unknown OS Platform','Computer','Unknown Browser'),('zDmkCy64lQ9m8V3JRm350Xwa6IIMSgkSrCHYrjZB',NULL,'139.162.7.59','curl/7.54.0','YTozOntzOjY6Il90b2tlbiI7czo0MDoiU0l5d1FvdEl4eWEwVzkzT2ZCbjBvU25laGJLS0dFNVhQZEh3eHJ6TCI7czo5OiJfcHJldmlvdXMiO2E6MTp7czozOiJ1cmwiO3M6MjA6Imh0dHA6Ly8xNzguMTI4LjQ5LjYxIjt9czo2OiJfZmxhc2giO2E6Mjp7czozOiJvbGQiO2E6MDp7fXM6MzoibmV3IjthOjA6e319fQ==',1678322305,'Singapore','Singapore','Unknown OS Platform','Computer','Unknown Browser'),('3FZdItleuosAA9NuTVZIRHUXdfP5Y9kjCoXJRcu4',NULL,'139.162.7.59','curl/7.54.0','YTozOntzOjY6Il90b2tlbiI7czo0MDoidDdGb2QwVzBDZk9OSjRId05NZ1NxbmNhb3FhV3BZMk9IbWJxUUwzSiI7czo5OiJfcHJldmlvdXMiO2E6MTp7czozOiJ1cmwiO3M6MjA6Imh0dHA6Ly8xNzguMTI4LjQ5LjYxIjt9czo2OiJfZmxhc2giO2E6Mjp7czozOiJvbGQiO2E6MDp7fXM6MzoibmV3IjthOjA6e319fQ==',1678322305,'Singapore','Singapore','Unknown OS Platform','Computer','Unknown Browser'),('wwqNGapdY5IX2RXZq8oIGLZ3womtCJltYasLtv3l',NULL,'139.162.7.59','curl/7.54.0','YTozOntzOjY6Il90b2tlbiI7czo0MDoiTGo3TXhPUjhBcDlEcmJERHR3a1R5WmxjR1dJTUJRNExwNmlIU0ZiMSI7czo5OiJfcHJldmlvdXMiO2E6MTp7czozOiJ1cmwiO3M6MzU6Imh0dHA6Ly8xNzguMTI4LjQ5LjYxL2NhdGVnb3JpZXMvbmV3Ijt9czo2OiJfZmxhc2giO2E6Mjp7czozOiJvbGQiO2E6MDp7fXM6MzoibmV3IjthOjA6e319fQ==',1678322305,'Singapore','Singapore','Unknown OS Platform','Computer','Unknown Browser'),('XUUaDx7WxxVugClVJSa9GFOh6EL8r1KlLuPhvTvN',NULL,'139.162.7.59','','YTozOntzOjY6Il90b2tlbiI7czo0MDoiNlNwSHQwc1B2d3FyajAzWGVadGxzRVk1eEZMOFVmMmViNGh1SVJ3TCI7czo5OiJfcHJldmlvdXMiO2E6MTp7czozOiJ1cmwiO3M6MTY6Imh0dHA6Ly8xMjcuMC4xLjEiO31zOjY6Il9mbGFzaCI7YToyOntzOjM6Im9sZCI7YTowOnt9czozOiJuZXciO2E6MDp7fX19',1678322305,'Singapore','Singapore','Unknown OS Platform','Computer','Unknown Browser'),('echvfaU3xxjp8tYhxoexk9d0Zy4gLKTrrLcGVyX2',NULL,'139.162.7.59','curl/7.54.0','YTozOntzOjY6Il90b2tlbiI7czo0MDoiRkt2dm1OUXY4VVB4VVdIOEQ4Wk9uS01NdlBxazJ4VFhXN1ZXS3A1aiI7czo5OiJfcHJldmlvdXMiO2E6MTp7czozOiJ1cmwiO3M6MzU6Imh0dHA6Ly8xNzguMTI4LjQ5LjYxL2NhdGVnb3JpZXMvbmV3Ijt9czo2OiJfZmxhc2giO2E6Mjp7czozOiJvbGQiO2E6MDp7fXM6MzoibmV3IjthOjA6e319fQ==',1678322306,'Singapore','Singapore','Unknown OS Platform','Computer','Unknown Browser'),('m8PHh1ibfWFkmBmX1trsfb6IpuUyzAxwKRw5A9QU',NULL,'139.162.7.59','curl/7.54.0','YToyOntzOjY6Il90b2tlbiI7czo0MDoienVhMk43cGdJMTdRNjF5OHlrcFlxYUE1ODl3RktCTGR1Z0t1SDQ4dyI7czo2OiJfZmxhc2giO2E6Mjp7czozOiJvbGQiO2E6MDp7fXM6MzoibmV3IjthOjA6e319fQ==',1678322306,'Singapore','Singapore','Unknown OS Platform','Computer','Unknown Browser'),('Rc9bIuKnIR3vSwOvPVF9qTZphb1DrDCyXMbJCVQ5',NULL,'139.162.7.59','curl/7.54.0','YTozOntzOjY6Il90b2tlbiI7czo0MDoiRWdhZzdXNjB0V0hiTWpGTXpCbFhLOUF2b0tMSEtZak1TOFdFOFpUeSI7czo5OiJfcHJldmlvdXMiO2E6MTp7czozOiJ1cmwiO3M6MjA6Imh0dHA6Ly8xNzguMTI4LjQ5LjYxIjt9czo2OiJfZmxhc2giO2E6Mjp7czozOiJvbGQiO2E6MDp7fXM6MzoibmV3IjthOjA6e319fQ==',1678322306,'Singapore','Singapore','Unknown OS Platform','Computer','Unknown Browser'),('3L8g5dNbjYCX8OfLeIVn1sivaiScdXlK6nkPQcBP',NULL,'139.162.7.59','curl/7.54.0','YTozOntzOjY6Il90b2tlbiI7czo0MDoiSHJBY0FZaWg4eGNGOWl6ZjlOdzg5MVdJeTFZVGZ4aE5BR3BFUUgyeSI7czo5OiJfcHJldmlvdXMiO2E6MTp7czozOiJ1cmwiO3M6MjA6Imh0dHA6Ly8xNzguMTI4LjQ5LjYxIjt9czo2OiJfZmxhc2giO2E6Mjp7czozOiJvbGQiO2E6MDp7fXM6MzoibmV3IjthOjA6e319fQ==',1678322306,'Singapore','Singapore','Unknown OS Platform','Computer','Unknown Browser'),('C82OKeEuuDAaitOgmtItmP2cM98HEWs6OB8G57oN',NULL,'139.162.7.59','curl/7.54.0','YToyOntzOjY6Il90b2tlbiI7czo0MDoiaGZBV0FDaGNCV3FmQXpOdHQ4WEFPWmM2THhHNXFMbXp0RjlQZ2JZUCI7czo2OiJfZmxhc2giO2E6Mjp7czozOiJvbGQiO2E6MDp7fXM6MzoibmV3IjthOjA6e319fQ==',1678322306,'Singapore','Singapore','Unknown OS Platform','Computer','Unknown Browser'),('33nh8QShDvCXKVJ74dtpnMHM8rCCE8ccYyQYW40m',NULL,'139.162.7.59','curl/7.54.0','YTozOntzOjY6Il90b2tlbiI7czo0MDoib2gwamhKTUxnYnh0WDA1MlVweU5BNWVXd0NyeVBJUHhIYVJNMW8yWiI7czo5OiJfcHJldmlvdXMiO2E6MTp7czozOiJ1cmwiO3M6MjA6Imh0dHA6Ly8xNzguMTI4LjQ5LjYxIjt9czo2OiJfZmxhc2giO2E6Mjp7czozOiJvbGQiO2E6MDp7fXM6MzoibmV3IjthOjA6e319fQ==',1678322306,'Singapore','Singapore','Unknown OS Platform','Computer','Unknown Browser'),('z9imkZmnXfaADpCOhAbajcSWpq20M49g15e1IVZi',NULL,'139.162.7.59','curl/7.54.0','YTozOntzOjY6Il90b2tlbiI7czo0MDoiRk80S2NWNEFlUlF0akRDQzIxUmVtdzZEaElPUXp4TTNjUnhtcjVrTCI7czo5OiJfcHJldmlvdXMiO2E6MTp7czozOiJ1cmwiO3M6MzU6Imh0dHA6Ly8xNzguMTI4LjQ5LjYxL2NhdGVnb3JpZXMvbmV3Ijt9czo2OiJfZmxhc2giO2E6Mjp7czozOiJvbGQiO2E6MDp7fXM6MzoibmV3IjthOjA6e319fQ==',1678322306,'Singapore','Singapore','Unknown OS Platform','Computer','Unknown Browser'),('GtJI0HAOyDuA2ecpqrNMNssS9Tk3j3VaFGIWWHpL',NULL,'139.162.7.59','curl/7.54.0','YTozOntzOjY6Il90b2tlbiI7czo0MDoiZ2FNc1laT1cweEg0cXVsRTJ0NE1Ocjd5VkFlRVdqcmNZSHREbWZrQyI7czo5OiJfcHJldmlvdXMiO2E6MTp7czozOiJ1cmwiO3M6MzU6Imh0dHA6Ly8xNzguMTI4LjQ5LjYxL2NhdGVnb3JpZXMvbmV3Ijt9czo2OiJfZmxhc2giO2E6Mjp7czozOiJvbGQiO2E6MDp7fXM6MzoibmV3IjthOjA6e319fQ==',1678322307,'Singapore','Singapore','Unknown OS Platform','Computer','Unknown Browser'),('dvvPVFMGdzYuHhUl7bBPv1yQBUcZHzfvmAARR7q0',NULL,'139.162.7.59','curl/7.54.0','YTozOntzOjY6Il90b2tlbiI7czo0MDoiUHo3aEFUcDlIdVBzVDFIRDd0MlFFT1Z1S0ZqU3FjenZyV0h3ZVcyRCI7czo5OiJfcHJldmlvdXMiO2E6MTp7czozOiJ1cmwiO3M6MzA6Imh0dHA6Ly8xNzguMTI4LjQ5LjYxL2luZGV4LnBocCI7fXM6NjoiX2ZsYXNoIjthOjI6e3M6Mzoib2xkIjthOjA6e31zOjM6Im5ldyI7YTowOnt9fX0=',1678322325,'Singapore','Singapore','Unknown OS Platform','Computer','Unknown Browser'),('QF1x3t72ivXUHs81cIwMsv8zXKYLWYT2nGOBHBI9',NULL,'139.162.7.59','curl/7.54.0','YTozOntzOjY6Il90b2tlbiI7czo0MDoieWlDUmd1OVN3ZG51cnlqTHo4TnREM0pmNG80bGVtZ1JUREFLTzlHTiI7czo5OiJfcHJldmlvdXMiO2E6MTp7czozOiJ1cmwiO3M6NDU6Imh0dHA6Ly8xNzguMTI4LjQ5LjYxL2luZGV4LnBocC9jYXRlZ29yaWVzL25ldyI7fXM6NjoiX2ZsYXNoIjthOjI6e3M6Mzoib2xkIjthOjA6e31zOjM6Im5ldyI7YTowOnt9fX0=',1678322325,'Singapore','Singapore','Unknown OS Platform','Computer','Unknown Browser'),('xxvAATOFGSzOYdk5o1s7OSebq2uTEBdQcmMAm0vk',NULL,'139.162.7.59','','YTozOntzOjY6Il90b2tlbiI7czo0MDoiZVhDTWRaOEU5MjZSTmppeU96TWYxQlFHbUhuajVKc2pabFlLSkVhNSI7czo5OiJfcHJldmlvdXMiO2E6MTp7czozOiJ1cmwiO3M6MTY6Imh0dHA6Ly8xMjcuMC4xLjEiO31zOjY6Il9mbGFzaCI7YToyOntzOjM6Im9sZCI7YTowOnt9czozOiJuZXciO2E6MDp7fX19',1678322329,'Singapore','Singapore','Unknown OS Platform','Computer','Unknown Browser'),('svtXLSFPBGxSCKrgBArgV4Y03ZifuCiVLU64ykdC',NULL,'139.162.7.59','','YTozOntzOjY6Il90b2tlbiI7czo0MDoiVzVqMnY3cXZUQnprMHVHNEJGd0owTm5uN2ROazBmZ1pJWElXNFZWSSI7czo5OiJfcHJldmlvdXMiO2E6MTp7czozOiJ1cmwiO3M6MjA6Imh0dHA6Ly8xNzguMTI4LjQ5LjYxIjt9czo2OiJfZmxhc2giO2E6Mjp7czozOiJvbGQiO2E6MDp7fXM6MzoibmV3IjthOjA6e319fQ==',1678322329,'Singapore','Singapore','Unknown OS Platform','Computer','Unknown Browser'),('cMBpkarUPqutoHSD82KWwgRfm640FadeopMwBNpy',NULL,'193.142.146.214','Linux Gnu (cow)','YTozOntzOjY6Il90b2tlbiI7czo0MDoiWmFkNjdyVWpyeHZGbXl4N0VYNjA5VWV4SUYxWktOQzBPZEN1N3lJdyI7czo5OiJfcHJldmlvdXMiO2E6MTp7czozOiJ1cmwiO3M6MjA6Imh0dHA6Ly8xNzguMTI4LjQ5LjYxIjt9czo2OiJfZmxhc2giO2E6Mjp7czozOiJvbGQiO2E6MDp7fXM6MzoibmV3IjthOjA6e319fQ==',1678322683,'Netherlands','','Linux','Computer','Unknown Browser'),('qqFf9Jz5I0Og6RVBMIJR7YGw4zFhUkbfY8wjCT0o',NULL,'179.43.177.242','Hello World','YTozOntzOjY6Il90b2tlbiI7czo0MDoiSFJTcUNMNTVjOTNsRTdVY054Z2pzMzFwZHpKdUlUMENNajBrVEJwaSI7czo5OiJfcHJldmlvdXMiO2E6MTp7czozOiJ1cmwiO3M6MjA6Imh0dHA6Ly8xNzguMTI4LjQ5LjYxIjt9czo2OiJfZmxhc2giO2E6Mjp7czozOiJvbGQiO2E6MDp7fXM6MzoibmV3IjthOjA6e319fQ==',1678323061,'Switzerland','Zurich','Unknown OS Platform','Computer','Unknown Browser'),('g1NbIgg75ETi9JYh9dtVTk7SjDd0HvQJrDVf22fg',NULL,'191.101.51.39','SonyEricssonT610/R201 Profile/MIDP-1.0 Configuration/CLDC-1.0','YTozOntzOjY6Il90b2tlbiI7czo0MDoiS2lEUkJKTkZMaWxoaFFMY3RUVHV1akFVU3ZYbTNtckJza29xSHJrTSI7czo5OiJfcHJldmlvdXMiO2E6MTp7czozOiJ1cmwiO3M6MjE6Imh0dHA6Ly9oeXBub3NlZWRzLmNvbSI7fXM6NjoiX2ZsYXNoIjthOjI6e3M6Mzoib2xkIjthOjA6e31zOjM6Im5ldyI7YTowOnt9fX0=',1678323738,'United States','Oklahoma City','Unknown OS Platform','Mobile','Unknown Browser'),('YGrv2TW7y6aRKa8RINRPiohzaNmBkFEePCHtnCel',NULL,'143.110.222.166','Mozilla/5.0 (iPhone; CPU iPhone OS 16_1 like Mac OS X) AppleWebKit/605.1.15 (KHTML, like Gecko) Version/16.1 Mobile/15E148 Safari/604.1','YTozOntzOjY6Il90b2tlbiI7czo0MDoiYVAxbjF5ZDVNUEVIWlpqTlc5QkQwNE51cTV3MzU2Q0xZUjVBTjBCViI7czo5OiJfcHJldmlvdXMiO2E6MTp7czozOiJ1cmwiO3M6MjA6Imh0dHA6Ly8xNzguMTI4LjQ5LjYxIjt9czo2OiJfZmxhc2giO2E6Mjp7czozOiJvbGQiO2E6MDp7fXM6MzoibmV3IjthOjA6e319fQ==',1678323883,'Canada','','iPhone','Mobile','Safari Browser'),('ksiXgqfv7bNm1d9XE8IDeTmwUNf0VB1vC3Jd5eS0',NULL,'43.129.40.155','curl/7.64.1','YTozOntzOjY6Il90b2tlbiI7czo0MDoiRW9yemZ0TzYzb0JHRHZJejFpWlkwZUE1dk9LSWNiak9kOXlGNlE3NCI7czo5OiJfcHJldmlvdXMiO2E6MTp7czozOiJ1cmwiO3M6MjA6Imh0dHA6Ly8xNzguMTI4LjQ5LjYxIjt9czo2OiJfZmxhc2giO2E6Mjp7czozOiJvbGQiO2E6MDp7fXM6MzoibmV3IjthOjA6e319fQ==',1678324516,'Australia','','Unknown OS Platform','Computer','Unknown Browser'),('zFJJLpGmw4IOXajth5zevMIkaJfwLiV5jeZIE8Pt',NULL,'209.141.33.65','Mozilla/5.0 (Macintosh; Intel Mac OS X 10_15_7) AppleWebKit/537.36 (KHTML, like Gecko) Chrome/96.0.4664.110 Safari/537.36','YTozOntzOjY6Il90b2tlbiI7czo0MDoieGZCaklvNjdEU2tmTjhFb3NyRUFBUDNBZU9ycGZUMFNBZUJsN2VPcCI7czo5OiJfcHJldmlvdXMiO2E6MTp7czozOiJ1cmwiO3M6MjY6Imh0dHA6Ly9yYXdwbGF5Y2FzaW5vLmNvLnVrIjt9czo2OiJfZmxhc2giO2E6Mjp7czozOiJvbGQiO2E6MDp7fXM6MzoibmV3IjthOjA6e319fQ==',1678324523,'United States','Las Vegas','Mac OS X','Computer','Chrome'),('JquLB3zLCkN4jHbIOzh5YqO1NUoYJx3WcrsLmpGX',NULL,'209.141.36.231','Mozilla/5.0 (Macintosh; Intel Mac OS X 10_15_7) AppleWebKit/537.36 (KHTML, like Gecko) Chrome/96.0.4664.110 Safari/537.36','YTozOntzOjY6Il90b2tlbiI7czo0MDoidnFOV09Wb2tXVnRMaHkyRHh2SHM1bWJrMkpmSFdxMm5zVjZyZkxpVCI7czo5OiJfcHJldmlvdXMiO2E6MTp7czozOiJ1cmwiO3M6MzI6Imh0dHA6Ly8xNzgtMTI4LTQ5LTYxLmNwcmFwaWQuY29tIjt9czo2OiJfZmxhc2giO2E6Mjp7czozOiJvbGQiO2E6MDp7fXM6MzoibmV3IjthOjA6e319fQ==',1678324523,'United States','Las Vegas','Mac OS X','Computer','Chrome'),('xYAQN1Mmqhf0ywZ5Awfa0UEsuH8d2gRkgRC9fjcC',NULL,'209.141.33.65','Mozilla/5.0 (Macintosh; Intel Mac OS X 10_15_7) AppleWebKit/537.36 (KHTML, like Gecko) Chrome/96.0.4664.110 Safari/537.36','YTozOntzOjY6Il90b2tlbiI7czo0MDoiUWhWTDVqcUJya1BHRHpYRERHaXlRNHFqNGpic084WUVRdHZkMXd6YiI7czo5OiJfcHJldmlvdXMiO2E6MTp7czozOiJ1cmwiO3M6NDE6Imh0dHA6Ly9yYXdwbGF5Y2FzaW5vLmNvLnVrL2NhdGVnb3JpZXMvbmV3Ijt9czo2OiJfZmxhc2giO2E6Mjp7czozOiJvbGQiO2E6MDp7fXM6MzoibmV3IjthOjA6e319fQ==',1678324523,'United States','Las Vegas','Mac OS X','Computer','Chrome'),('8SCbZ2j6HLb5PdwlmegBjnDw6fCk74APN0Rgo1sF',NULL,'209.141.36.231','Mozilla/5.0 (Macintosh; Intel Mac OS X 10_15_7) AppleWebKit/537.36 (KHTML, like Gecko) Chrome/96.0.4664.110 Safari/537.36','YTozOntzOjY6Il90b2tlbiI7czo0MDoiaG1NclA3TWhPbzNRckxDUjZZVmlVWU8ybmdKVDhPTGNMNVNqZzdtSCI7czo5OiJfcHJldmlvdXMiO2E6MTp7czozOiJ1cmwiO3M6NDc6Imh0dHA6Ly8xNzgtMTI4LTQ5LTYxLmNwcmFwaWQuY29tL2NhdGVnb3JpZXMvbmV3Ijt9czo2OiJfZmxhc2giO2E6Mjp7czozOiJvbGQiO2E6MDp7fXM6MzoibmV3IjthOjA6e319fQ==',1678324523,'United States','Las Vegas','Mac OS X','Computer','Chrome'),('5W3i6vcRRX9TnvzgUx1UVoZllPaJq8QRA0MRBy1w',NULL,'209.141.55.120','Mozilla/5.0 (Macintosh; Intel Mac OS X 11_0_0) AppleWebKit/537.36 (KHTML, like Gecko) Chrome/87.0.4280.88 Safari/537.36','YTozOntzOjY6Il90b2tlbiI7czo0MDoiTzN0N2hVM0NUNlRvSUhySUs5ckhCbE9iQ2ZCTE05YWZodjhXdHdKZyI7czo5OiJfcHJldmlvdXMiO2E6MTp7czozOiJ1cmwiO3M6NDE6Imh0dHA6Ly9yYXdwbGF5Y2FzaW5vLmNvLnVrL2NhdGVnb3JpZXMvbmV3Ijt9czo2OiJfZmxhc2giO2E6Mjp7czozOiJvbGQiO2E6MDp7fXM6MzoibmV3IjthOjA6e319fQ==',1678324525,'United States','Las Vegas','Mac OS X','Computer','Chrome'),('IlpmXpEIQAfGOpmqSAifET3dRWKHozkG4BVpDvYy',NULL,'205.185.122.184','Mozilla/5.0 (Macintosh; Intel Mac OS X 11_0_0) AppleWebKit/537.36 (KHTML, like Gecko) Chrome/87.0.4280.88 Safari/537.36','YTozOntzOjY6Il90b2tlbiI7czo0MDoiSTR2MTZSeFlOTTNuVm1DbDZtVXNaQkdqYktmZVRzSFdlcDljVkJzZyI7czo5OiJfcHJldmlvdXMiO2E6MTp7czozOiJ1cmwiO3M6NDc6Imh0dHA6Ly8xNzgtMTI4LTQ5LTYxLmNwcmFwaWQuY29tL2NhdGVnb3JpZXMvbmV3Ijt9czo2OiJfZmxhc2giO2E6Mjp7czozOiJvbGQiO2E6MDp7fXM6MzoibmV3IjthOjA6e319fQ==',1678324525,'United States','San Jose','Mac OS X','Computer','Chrome'),('coKkXCr9BvWhSDHauz6CmnJ6sVXuaaOpBwf0Q4iZ',NULL,'209.141.33.65','Mozilla/5.0 (Macintosh; Intel Mac OS X 10_15_7) AppleWebKit/537.36 (KHTML, like Gecko) Chrome/96.0.4664.110 Safari/537.36','YTozOntzOjY6Il90b2tlbiI7czo0MDoiV1pTTHFDWUdqc3d4MDFCUlV4QTdXWjU4b0Rpb0xsc0J4SXdQYVpzRiI7czo5OiJfcHJldmlvdXMiO2E6MTp7czozOiJ1cmwiO3M6MjA6Imh0dHA6Ly8xNzguMTI4LjQ5LjYxIjt9czo2OiJfZmxhc2giO2E6Mjp7czozOiJvbGQiO2E6MDp7fXM6MzoibmV3IjthOjA6e319fQ==',1678324527,'United States','Las Vegas','Mac OS X','Computer','Chrome'),('lAzH8aQyzcmF33gqCkVjfEfwrJrpuyzaO5Lw41Jg',NULL,'209.141.41.193','Mozilla/5.0 (Macintosh; Intel Mac OS X 10_15_7) AppleWebKit/537.36 (KHTML, like Gecko) Chrome/96.0.4664.110 Safari/537.36','YTozOntzOjY6Il90b2tlbiI7czo0MDoiOXVMRkVaOUdSSXV4TzI3WTNwVTc0ejBpeFpqVzZudlowdW1EbE1jRCI7czo5OiJfcHJldmlvdXMiO2E6MTp7czozOiJ1cmwiO3M6MjE6Imh0dHA6Ly9pdGQubXVuaW4ubGluayI7fXM6NjoiX2ZsYXNoIjthOjI6e3M6Mzoib2xkIjthOjA6e31zOjM6Im5ldyI7YTowOnt9fX0=',1678324527,'United States','Las Vegas','Mac OS X','Computer','Chrome'),('DgXR52xTDQ56mY6pL0cjnUWYqqUIlzipPE5kKxEs',NULL,'209.141.33.65','Mozilla/5.0 (Macintosh; Intel Mac OS X 10_15_7) AppleWebKit/537.36 (KHTML, like Gecko) Chrome/96.0.4664.110 Safari/537.36','YTozOntzOjY6Il90b2tlbiI7czo0MDoic1JGamRGYzgybGRxcWs2cWRYeEptNW00R2RObmk3aDJhN1pVOHhaUCI7czo5OiJfcHJldmlvdXMiO2E6MTp7czozOiJ1cmwiO3M6MzU6Imh0dHA6Ly8xNzguMTI4LjQ5LjYxL2NhdGVnb3JpZXMvbmV3Ijt9czo2OiJfZmxhc2giO2E6Mjp7czozOiJvbGQiO2E6MDp7fXM6MzoibmV3IjthOjA6e319fQ==',1678324527,'United States','Las Vegas','Mac OS X','Computer','Chrome'),('pPIGjRwrWzFMBItamVbdfCq5BFSIK3WMTIXnGFSk',NULL,'209.141.41.193','Mozilla/5.0 (Macintosh; Intel Mac OS X 10_15_7) AppleWebKit/537.36 (KHTML, like Gecko) Chrome/96.0.4664.110 Safari/537.36','YTozOntzOjY6Il90b2tlbiI7czo0MDoiZGtramNUZzVnbGl5SXBQNE1vM2pnZFhocUs0cmpESnkwZEdjNG9xTyI7czo5OiJfcHJldmlvdXMiO2E6MTp7czozOiJ1cmwiO3M6MzY6Imh0dHA6Ly9pdGQubXVuaW4ubGluay9jYXRlZ29yaWVzL25ldyI7fXM6NjoiX2ZsYXNoIjthOjI6e3M6Mzoib2xkIjthOjA6e31zOjM6Im5ldyI7YTowOnt9fX0=',1678324527,'United States','Las Vegas','Mac OS X','Computer','Chrome'),('i6KCKgbmlY2qzCzwhk6kRlkhVAPATpyIMP8TNyNV',NULL,'205.185.122.184','Mozilla/5.0 (Macintosh; Intel Mac OS X 11_0_0) AppleWebKit/537.36 (KHTML, like Gecko) Chrome/87.0.4280.88 Safari/537.36','YTozOntzOjY6Il90b2tlbiI7czo0MDoiZ1VaOWVjZ2VCZWVCMUxtNU9RWGxHUHE3ME9kU2oxWmNvNUdNUkhxQiI7czo5OiJfcHJldmlvdXMiO2E6MTp7czozOiJ1cmwiO3M6MzY6Imh0dHA6Ly9pdGQubXVuaW4ubGluay9jYXRlZ29yaWVzL25ldyI7fXM6NjoiX2ZsYXNoIjthOjI6e3M6Mzoib2xkIjthOjA6e31zOjM6Im5ldyI7YTowOnt9fX0=',1678324529,'United States','San Jose','Mac OS X','Computer','Chrome'),('TfBFpwpczPG1V2mxSp0PkLG2FGM6b1ZqYdRWxMqH',NULL,'193.32.162.159','Mozilla/5.0 (Windows NT 10.0; Win64; x64) AppleWebKit/537.36 (KHTML, like Gecko) Chrome/90.0.4430.85 Safari/537.36 Edg/90.0.818.46','YToyOntzOjY6Il90b2tlbiI7czo0MDoiOWloVGo1N3Ezc0hrQXNsYTVqaUd3WTRJMGVuT2Q1N1o5R0Vwc3BLQSI7czo2OiJfZmxhc2giO2E6Mjp7czozOiJvbGQiO2E6MDp7fXM6MzoibmV3IjthOjA6e319fQ==',1678325386,'Romania','','Windows 10','Computer','Chrome'),('e2rosaywXWjONXuDwJhUpnMDznogbWNU7TzESCCY',NULL,'36.40.72.66','Mozilla/5.0 (iPhone; CPU iPhone OS 13_2_3 like Mac OS X) AppleWebKit/605.1.15 (KHTML, like Gecko) Version/13.0.3 Mobile/15E148 Safari/604.1','YTozOntzOjY6Il90b2tlbiI7czo0MDoiY0NlV2VpQ0xCamc3QmJraEJGeldRbURRYUJMVEtsdk5qN2RXZWtvZCI7czo5OiJfcHJldmlvdXMiO2E6MTp7czozOiJ1cmwiO3M6MzU6Imh0dHA6Ly8xNzguMTI4LjQ5LjYxL2NhdGVnb3JpZXMvbmV3Ijt9czo2OiJfZmxhc2giO2E6Mjp7czozOiJvbGQiO2E6MDp7fXM6MzoibmV3IjthOjA6e319fQ==',1678328125,'China','','iPhone','Mobile','Safari Browser'),('GxUWbdJh42trNAdxi74mQcGpKFdzc6FB7nXE99Ol',NULL,'143.110.222.166','Mozilla/5.0 (iPhone; CPU iPhone OS 16_1 like Mac OS X) AppleWebKit/605.1.15 (KHTML, like Gecko) Version/16.1 Mobile/15E148 Safari/604.1','YTozOntzOjY6Il90b2tlbiI7czo0MDoianh4T2Z4SHpuVzdYaWNHUk45WWh4U3lDa1FqN2NZZDlkWjM1UzV1MCI7czo5OiJfcHJldmlvdXMiO2E6MTp7czozOiJ1cmwiO3M6MjA6Imh0dHA6Ly8xNzguMTI4LjQ5LjYxIjt9czo2OiJfZmxhc2giO2E6Mjp7czozOiJvbGQiO2E6MDp7fXM6MzoibmV3IjthOjA6e319fQ==',1678328408,'Canada','','iPhone','Mobile','Safari Browser'),('bkmcItMSfPrvag9MHX2BLjXxe0BWb3ioZ9gbWpXc',NULL,'143.110.222.166','Mozilla/5.0 (iPhone; CPU iPhone OS 16_1 like Mac OS X) AppleWebKit/605.1.15 (KHTML, like Gecko) Version/16.1 Mobile/15E148 Safari/604.1','YTozOntzOjY6Il90b2tlbiI7czo0MDoiSDA3RXc0YkVOemhyQldFMlJWT3hXazFMZmhqSGNvWFpWTERXdDZuZiI7czo5OiJfcHJldmlvdXMiO2E6MTp7czozOiJ1cmwiO3M6MjA6Imh0dHA6Ly8xNzguMTI4LjQ5LjYxIjt9czo2OiJfZmxhc2giO2E6Mjp7czozOiJvbGQiO2E6MDp7fXM6MzoibmV3IjthOjA6e319fQ==',1678331146,'Canada','','iPhone','Mobile','Safari Browser'),('SnVCRpUbeozea6OpaP0363hTStRKSzFOqO5HU1pQ',NULL,'193.92.182.236','Mozilla/5.0 (Windows NT 5.1; rv:9.0.1) Gecko/20100101 Firefox/9.0.1','YTozOntzOjY6Il90b2tlbiI7czo0MDoiSXBQZnU1MXdGRjNnbFhQdngzaXpMVlVLbEJWRGRBblp0ZzY4bjlXQyI7czo5OiJfcHJldmlvdXMiO2E6MTp7czozOiJ1cmwiO3M6MzU6Imh0dHA6Ly8xNzguMTI4LjQ5LjYxL2NhdGVnb3JpZXMvbmV3Ijt9czo2OiJfZmxhc2giO2E6Mjp7czozOiJvbGQiO2E6MDp7fXM6MzoibmV3IjthOjA6e319fQ==',1678331968,'Greece','Athens','Windows XP','Computer','Firefox'),('Y4uiKjxkOyQyheC38qjnMK5vFroSq1xJyGRkXX3P',NULL,'34.77.127.183','python-requests/2.28.2','YTozOntzOjY6Il90b2tlbiI7czo0MDoiQzNpRzdXTFQ3c2JkbDdjMmNxNWJDcHM1TUd4aDc1VnkyMWpDMm9LNCI7czo5OiJfcHJldmlvdXMiO2E6MTp7czozOiJ1cmwiO3M6MjA6Imh0dHA6Ly8xNzguMTI4LjQ5LjYxIjt9czo2OiJfZmxhc2giO2E6Mjp7czozOiJvbGQiO2E6MDp7fXM6MzoibmV3IjthOjA6e319fQ==',1678332642,'Belgium','Brussels','Unknown OS Platform','Computer','Unknown Browser'),('W1pB8kXLP4IL6QxLQ21GD102aohTcXaM6iyZf5Bv',NULL,'143.110.222.166','Mozilla/5.0 (iPhone; CPU iPhone OS 16_1 like Mac OS X) AppleWebKit/605.1.15 (KHTML, like Gecko) Version/16.1 Mobile/15E148 Safari/604.1','YTozOntzOjY6Il90b2tlbiI7czo0MDoiQlJkYTk5dHFFZHViWGg2YWR1SUpraXBEaWNjanU1ZkVsV28yMkxFVyI7czo5OiJfcHJldmlvdXMiO2E6MTp7czozOiJ1cmwiO3M6MjA6Imh0dHA6Ly8xNzguMTI4LjQ5LjYxIjt9czo2OiJfZmxhc2giO2E6Mjp7czozOiJvbGQiO2E6MDp7fXM6MzoibmV3IjthOjA6e319fQ==',1678335413,'Canada','','iPhone','Mobile','Safari Browser'),('hAQkUk2mtrmcGG4LSn7C1dUsCxTn0vsxrU1i39ZS',NULL,'168.197.161.42','Mozilla/5.0 (Macintosh; Intel Mac OS X 10_11_6) AppleWebKit/601.7.7 (KHTML, like Gecko) Version/9.1.2 Safari/601.7.7','YTozOntzOjY6Il90b2tlbiI7czo0MDoiaDh1TTVtNVVvdnNBVHVOR2xXWTU1SnliQXFQUGVTM3dFZXdiWERsZyI7czo5OiJfcHJldmlvdXMiO2E6MTp7czozOiJ1cmwiO3M6MjA6Imh0dHA6Ly8xNzguMTI4LjQ5LjYxIjt9czo2OiJfZmxhc2giO2E6Mjp7czozOiJvbGQiO2E6MDp7fXM6MzoibmV3IjthOjA6e319fQ==',1678336836,'Brazil','Areia Branca','Mac OS X','Computer','Safari'),('0WGcvC2nRFzgx7UGJCMs03a8L3zk3OPdTslpD7Uz',NULL,'218.204.253.103','Mozilla/5.0 (Windows NT 10.0; WOW64) AppleWebKit/537.36 (KHTML, like Gecko) Chrome/108.0.5359.95 Safari/537.36','YTozOntzOjY6Il90b2tlbiI7czo0MDoibGlEVmtOSzk3SURFU1NvVDg2anFwcHJCZGMxUFVlV252dVZOUUw1cSI7czo5OiJfcHJldmlvdXMiO2E6MTp7czozOiJ1cmwiO3M6NDE6Imh0dHA6Ly9yYXdwbGF5Y2FzaW5vLmNvLnVrL2NhdGVnb3JpZXMvbmV3Ijt9czo2OiJfZmxhc2giO2E6Mjp7czozOiJvbGQiO2E6MDp7fXM6MzoibmV3IjthOjA6e319fQ==',1678350264,'China','','Windows 10','Computer','Chrome'),('h9YMn7ud2TS3IhdWzkPJseSphvZclFyCLzNLzXkz',23,'134.122.197.191','Mozilla/5.0 (Windows NT 10.0; Win64; x64) AppleWebKit/537.36 (KHTML, like Gecko) Chrome/109.0.0.0 Safari/537.36','YTo2OntzOjY6Il90b2tlbiI7czo0MDoia0RJYTNpS25tZEd6S3BaTndEYkh6VXhSTzUxMFZMNkI5S3I5bTcwaiI7czo5OiJfcHJldmlvdXMiO2E6MTp7czozOiJ1cmwiO3M6NTc6Imh0dHA6Ly9yYXdwbGF5Y2FzaW5vLmNvLnVrL2dhbWUvQWdlT2ZUcm95RUdUP2FwaV9leGl0PSUyRiI7fXM6NjoiX2ZsYXNoIjthOjI6e3M6Mzoib2xkIjthOjA6e31zOjM6Im5ldyI7YTowOnt9fXM6MzoidXJsIjthOjE6e3M6ODoiaW50ZW5kZWQiO3M6MzQ6Imh0dHA6Ly9yYXdwbGF5Y2FzaW5vLmNvLnVrL2JhY2tlbmQiO31zOjEwOiJmcmVlVXNlcklEIjtpOjA7czo1MDoibG9naW5fd2ViXzU5YmEzNmFkZGMyYjJmOTQwMTU4MGYwMTRjN2Y1OGVhNGUzMDk4OWQiO2k6MjM7fQ==',1678348518,'Singapore','','Windows 10','Computer','Chrome'),('ICK939igON4XNORcjUwml1Fy1Py27CV2vVZ32mG2',NULL,'193.32.162.159','Mozilla/5.0 (Windows NT 10.0; Win64; x64) AppleWebKit/537.36 (KHTML, like Gecko) Chrome/90.0.4430.85 Safari/537.36 Edg/90.0.818.46','YToyOntzOjY6Il90b2tlbiI7czo0MDoibUtndndIdGdYaGpORlVhYU1MVHQ4OEpIRVc1SjJMUzRWcEVFeXdUdSI7czo2OiJfZmxhc2giO2E6Mjp7czozOiJvbGQiO2E6MDp7fXM6MzoibmV3IjthOjA6e319fQ==',1678337921,'Romania','','Windows 10','Computer','Chrome'),('3Jth9JWRbLZBmRRPCdO5y9NEKALPmjxPOXr3MGpQ',NULL,'143.110.222.166','Mozilla/5.0 (iPhone; CPU iPhone OS 16_1 like Mac OS X) AppleWebKit/605.1.15 (KHTML, like Gecko) Version/16.1 Mobile/15E148 Safari/604.1','YTozOntzOjY6Il90b2tlbiI7czo0MDoiV1NyUkMzVWM3aVVtN0lRc3lmU3NSbHhZU3dweHFMRldPcWFLbnlSciI7czo5OiJfcHJldmlvdXMiO2E6MTp7czozOiJ1cmwiO3M6MjA6Imh0dHA6Ly8xNzguMTI4LjQ5LjYxIjt9czo2OiJfZmxhc2giO2E6Mjp7czozOiJvbGQiO2E6MDp7fXM6MzoibmV3IjthOjA6e319fQ==',1678338238,'Canada','','iPhone','Mobile','Safari Browser'),('pWeDups3yZo7IbLhRWYykL7UlRH4VheELAdpPSEz',NULL,'152.89.196.211','Mozilla/5.0 (Windows NT 10.0; Win64; x64) AppleWebKit/537.36 (KHTML, like Gecko) Chrome/78.0.3904.108 Safari/537.36','YTozOntzOjY6Il90b2tlbiI7czo0MDoicGJ6RUdBQjlDQWpVeWc2amNVQ2d0d2N1eFd2V3QwRkVmSU9DbkgwViI7czo5OiJfcHJldmlvdXMiO2E6MTp7czozOiJ1cmwiO3M6NTE6Imh0dHA6Ly8xNzguMTI4LjQ5LjYxLz9YREVCVUdfU0VTU0lPTl9TVEFSVD1waHBzdG9ybSI7fXM6NjoiX2ZsYXNoIjthOjI6e3M6Mzoib2xkIjthOjA6e31zOjM6Im5ldyI7YTowOnt9fX0=',1678338834,'United Kingdom','','Windows 10','Computer','Chrome'),('3xaTbv7JtklcavEbPAgRqrGVK4LEahNabaBj2IiO',NULL,'152.89.196.211','Mozilla/5.0 (Windows NT 10.0; Win64; x64) AppleWebKit/537.36 (KHTML, like Gecko) Chrome/78.0.3904.108 Safari/537.36','YTozOntzOjY6Il90b2tlbiI7czo0MDoiUlM1SUN1Sllmang1SFVsUHBwc2VsTlhsQUlITk5yY3BneVozeUpaQiI7czo5OiJfcHJldmlvdXMiO2E6MTp7czozOiJ1cmwiO3M6MzU6Imh0dHA6Ly8xNzguMTI4LjQ5LjYxL2NhdGVnb3JpZXMvbmV3Ijt9czo2OiJfZmxhc2giO2E6Mjp7czozOiJvbGQiO2E6MDp7fXM6MzoibmV3IjthOjA6e319fQ==',1678338838,'United Kingdom','','Windows 10','Computer','Chrome'),('JQMY8BiBx8NLVGepEhUx9sjffMLazjmnT4eRb6az',1,'165.227.225.244','Mozilla/5.0 (iPhone; CPU iPhone OS 16_1_1 like Mac OS X) AppleWebKit/605.1.15 (KHTML, like Gecko) Version/16.1 Mobile/15E148 Safari/604.1','YTo2OntzOjY6Il90b2tlbiI7czo0MDoiZFM1V3BReHJhdHdlUTRhYlpob0V2cGZvMXhRZ2dEN3dyajFsUklzSyI7czo5OiJfcHJldmlvdXMiO2E6MTp7czozOiJ1cmwiO3M6NTQ6Imh0dHA6Ly9yYXdwbGF5Y2FzaW5vLmNvLnVrL2JhY2tlbmQvc2V0dGluZ3MvY2F0ZWdvcmllcyI7fXM6NjoiX2ZsYXNoIjthOjI6e3M6Mzoib2xkIjthOjA6e31zOjM6Im5ldyI7YTowOnt9fXM6MzoidXJsIjthOjE6e3M6ODoiaW50ZW5kZWQiO3M6MzQ6Imh0dHA6Ly9yYXdwbGF5Y2FzaW5vLmNvLnVrL2JhY2tlbmQiO31zOjUwOiJsb2dpbl93ZWJfNTliYTM2YWRkYzJiMmY5NDAxNTgwZjAxNGM3ZjU4ZWE0ZTMwOTg5ZCI7aToxO3M6MTQ6ImdhbWVzX2NhdGVnb3J5IjtzOjI6IjE4Ijt9',1678340808,'United Kingdom','London','iPhone','Mobile','Safari Browser'),('1JO0PDCclcWt6PA64BMSWeNMmSl8A6beQ3gueSEa',NULL,'143.110.222.166','Mozilla/5.0 (iPhone; CPU iPhone OS 16_1 like Mac OS X) AppleWebKit/605.1.15 (KHTML, like Gecko) Version/16.1 Mobile/15E148 Safari/604.1','YTozOntzOjY6Il90b2tlbiI7czo0MDoiZ3NrZHZuWERpeU5NbXkxa1phelZPRXBXZGJ4UU9ZZzduVWNHSlRITiI7czo5OiJfcHJldmlvdXMiO2E6MTp7czozOiJ1cmwiO3M6MjA6Imh0dHA6Ly8xNzguMTI4LjQ5LjYxIjt9czo2OiJfZmxhc2giO2E6Mjp7czozOiJvbGQiO2E6MDp7fXM6MzoibmV3IjthOjA6e319fQ==',1678342143,'Canada','','iPhone','Mobile','Safari Browser'),('dswZxHD5zAzz5IgtbGERJZZ0YBJHP6hRFNCSjb0R',NULL,'188.166.155.174','Mozilla/5.0 (Windows NT 10.0; Win64; x64) AppleWebKit/537.36 (KHTML, like Gecko) Chrome/108.0.0.0 Safari/537.36','YTozOntzOjY6Il90b2tlbiI7czo0MDoicXBISlF3TTYzdTZBQ3hlOExDc0h6OG1YUUlBcWF0NEVwZFNST0tKaSI7czo5OiJfcHJldmlvdXMiO2E6MTp7czozOiJ1cmwiO3M6MjA6Imh0dHA6Ly8xNzguMTI4LjQ5LjYxIjt9czo2OiJfZmxhc2giO2E6Mjp7czozOiJvbGQiO2E6MDp7fXM6MzoibmV3IjthOjA6e319fQ==',1678345967,'United Kingdom','London','Windows 10','Computer','Chrome'),('A07mXan0mEJbEhNef5Y7k2YtcsPahY2QtdEPXDje',NULL,'138.68.81.206','FooBarTest','YTozOntzOjY6Il90b2tlbiI7czo0MDoiNXViSlZHREZyQ1JSMkp6TFk5aXV0V2t3YkUwbUNwRE45cGZFUUVISiI7czo5OiJfcHJldmlvdXMiO2E6MTp7czozOiJ1cmwiO3M6Mjg6Imh0dHA6Ly90ZXN0LmdldHByb3h5bGlzdC5jb20iO31zOjY6Il9mbGFzaCI7YToyOntzOjM6Im9sZCI7YTowOnt9czozOiJuZXciO2E6MDp7fX19',1678342508,'Germany','Frankfurt am Main','Unknown OS Platform','Computer','Unknown Browser'),('0nRjnFFvZ0xkYVS35XGtTI1qKeukfSk123OwD7Br',NULL,'157.245.218.14','Mozilla/5.0 (X11; Linux x86_64; rv:73.0) Gecko/20100101 Firefox/73.0','YTozOntzOjY6Il90b2tlbiI7czo0MDoicmtrYTk3RzZzTVVxTTA2cEhXcTd3bWhoV0xVVzFVamF2MTVhQU5naiI7czo5OiJfcHJldmlvdXMiO2E6MTp7czozOiJ1cmwiO3M6MTY6Imh0dHA6Ly8xMjcuMC4xLjEiO31zOjY6Il9mbGFzaCI7YToyOntzOjM6Im9sZCI7YTowOnt9czozOiJuZXciO2E6MDp7fX19',1678344420,'United States','Clifton','Linux','Computer','Firefox'),('eRqcLk7ton5Fz8GoxY0iiQf8Fj1iL2JJPyFq3Bch',NULL,'218.204.253.103','Mozilla/5.0 (Windows NT 10.0; Win64; x64) AppleWebKit/537.36 (KHTML, like Gecko) Chrome/110.0.0.0 Safari/537.36 Edg/110.0.1587.63','YTozOntzOjY6Il90b2tlbiI7czo0MDoiRGw4VTkzcVAyV091d2JJaWJiSVhXbHk5REEwR0FrWGpCT3gxU1FUaSI7czo5OiJfcHJldmlvdXMiO2E6MTp7czozOiJ1cmwiO3M6NDU6Imh0dHA6Ly9yYXdwbGF5Y2FzaW5vLmNvLnVrL2NhdGVnb3JpZXMvcGxheW5nbyI7fXM6NjoiX2ZsYXNoIjthOjI6e3M6Mzoib2xkIjthOjA6e31zOjM6Im5ldyI7YTowOnt9fX0=',1678345025,'China','','Windows 10','Computer','Chrome'),('3j3syLRRWszHvqTCrWIUoWFfuEDJ2LMgNQPRf8q0',NULL,'149.154.161.251','TelegramBot (like TwitterBot)','YTozOntzOjY6Il90b2tlbiI7czo0MDoiUVA4UEpHVENtQzQ2eHF1NElBNXY4S3BFWERlZnBMQXE4S2RSSDJPNyI7czo5OiJfcHJldmlvdXMiO2E6MTp7czozOiJ1cmwiO3M6NDU6Imh0dHA6Ly9yYXdwbGF5Y2FzaW5vLmNvLnVrL2NhdGVnb3JpZXMvcGxheW5nbyI7fXM6NjoiX2ZsYXNoIjthOjI6e3M6Mzoib2xkIjthOjA6e31zOjM6Im5ldyI7YTowOnt9fX0=',1678345100,'United Kingdom','','Unknown OS Platform','Computer','Unknown Browser'),('Bi4ZOUaoATZRuQNdMOoJjK3qj7IXsuzvnQ7sMhRb',NULL,'159.65.157.131','Mozilla/5.0 (Windows NT 10.0; Win64; x64) AppleWebKit/537.36 (KHTML, like Gecko) Chrome/70.0.3538.77 Safari/537.36','YTozOntzOjY6Il90b2tlbiI7czo0MDoiT2p6QWtPNnhEaUtid3hTZGdyODc0eTNueXdtSHo0UkRlOTBPbGRmYiI7czo5OiJfcHJldmlvdXMiO2E6MTp7czozOiJ1cmwiO3M6MjA6Imh0dHA6Ly8xNzguMTI4LjQ5LjYxIjt9czo2OiJfZmxhc2giO2E6Mjp7czozOiJvbGQiO2E6MDp7fXM6MzoibmV3IjthOjA6e319fQ==',1678345178,'India','Bengaluru','Windows 10','Computer','Chrome'),('ggqCCYSdjwUYyLFBoPsr6HqnFGiMfLcwVRTyUWor',NULL,'159.65.157.131','Mozilla/5.0 (Windows NT 10.0; Win64; x64) AppleWebKit/537.36 (KHTML, like Gecko) Chrome/70.0.3538.77 Safari/537.36','YTozOntzOjY6Il90b2tlbiI7czo0MDoiem1lamgxSEMxNTM0RFU5WWJDNDVyODV0VFM0R0VFUWYxeW83bDNiSyI7czo5OiJfcHJldmlvdXMiO2E6MTp7czozOiJ1cmwiO3M6Mzk6Imh0dHA6Ly8xNzguMTI4LjQ5LjYxL2NhdGVnb3JpZXMvcGxheW5nbyI7fXM6NjoiX2ZsYXNoIjthOjI6e3M6Mzoib2xkIjthOjA6e31zOjM6Im5ldyI7YTowOnt9fX0=',1678345178,'India','Bengaluru','Windows 10','Computer','Chrome'),('zEyroWDMFLa45tWO7grlScikJJNqQ0JF1JeW9kbT',NULL,'46.101.49.77','Mozilla/5.0 (Macintosh; Intel Mac OS X 10_11_1) AppleWebKit/601.2.4 (KHTML, like Gecko) Version/9.0.1 Safari/601.2.4 facebookexternalhit/1.1 Facebot Twitterbot/1.0','YTozOntzOjY6Il90b2tlbiI7czo0MDoiNjJJMUVTZ3JJVVlJSE5NQlN0ZUViOUdUMDV2TzVmVXBqR2FrYlRpTiI7czo5OiJfcHJldmlvdXMiO2E6MTp7czozOiJ1cmwiO3M6NDE6Imh0dHA6Ly9yYXdwbGF5Y2FzaW5vLmNvLnVrL2NhdGVnb3JpZXMvbmV3Ijt9czo2OiJfZmxhc2giO2E6Mjp7czozOiJvbGQiO2E6MDp7fXM6MzoibmV3IjthOjA6e319fQ==',1678350773,'United Kingdom','London','Mac OS X','Computer','Safari'),('QxJFQ36qv1wrjGHUH3EtP5ldtvj7Ln2Wma4MCRCV',12,'103.167.135.63','Mozilla/5.0 (iPhone; CPU iPhone OS 15_5 like Mac OS X) AppleWebKit/605.1.15 (KHTML, like Gecko) Version/15.5 Mobile/15E148 Safari/604.1','YTo0OntzOjY6Il90b2tlbiI7czo0MDoieGtEdXExeHJTcXRTWjJpREs0eEsyNG50R2w4Umxmd3lwcmt1WGcwUSI7czo5OiJfcHJldmlvdXMiO2E6MTp7czozOiJ1cmwiO3M6NDU6Imh0dHA6Ly9yYXdwbGF5Y2FzaW5vLmNvLnVrL2NhdGVnb3JpZXMvcGxheW5nbyI7fXM6NjoiX2ZsYXNoIjthOjI6e3M6Mzoib2xkIjthOjA6e31zOjM6Im5ldyI7YTowOnt9fXM6MTA6ImZyZWVVc2VySUQiO2k6MTI7fQ==',1678383352,'Unknown','Unknown','iPhone','Mobile','Safari Browser'),('eBxLTQckP1G6Q1ccFzrtEGtPy1nGp2A0WqUa8Lcu',NULL,'193.142.146.214','Linux Gnu (cow)','YTozOntzOjY6Il90b2tlbiI7czo0MDoibE9WTkxMMXJpQkVoYVFwdjFrcDZkTWoyS2JteDBjMXBNWW9ramk2TiI7czo5OiJfcHJldmlvdXMiO2E6MTp7czozOiJ1cmwiO3M6MjA6Imh0dHA6Ly8xNzguMTI4LjQ5LjYxIjt9czo2OiJfZmxhc2giO2E6Mjp7czozOiJvbGQiO2E6MDp7fXM6MzoibmV3IjthOjA6e319fQ==',1678345264,'Netherlands','','Linux','Computer','Unknown Browser'),('DOHB3Bi77KQtvVgZr2sax27Eruf9ho4PNmwE7oDJ',NULL,'193.32.162.159','Mozilla/5.0 (Windows NT 10.0; Win64; x64) AppleWebKit/537.36 (KHTML, like Gecko) Chrome/90.0.4430.85 Safari/537.36 Edg/90.0.818.46','YToyOntzOjY6Il90b2tlbiI7czo0MDoiNHV1eU53TXlxWHRxSm5jMFM3b1FlSDdXV0Z4TUtCZ2JKQ1F3M2M4RyI7czo2OiJfZmxhc2giO2E6Mjp7czozOiJvbGQiO2E6MDp7fXM6MzoibmV3IjthOjA6e319fQ==',1678345559,'Romania','','Windows 10','Computer','Chrome'),('kb8ptjQBWGFJy64onYhRehXOjsyOAiyea4TWm3zp',NULL,'188.166.155.174','Mozilla/5.0 (Windows NT 10.0; Win64; x64) AppleWebKit/537.36 (KHTML, like Gecko) Chrome/108.0.0.0 Safari/537.36','YTozOntzOjY6Il90b2tlbiI7czo0MDoib3F3VEJ1MU54T0lZaDFlZGpIN1pOcHczWlY5aUk3R0VjbFh6ejRsaCI7czo5OiJfcHJldmlvdXMiO2E6MTp7czozOiJ1cmwiO3M6Mzk6Imh0dHA6Ly8xNzguMTI4LjQ5LjYxL2NhdGVnb3JpZXMvcGxheW5nbyI7fXM6NjoiX2ZsYXNoIjthOjI6e3M6Mzoib2xkIjthOjA6e31zOjM6Im5ldyI7YTowOnt9fX0=',1678345967,'United Kingdom','London','Windows 10','Computer','Chrome'),('veQKNhBZrGEiXsxchfCAIP2qs9wCVccQdDQCsAD6',NULL,'143.110.222.166','Mozilla/5.0 (iPhone; CPU iPhone OS 16_1 like Mac OS X) AppleWebKit/605.1.15 (KHTML, like Gecko) Version/16.1 Mobile/15E148 Safari/604.1','YTozOntzOjY6Il90b2tlbiI7czo0MDoiOW5mM3oxQkdZbFl5VXpKNzl3QlVadjM2OHVIRjNHVEc5eHVBN1M4SyI7czo5OiJfcHJldmlvdXMiO2E6MTp7czozOiJ1cmwiO3M6MjA6Imh0dHA6Ly8xNzguMTI4LjQ5LjYxIjt9czo2OiJfZmxhc2giO2E6Mjp7czozOiJvbGQiO2E6MDp7fXM6MzoibmV3IjthOjA6e319fQ==',1678346127,'Canada','','iPhone','Mobile','Safari Browser'),('VGKs8XUDfQ1JTjokIT6tcXWGK4hgdY9JMPyhqOHt',NULL,'157.245.218.14','Mozilla/5.0 (X11; Linux x86_64; rv:73.0) Gecko/20100101 Firefox/73.0','YTozOntzOjY6Il90b2tlbiI7czo0MDoibmd6dFlQMU5YMDZ1V04weUJjUGowOGVpMzlxOXVwVG16TEdkUW9lOSI7czo5OiJfcHJldmlvdXMiO2E6MTp7czozOiJ1cmwiO3M6Mzk6Imh0dHA6Ly8xNzguMTI4LjQ5LjYxL2NhdGVnb3JpZXMvcGxheW5nbyI7fXM6NjoiX2ZsYXNoIjthOjI6e3M6Mzoib2xkIjthOjA6e31zOjM6Im5ldyI7YTowOnt9fX0=',1678346429,'United States','Clifton','Linux','Computer','Firefox'),('07bR4h9Eyz3oFw1RYbtAVS1pTbEwupwvRG1jiq9k',NULL,'185.246.220.98','Mozilla/5.0 (X11; Ubuntu; Linux x86_64; rv:76.0) Gecko/20100101 Firefox/76.0','YTozOntzOjY6Il90b2tlbiI7czo0MDoiMGJuRUV6TFROTWkyTVlNUXRSdURjV3Z3b2lmN09qOEpCU0xrVWphSCI7czo5OiJfcHJldmlvdXMiO2E6MTp7czozOiJ1cmwiO3M6MjA6Imh0dHA6Ly8xNzguMTI4LjQ5LjYxIjt9czo2OiJfZmxhc2giO2E6Mjp7czozOiJvbGQiO2E6MDp7fXM6MzoibmV3IjthOjA6e319fQ==',1678346826,'Germany','','Ubuntu','Computer','Firefox'),('90OLIWnASGiPbwy5GfSFlHGIEuTOGnaUrfOi4jEI',NULL,'143.110.222.166','Mozilla/5.0 (iPhone; CPU iPhone OS 16_1 like Mac OS X) AppleWebKit/605.1.15 (KHTML, like Gecko) Version/16.1 Mobile/15E148 Safari/604.1','YTozOntzOjY6Il90b2tlbiI7czo0MDoiSnRENHUxdnhvMjNscFhkOWpCTVJtUlNydnl5WTNQYXRVMmQ2aUdqTiI7czo5OiJfcHJldmlvdXMiO2E6MTp7czozOiJ1cmwiO3M6MjA6Imh0dHA6Ly8xNzguMTI4LjQ5LjYxIjt9czo2OiJfZmxhc2giO2E6Mjp7czozOiJvbGQiO2E6MDp7fXM6MzoibmV3IjthOjA6e319fQ==',1678349790,'Canada','','iPhone','Mobile','Safari Browser'),('vnz3EgV9ijCHkfLtWsPLOaMRtuxKoniZ7oMOWaE9',NULL,'46.101.49.77','Mozilla/5.0 (Macintosh; Intel Mac OS X 10_11_1) AppleWebKit/601.2.4 (KHTML, like Gecko) Version/9.0.1 Safari/601.2.4 facebookexternalhit/1.1 Facebot Twitterbot/1.0','YTozOntzOjY6Il90b2tlbiI7czo0MDoiSHRFMHdKbEVBeGxEVmVxMnZUR3F1bTRReDE3aGRNSlZMZlFZZ1NLZyI7czo5OiJfcHJldmlvdXMiO2E6MTp7czozOiJ1cmwiO3M6NDE6Imh0dHA6Ly9yYXdwbGF5Y2FzaW5vLmNvLnVrL2NhdGVnb3JpZXMvbmV3Ijt9czo2OiJfZmxhc2giO2E6Mjp7czozOiJvbGQiO2E6MDp7fXM6MzoibmV3IjthOjA6e319fQ==',1678350776,'United Kingdom','London','Mac OS X','Computer','Safari'),('75oA9FivjFDJHdHrZDV0i6t5Ekh1vjNaPCT7hb6X',NULL,'179.43.177.242','Hello World','YTozOntzOjY6Il90b2tlbiI7czo0MDoiQUp0S2F0Y3QxNXI4bzQwWnNlbXViSXhUZWlPMTZKdDJoaVMxNDE1MyI7czo5OiJfcHJldmlvdXMiO2E6MTp7czozOiJ1cmwiO3M6MjA6Imh0dHA6Ly8xNzguMTI4LjQ5LjYxIjt9czo2OiJfZmxhc2giO2E6Mjp7czozOiJvbGQiO2E6MDp7fXM6MzoibmV3IjthOjA6e319fQ==',1678352886,'Switzerland','Zurich','Unknown OS Platform','Computer','Unknown Browser'),('gF03PXoyMv0jP0PU38TXMlBAzSstBwT9CAu5sBvN',NULL,'143.110.222.166','Mozilla/5.0 (iPhone; CPU iPhone OS 16_1 like Mac OS X) AppleWebKit/605.1.15 (KHTML, like Gecko) Version/16.1 Mobile/15E148 Safari/604.1','YTozOntzOjY6Il90b2tlbiI7czo0MDoiVmlBTlloV09aZHc4WXNHU3A1cXNDZGFhc0l6bXBsMEFxaHNtbmQ1bCI7czo5OiJfcHJldmlvdXMiO2E6MTp7czozOiJ1cmwiO3M6MjA6Imh0dHA6Ly8xNzguMTI4LjQ5LjYxIjt9czo2OiJfZmxhc2giO2E6Mjp7czozOiJvbGQiO2E6MDp7fXM6MzoibmV3IjthOjA6e319fQ==',1678353189,'Canada','','iPhone','Mobile','Safari Browser'),('KXv2kSx8JoI42xjyIUYbYPFnW1jVeglFDMxE1eG7',NULL,'168.151.97.15','Mozilla/5.0 (iPhone; CPU iPhone OS 16_1_1 like Mac OS X) AppleWebKit/605.1.15 (KHTML, like Gecko) Version/16.1 Mobile/15E148 Safari/604.1','YTozOntzOjY6Il90b2tlbiI7czo0MDoibGN0bXFGalljTlY1ZkphRVI2SzRNVjR6akMySVlTTDhjWkNTZ3ZJMyI7czo5OiJfcHJldmlvdXMiO2E6MTp7czozOiJ1cmwiO3M6NDU6Imh0dHA6Ly9yYXdwbGF5Y2FzaW5vLmNvLnVrL2NhdGVnb3JpZXMvcGxheW5nbyI7fXM6NjoiX2ZsYXNoIjthOjI6e3M6Mzoib2xkIjthOjA6e31zOjM6Im5ldyI7YTowOnt9fX0=',1678354184,'United States','Los Angeles','iPhone','Mobile','Safari Browser'),('EaRqSqdm09u6AIfAu9AIGJxU5os0O3rx6nyCi0Gd',NULL,'8.219.100.190','','YTozOntzOjY6Il90b2tlbiI7czo0MDoiaDVaV1RxM3RWMXlQc2FyRHViODBxOERVWlhqdTYycnZ0ZUFxaVdLdCI7czo5OiJfcHJldmlvdXMiO2E6MTp7czozOiJ1cmwiO3M6MjA6Imh0dHA6Ly8xNzguMTI4LjQ5LjYxIjt9czo2OiJfZmxhc2giO2E6Mjp7czozOiJvbGQiO2E6MDp7fXM6MzoibmV3IjthOjA6e319fQ==',1678354407,'Singapore','','Unknown OS Platform','Computer','Unknown Browser'),('IdsS9ZN3mNc2X1wnMwd7XMLov2Xpnc0P4LY1aJx0',NULL,'8.219.100.190','Mozilla/5.0 (Macintosh; Intel Mac OS X 10_14_6) AppleWebKit/537.36 (KHTML, like Gecko) Chrome/76.0.3809.132 Safari/537.36','YTozOntzOjY6Il90b2tlbiI7czo0MDoiV1lSSGxHMXdCQmZWWmxVVmdiRE5RYWF5OTdiNzJ4dWp6aFpOTzBVYSI7czo5OiJfcHJldmlvdXMiO2E6MTp7czozOiJ1cmwiO3M6Mzk6Imh0dHA6Ly8xNzguMTI4LjQ5LjYxL2NhdGVnb3JpZXMvcGxheW5nbyI7fXM6NjoiX2ZsYXNoIjthOjI6e3M6Mzoib2xkIjthOjA6e31zOjM6Im5ldyI7YTowOnt9fX0=',1678354411,'Singapore','','Mac OS X','Computer','Chrome'),('9fIAVsMMuq5BwexU7FQ6en5iWZY2DAJ45YIhw8OF',NULL,'193.32.162.159','Mozilla/5.0 (Windows NT 10.0; Win64; x64) AppleWebKit/537.36 (KHTML, like Gecko) Chrome/90.0.4430.85 Safari/537.36 Edg/90.0.818.46','YToyOntzOjY6Il90b2tlbiI7czo0MDoiaU9ZQUJmaXlVbm42WTBqQVR3ZUU1bXBVVFNyalNpNm9oWlU1aENhVCI7czo2OiJfZmxhc2giO2E6Mjp7czozOiJvbGQiO2E6MDp7fXM6MzoibmV3IjthOjA6e319fQ==',1678355454,'Romania','','Windows 10','Computer','Chrome'),('jsSBq03Zs1C9PvvJEunapcKOFvRFDwEaTjHA8s8i',NULL,'216.218.206.67','Mozilla/5.0 (Windows NT 10.0; Win64; x64) AppleWebKit/537.36 (KHTML, like Gecko) Chrome/109.0.0.0 Safari/537.36 Edg/109.0.1518.78','YTozOntzOjY6Il90b2tlbiI7czo0MDoiUlNMYjV4Wjg4dEFpQWZOd0pKeXRxdTYyUXlERG5Ka0JmNWNMTktmZSI7czo5OiJfcHJldmlvdXMiO2E6MTp7czozOiJ1cmwiO3M6MjA6Imh0dHA6Ly8xNzguMTI4LjQ5LjYxIjt9czo2OiJfZmxhc2giO2E6Mjp7czozOiJvbGQiO2E6MDp7fXM6MzoibmV3IjthOjA6e319fQ==',1678356045,'United States','Cazadero','Windows 10','Computer','Chrome'),('nt2bi1V2JVnTS4ui8gF53NsAbsj95pP1VhoBDIZm',NULL,'143.110.222.166','Mozilla/5.0 (iPhone; CPU iPhone OS 16_1 like Mac OS X) AppleWebKit/605.1.15 (KHTML, like Gecko) Version/16.1 Mobile/15E148 Safari/604.1','YTozOntzOjY6Il90b2tlbiI7czo0MDoiYzB1Q2s3RTVXenpqR2VFVXNLV1Mxa25wWW5oazZLbVM3NVM3eTVsNSI7czo5OiJfcHJldmlvdXMiO2E6MTp7czozOiJ1cmwiO3M6MjA6Imh0dHA6Ly8xNzguMTI4LjQ5LjYxIjt9czo2OiJfZmxhc2giO2E6Mjp7czozOiJvbGQiO2E6MDp7fXM6MzoibmV3IjthOjA6e319fQ==',1678356871,'Canada','','iPhone','Mobile','Safari Browser'),('PgwkwNTRn3MXQSSSqbHpbdrzpBC2Jcx24h6eB0io',NULL,'1.192.217.50','Mozilla/5.0 Chrome/69.0.3497.100 Safari/537.36','YTozOntzOjY6Il90b2tlbiI7czo0MDoiTnJDaUFiQUZGVkRqc2h2dEF5WWRka2dpUmF5TTR5amRxblhNRXY3YyI7czo5OiJfcHJldmlvdXMiO2E6MTp7czozOiJ1cmwiO3M6MTY6Imh0dHA6Ly8xMjcuMC4xLjEiO31zOjY6Il9mbGFzaCI7YToyOntzOjM6Im9sZCI7YTowOnt9czozOiJuZXciO2E6MDp7fX19',1678357220,'China','Zhengzhou','Unknown OS Platform','Computer','Chrome'),('gV01U4GHRIy0LKRGVX1o3lC0h6Ie9njzJM8PaJhT',NULL,'194.15.219.141','Mozilla/5.0 (Windows NT 6.1; WOW64) AppleWebKit/537.36 (KHTML, like Gecko) Chrome/52.0.2743.116 Safari/537.36','YTozOntzOjY6Il90b2tlbiI7czo0MDoiT2NyTmVVdFE1YTNDR2Z2Tm1ZWDBUOE9ZTU42QkZYZzNjdXBmbjk0RSI7czo5OiJfcHJldmlvdXMiO2E6MTp7czozOiJ1cmwiO3M6MjA6Imh0dHA6Ly8xNzguMTI4LjQ5LjYxIjt9czo2OiJfZmxhc2giO2E6Mjp7czozOiJvbGQiO2E6MDp7fXM6MzoibmV3IjthOjA6e319fQ==',1678358728,'Spain','Motril','Windows 7','Computer','Chrome'),('qiv7pNfnEHrf4q68499rHmMl8A8K3D0BbxUOeo5w',NULL,'143.110.222.166','Mozilla/5.0 (iPhone; CPU iPhone OS 16_1 like Mac OS X) AppleWebKit/605.1.15 (KHTML, like Gecko) Version/16.1 Mobile/15E148 Safari/604.1','YTozOntzOjY6Il90b2tlbiI7czo0MDoiUld6TWZjeVZSWWtXYUZ0Um9YUGtwVUp0Nkw2NDhxbEkyV0g5MFlzTSI7czo5OiJfcHJldmlvdXMiO2E6MTp7czozOiJ1cmwiO3M6MjA6Imh0dHA6Ly8xNzguMTI4LjQ5LjYxIjt9czo2OiJfZmxhc2giO2E6Mjp7czozOiJvbGQiO2E6MDp7fXM6MzoibmV3IjthOjA6e319fQ==',1678360498,'Canada','','iPhone','Mobile','Safari Browser'),('4n8ZQ1E1xefM4zhpF0shSxtNxrZDD0YniYxvm9ts',NULL,'193.32.162.159','Mozilla/5.0 (Windows NT 10.0; Win64; x64) AppleWebKit/537.36 (KHTML, like Gecko) Chrome/90.0.4430.85 Safari/537.36 Edg/90.0.818.46','YToyOntzOjY6Il90b2tlbiI7czo0MDoia3JKZDdEUG1xak1MdFgwRWlCNHpRWk4yU2tURjlZMDJ2VkxqSTlqRyI7czo2OiJfZmxhc2giO2E6Mjp7czozOiJvbGQiO2E6MDp7fXM6MzoibmV3IjthOjA6e319fQ==',1678362599,'Romania','','Windows 10','Computer','Chrome'),('OjjWCuE5QfsFAAqFf1ySfS81gWTUUBWUbIubOZz9',NULL,'143.110.222.166','Mozilla/5.0 (iPhone; CPU iPhone OS 16_1 like Mac OS X) AppleWebKit/605.1.15 (KHTML, like Gecko) Version/16.1 Mobile/15E148 Safari/604.1','YTozOntzOjY6Il90b2tlbiI7czo0MDoiamxtTlVFTlBmcXJDM1NHYmJsZWljNzRKd3gxcjhWdG9XbEVyTVZRcSI7czo5OiJfcHJldmlvdXMiO2E6MTp7czozOiJ1cmwiO3M6MjA6Imh0dHA6Ly8xNzguMTI4LjQ5LjYxIjt9czo2OiJfZmxhc2giO2E6Mjp7czozOiJvbGQiO2E6MDp7fXM6MzoibmV3IjthOjA6e319fQ==',1678364136,'Canada','','iPhone','Mobile','Safari Browser'),('DUBbCtbJLay8ylletiJESqBzRUc7hRr6t1gGQkwg',NULL,'139.59.209.155','FooBarTest','YTozOntzOjY6Il90b2tlbiI7czo0MDoiVGhReDU5WG9wWThia3JDellNNlJPWnF1S05mN05uVlJVeFFQanBuYyI7czo5OiJfcHJldmlvdXMiO2E6MTp7czozOiJ1cmwiO3M6Mjg6Imh0dHA6Ly90ZXN0LmdldHByb3h5bGlzdC5jb20iO31zOjY6Il9mbGFzaCI7YToyOntzOjM6Im9sZCI7YTowOnt9czozOiJuZXciO2E6MDp7fX19',1678364343,'Germany','Frankfurt am Main','Unknown OS Platform','Computer','Unknown Browser'),('6ArAMRVp7h7PN9dBCl0tqcowWo5rI52uR54TbtSC',NULL,'143.110.222.166','Mozilla/5.0 (iPhone; CPU iPhone OS 16_1 like Mac OS X) AppleWebKit/605.1.15 (KHTML, like Gecko) Version/16.1 Mobile/15E148 Safari/604.1','YTozOntzOjY6Il90b2tlbiI7czo0MDoiMmRsaVNjSmNzdW0zcmZ5MWNaYXA1Vk5XeGJWY083dkhlNWo5enFUMiI7czo5OiJfcHJldmlvdXMiO2E6MTp7czozOiJ1cmwiO3M6MjA6Imh0dHA6Ly8xNzguMTI4LjQ5LjYxIjt9czo2OiJfZmxhc2giO2E6Mjp7czozOiJvbGQiO2E6MDp7fXM6MzoibmV3IjthOjA6e319fQ==',1678366908,'Canada','','iPhone','Mobile','Safari Browser'),('i6RO4cAFG9VA0ZJKmG9yd7RCM2ux6P89caC3H9Bu',NULL,'193.32.162.159','Mozilla/5.0 (Windows NT 10.0; Win64; x64) AppleWebKit/537.36 (KHTML, like Gecko) Chrome/90.0.4430.85 Safari/537.36 Edg/90.0.818.46','YToyOntzOjY6Il90b2tlbiI7czo0MDoiT0RkMzFXZGRTUXhjRlZPdEZURG9qTENmUENQZ0pTRkV5T1RWbGxsNiI7czo2OiJfZmxhc2giO2E6Mjp7czozOiJvbGQiO2E6MDp7fXM6MzoibmV3IjthOjA6e319fQ==',1678367689,'Romania','','Windows 10','Computer','Chrome'),('yRfJX88rw744reQnmpx53hbG881hk8juoGV4nM3l',NULL,'94.102.61.10','python-requests/2.26.0','YTozOntzOjY6Il90b2tlbiI7czo0MDoibHB1NXZ6cEhnZ2paWnFsOGtDaThMR0VqWDVPZjN1am5DSGVGOEVwZCI7czo5OiJfcHJldmlvdXMiO2E6MTp7czozOiJ1cmwiO3M6Mzk6Imh0dHA6Ly8xNzguMTI4LjQ5LjYxL2NhdGVnb3JpZXMvcGxheW5nbyI7fXM6NjoiX2ZsYXNoIjthOjI6e3M6Mzoib2xkIjthOjA6e31zOjM6Im5ldyI7YTowOnt9fX0=',1678368149,'Netherlands','','Unknown OS Platform','Computer','Unknown Browser'),('xnrXMceAb8rnD37Nw5YYVK4raLC8bfpvBAFvUmi2',NULL,'94.102.61.10','python-requests/2.26.0','YTozOntzOjY6Il90b2tlbiI7czo0MDoiY0p6UHlNWDdnMnFJUXlHNm9reHl3ZktvdmtobE1SMEk3dFFVRGo3TSI7czo5OiJfcHJldmlvdXMiO2E6MTp7czozOiJ1cmwiO3M6Mzk6Imh0dHA6Ly8xNzguMTI4LjQ5LjYxL2NhdGVnb3JpZXMvcGxheW5nbyI7fXM6NjoiX2ZsYXNoIjthOjI6e3M6Mzoib2xkIjthOjA6e31zOjM6Im5ldyI7YTowOnt9fX0=',1678368849,'Netherlands','','Unknown OS Platform','Computer','Unknown Browser'),('DIeaBwT84T7oZ3AZHoLBNhA7aRQbNG9XumsA5HlH',1,'52.198.13.233','Mozilla/5.0 (iPhone; CPU iPhone OS 16_1_1 like Mac OS X) AppleWebKit/605.1.15 (KHTML, like Gecko) Version/16.1 Mobile/15E148 Safari/604.1','YTo1OntzOjY6Il90b2tlbiI7czo0MDoiOUlRdnJpWjRYWTI4SkNUUm1yTmI5Sjg3aWVuQnVnYUQyV2lWbUlyQyI7czo5OiJfcHJldmlvdXMiO2E6MTp7czozOiJ1cmwiO3M6NDA6Imh0dHA6Ly9yYXdwbGF5Y2FzaW5vLmNvLnVrL2JhY2tlbmQvc2hvcHMiO31zOjY6Il9mbGFzaCI7YToyOntzOjM6Im9sZCI7YTowOnt9czozOiJuZXciO2E6MDp7fX1zOjM6InVybCI7YToxOntzOjg6ImludGVuZGVkIjtzOjM0OiJodHRwOi8vcmF3cGxheWNhc2luby5jby51ay9iYWNrZW5kIjt9czo1MDoibG9naW5fd2ViXzU5YmEzNmFkZGMyYjJmOTQwMTU4MGYwMTRjN2Y1OGVhNGUzMDk4OWQiO2k6MTt9',1678369403,'Japan','Tokyo','iPhone','Mobile','Safari Browser'),('rCBpGRGjXjaa4qoH9PqOCyGziKdXnmzu94J7x0MU',6,'46.12.58.19','Mozilla/5.0 (Windows NT 10.0; Win64; x64) AppleWebKit/537.36 (KHTML, like Gecko) Chrome/110.0.0.0 Safari/537.36','YTo1OntzOjY6Il90b2tlbiI7czo0MDoib0ZHcWpsMXlCZUVwbnhNQ055VmNGUHdpcFRrcUZLMDlxMWp3aWl0aCI7czo5OiJfcHJldmlvdXMiO2E6MTp7czozOiJ1cmwiO3M6NTE6Imh0dHA6Ly8xNzguMTI4LjQ5LjYxL2dhbWUvUG93ZXJTdGFyc0dUP2FwaV9leGl0PSUyRiI7fXM6NjoiX2ZsYXNoIjthOjI6e3M6Mzoib2xkIjthOjA6e31zOjM6Im5ldyI7YTowOnt9fXM6NTA6ImxvZ2luX3dlYl81OWJhMzZhZGRjMmIyZjk0MDE1ODBmMDE0YzdmNThlYTRlMzA5ODlkIjtpOjY7czoxMDoiZnJlZVVzZXJJRCI7aTowO30=',1678370262,'Greece','Thessaloniki','Windows 10','Computer','Chrome'),('zkBKoxlv1JZ6IOkQSBlTwMk4Lq9TvCkx2ziuzwcM',24,'195.206.191.249','Mozilla/5.0 (iPhone; CPU iPhone OS 16_1_1 like Mac OS X) AppleWebKit/605.1.15 (KHTML, like Gecko) Version/16.1 Mobile/15E148 Safari/604.1','YTozOntzOjY6Il90b2tlbiI7czo0MDoiQmFZNGh6QUZEZTJKR3dEaDc0dFBkaHpiTlBkaGc1MTB4d0ttWk5uZyI7czo5OiJfcHJldmlvdXMiO2E6MTp7czozOiJ1cmwiO3M6NDU6Imh0dHA6Ly9yYXdwbGF5Y2FzaW5vLmNvLnVrL2NhdGVnb3JpZXMvcGxheW5nbyI7fXM6NjoiX2ZsYXNoIjthOjI6e3M6Mzoib2xkIjthOjA6e31zOjM6Im5ldyI7YTowOnt9fX0=',1678377290,'United Kingdom','','iPhone','Mobile','Safari Browser'),('d0NiWzwCQw0MxGmqKP2O7NethCnKtMK36yBxlsbg',NULL,'143.110.222.166','Mozilla/5.0 (iPhone; CPU iPhone OS 16_1 like Mac OS X) AppleWebKit/605.1.15 (KHTML, like Gecko) Version/16.1 Mobile/15E148 Safari/604.1','YTozOntzOjY6Il90b2tlbiI7czo0MDoiWFNyMU02R0UwWExkakUzeHdWUzhSYTZOaG5GNHJGMkVxUXJUWVg3ZCI7czo5OiJfcHJldmlvdXMiO2E6MTp7czozOiJ1cmwiO3M6MjA6Imh0dHA6Ly8xNzguMTI4LjQ5LjYxIjt9czo2OiJfZmxhc2giO2E6Mjp7czozOiJvbGQiO2E6MDp7fXM6MzoibmV3IjthOjA6e319fQ==',1678370908,'Canada','','iPhone','Mobile','Safari Browser'),('VqRpmi0XG2hXGkUAcQ2OC6CfRM2Hpft8q8szE62Y',NULL,'193.142.146.214','Linux Gnu (cow)','YTozOntzOjY6Il90b2tlbiI7czo0MDoiSFJ5M2pKcFRsY2x0dUhkYXdNR1VtQ2o5bnJZUjhUbzNLMVcyeEdLUSI7czo5OiJfcHJldmlvdXMiO2E6MTp7czozOiJ1cmwiO3M6MjA6Imh0dHA6Ly8xNzguMTI4LjQ5LjYxIjt9czo2OiJfZmxhc2giO2E6Mjp7czozOiJvbGQiO2E6MDp7fXM6MzoibmV3IjthOjA6e319fQ==',1678371321,'Netherlands','','Linux','Computer','Unknown Browser'),('COWDVNqATJPY28JtbRjgHmwYuOjl7LkFnyZQh6Za',NULL,'143.110.222.166','Mozilla/5.0 (iPhone; CPU iPhone OS 16_1 like Mac OS X) AppleWebKit/605.1.15 (KHTML, like Gecko) Version/16.1 Mobile/15E148 Safari/604.1','YTozOntzOjY6Il90b2tlbiI7czo0MDoiVkttUGpTM0hWeXZCQVZZMGM0cklKUzFLeklIbnJYN1pvQmxKSU12UiI7czo5OiJfcHJldmlvdXMiO2E6MTp7czozOiJ1cmwiO3M6MjA6Imh0dHA6Ly8xNzguMTI4LjQ5LjYxIjt9czo2OiJfZmxhc2giO2E6Mjp7czozOiJvbGQiO2E6MDp7fXM6MzoibmV3IjthOjA6e319fQ==',1678374237,'Canada','','iPhone','Mobile','Safari Browser'),('8ZNIEuAEVFfIC7iv2LdC1XxOPqfVBKCCPzTUmcwD',NULL,'45.83.66.36','Mozilla/5.0 (Windows NT 10.0; Win64; x64; rv:65.0) Gecko/20100101 Firefox/65.0','YTozOntzOjY6Il90b2tlbiI7czo0MDoiVFcyeWgwY1kwaDZmSmJGc1dCQjRBWHlQVEJUTzJrOG16ZGhtMkFuZCI7czo5OiJfcHJldmlvdXMiO2E6MTp7czozOiJ1cmwiO3M6MjA6Imh0dHA6Ly8xNzguMTI4LjQ5LjYxIjt9czo2OiJfZmxhc2giO2E6Mjp7czozOiJvbGQiO2E6MDp7fXM6MzoibmV3IjthOjA6e319fQ==',1678375426,'Germany','','Windows 10','Computer','Firefox'),('6S3EA4KaJkc6NfhlNiSLaaoZbKxbwe94cc8CVH83',NULL,'45.83.65.170','Mozilla/5.0 (Windows NT 10.0; Win64; x64; rv:65.0) Gecko/20100101 Firefox/65.0','YTozOntzOjY6Il90b2tlbiI7czo0MDoiOW5kWldxRndZVTZpUVNIeXpwYTREQzB5Y2N0cDZwbzdmREpFQ2hpRiI7czo5OiJfcHJldmlvdXMiO2E6MTp7czozOiJ1cmwiO3M6Mzk6Imh0dHA6Ly8xNzguMTI4LjQ5LjYxL2NhdGVnb3JpZXMvcGxheW5nbyI7fXM6NjoiX2ZsYXNoIjthOjI6e3M6Mzoib2xkIjthOjA6e31zOjM6Im5ldyI7YTowOnt9fX0=',1678375426,'Germany','','Windows 10','Computer','Firefox'),('isndh9i7xr2M30erp7WvCT9BAUsEOYBfqJM1YWZr',NULL,'143.110.222.166','Mozilla/5.0 (iPhone; CPU iPhone OS 16_1 like Mac OS X) AppleWebKit/605.1.15 (KHTML, like Gecko) Version/16.1 Mobile/15E148 Safari/604.1','YTozOntzOjY6Il90b2tlbiI7czo0MDoiUUx2SDlweHZVVTBBMVp0VDJNN3g1NTZkM0YwTDNrYXVEMFBNY2hXMiI7czo5OiJfcHJldmlvdXMiO2E6MTp7czozOiJ1cmwiO3M6MjA6Imh0dHA6Ly8xNzguMTI4LjQ5LjYxIjt9czo2OiJfZmxhc2giO2E6Mjp7czozOiJvbGQiO2E6MDp7fXM6MzoibmV3IjthOjA6e319fQ==',1678378202,'Canada','','iPhone','Mobile','Safari Browser'),('6lhDXOzBQ7zQVT8eKpwaRrocE4mNHQmeCyZuzXuv',NULL,'34.213.88.184','Go-http-client/1.1','YTozOntzOjY6Il90b2tlbiI7czo0MDoiTjc4TUJXNHZwSmdic3NBZjIxQnB1MW91Yzlja2FidGVMVVNzaGY5QyI7czo5OiJfcHJldmlvdXMiO2E6MTp7czozOiJ1cmwiO3M6MjA6Imh0dHA6Ly8xNzguMTI4LjQ5LjYxIjt9czo2OiJfZmxhc2giO2E6Mjp7czozOiJvbGQiO2E6MDp7fXM6MzoibmV3IjthOjA6e319fQ==',1678378313,'United States','','Unknown OS Platform','Computer','Unknown Browser'),('nxGYW9CrjcBa40W1HODd482dvNtj6ZdP4IcGWoPi',NULL,'34.213.88.184','Go-http-client/1.1','YTozOntzOjY6Il90b2tlbiI7czo0MDoiQ3FiVnR4MEs0NUxENHN1RmhCTXVRWTdSN2VMNVA1ZXdyQU1DY0JKWiI7czo5OiJfcHJldmlvdXMiO2E6MTp7czozOiJ1cmwiO3M6Mzk6Imh0dHA6Ly8xNzguMTI4LjQ5LjYxL2NhdGVnb3JpZXMvcGxheW5nbyI7fXM6NjoiX2ZsYXNoIjthOjI6e3M6Mzoib2xkIjthOjA6e31zOjM6Im5ldyI7YTowOnt9fX0=',1678378314,'United States','','Unknown OS Platform','Computer','Unknown Browser'),('ddO6g8eRkHbPMyNtxieV1xtJWTbrAK1L3QJEN8sw',NULL,'94.102.51.9','masscan/1.3 (https://github.com/robertdavidgraham/masscan)','YTozOntzOjY6Il90b2tlbiI7czo0MDoiMUZKWGVFZllYRGxDQnRQU1dLeXVCWEo2bHhISmZnUHhGbzZxdkhtVSI7czo5OiJfcHJldmlvdXMiO2E6MTp7czozOiJ1cmwiO3M6MTQ6Imh0dHA6Ly95ZXMuYmV0Ijt9czo2OiJfZmxhc2giO2E6Mjp7czozOiJvbGQiO2E6MDp7fXM6MzoibmV3IjthOjA6e319fQ==',1678379084,'Netherlands','Amsterdam','Unknown OS Platform','Computer','Unknown Browser'),('LdrDZXd7lcPUZH0t0erbfHLQyFQj66nedPVXRHec',NULL,'138.68.80.252','FooBarTest','YTozOntzOjY6Il90b2tlbiI7czo0MDoiSjVCYk05MGlaSnhPcXNKY1hkbExCZWJieWp3SW0xQUQ1YVpoOVNuNSI7czo5OiJfcHJldmlvdXMiO2E6MTp7czozOiJ1cmwiO3M6Mjg6Imh0dHA6Ly90ZXN0LmdldHByb3h5bGlzdC5jb20iO31zOjY6Il9mbGFzaCI7YToyOntzOjM6Im9sZCI7YTowOnt9czozOiJuZXciO2E6MDp7fX19',1678385105,'Germany','Frankfurt am Main','Unknown OS Platform','Computer','Unknown Browser'),('U77EauTAhX0gQpbuO7RH0I3lPtelOlRgwDsImCBW',NULL,'159.223.38.199','Mozilla/5.0 (Windows NT 10.0; Win64; x64) AppleWebKit/537.36 (KHTML, like Gecko) Chrome/88.0.4240.193 Safari/537.36','YTozOntzOjY6Il90b2tlbiI7czo0MDoiMGhBTnRKa0luZU80VFQ0R2pIRkp1dHJ6akxKNm9XQXFmeWh4aTdlaiI7czo5OiJfcHJldmlvdXMiO2E6MTp7czozOiJ1cmwiO3M6NDU6Imh0dHA6Ly9yYXdwbGF5Y2FzaW5vLmNvLnVrL2NhdGVnb3JpZXMvcGxheW5nbyI7fXM6NjoiX2ZsYXNoIjthOjI6e3M6Mzoib2xkIjthOjA6e31zOjM6Im5ldyI7YTowOnt9fX0=',1678381310,'United States','','Windows 10','Computer','Chrome'),('bY3qu37unImdnnbGnFD0quIEkZZyZnnSOyAa4qcP',NULL,'143.110.222.166','Mozilla/5.0 (iPhone; CPU iPhone OS 16_1 like Mac OS X) AppleWebKit/605.1.15 (KHTML, like Gecko) Version/16.1 Mobile/15E148 Safari/604.1','YTozOntzOjY6Il90b2tlbiI7czo0MDoiU0FrYmwyZU9wenBlOVRucXNUMjd5QnJ2VUdxWkRpbFRIRE95V1NaeiI7czo5OiJfcHJldmlvdXMiO2E6MTp7czozOiJ1cmwiO3M6MjA6Imh0dHA6Ly8xNzguMTI4LjQ5LjYxIjt9czo2OiJfZmxhc2giO2E6Mjp7czozOiJvbGQiO2E6MDp7fXM6MzoibmV3IjthOjA6e319fQ==',1678381380,'Canada','','iPhone','Mobile','Safari Browser'),('4LOQCx5I8I9MAD08hvvRvETKnmLlSxTLHw51s3re',NULL,'5.55.168.80','Mozilla/5.0 (iPhone; CPU iPhone OS 16_3 like Mac OS X) AppleWebKit/605.1.15 (KHTML, like Gecko) CriOS/111.0.5563.54 Mobile/15E148 Safari/604.1','YTozOntzOjY6Il90b2tlbiI7czo0MDoiUUZ6THpaNkpTQUZRaG1TMk5jOHk4RUhXRTlaeElUako0YWNES0d1ZiI7czo5OiJfcHJldmlvdXMiO2E6MTp7czozOiJ1cmwiO3M6NDU6Imh0dHA6Ly9yYXdwbGF5Y2FzaW5vLmNvLnVrL2NhdGVnb3JpZXMvcGxheW5nbyI7fXM6NjoiX2ZsYXNoIjthOjI6e3M6Mzoib2xkIjthOjA6e31zOjM6Im5ldyI7YTowOnt9fX0=',1678381640,'Greece','Athens','iPhone','Mobile','Safari Browser'),('1WbMKkDFULcqDsNJwyByY0umCyumDBhPxK8d2pPM',NULL,'35.163.126.114','Mozilla/5.0 (X11; Linux x86_64) AppleWebKit/537.36 (KHTML, like Gecko) Chrome/83.0.4103.97 Safari/537.36','YTozOntzOjY6Il90b2tlbiI7czo0MDoiUzh4bGViYlpNcGI2WnNuUE5FYTNGY0xaZjVxd25VemdFRk1JZE9acCI7czo5OiJfcHJldmlvdXMiO2E6MTp7czozOiJ1cmwiO3M6MjY6Imh0dHA6Ly9yYXdwbGF5Y2FzaW5vLmNvLnVrIjt9czo2OiJfZmxhc2giO2E6Mjp7czozOiJvbGQiO2E6MDp7fXM6MzoibmV3IjthOjA6e319fQ==',1678383102,'United States','','Linux','Computer','Chrome'),('kUP24rtsiSVd4mt7ttRinx6sGIagmFDSYbRqEUZ0',NULL,'35.163.126.114','Mozilla/5.0 (X11; Linux x86_64) AppleWebKit/537.36 (KHTML, like Gecko) Chrome/83.0.4103.97 Safari/537.36','YTozOntzOjY6Il90b2tlbiI7czo0MDoiRWNJQnBBb0lnek1jQm1hbGxnZmxINlhDWUhpVG1vc1pBVUdoQ0xWQSI7czo5OiJfcHJldmlvdXMiO2E6MTp7czozOiJ1cmwiO3M6NDU6Imh0dHA6Ly9yYXdwbGF5Y2FzaW5vLmNvLnVrL2NhdGVnb3JpZXMvcGxheW5nbyI7fXM6NjoiX2ZsYXNoIjthOjI6e3M6Mzoib2xkIjthOjA6e31zOjM6Im5ldyI7YTowOnt9fX0=',1678383103,'United States','','Linux','Computer','Chrome'),('dCOE4Fzlw5BntWEqVq7u4r3N20KRHhP0wIsULEGd',NULL,'193.118.53.210','Mozilla/5.0 (Windows NT 10.0; Win64; x64) AppleWebKit/537.36 (KHTML, like Gecko) Chrome/60.0.3112.113 Safari/537.36','YTozOntzOjY6Il90b2tlbiI7czo0MDoiZWRtSEdQcXhXVTRqUkFCdEl4NDZKMW9scDZmb3R5dmNYVHNPU2pqSyI7czo5OiJfcHJldmlvdXMiO2E6MTp7czozOiJ1cmwiO3M6MjA6Imh0dHA6Ly8xNzguMTI4LjQ5LjYxIjt9czo2OiJfZmxhc2giO2E6Mjp7czozOiJvbGQiO2E6MDp7fXM6MzoibmV3IjthOjA6e319fQ==',1678385417,'Germany','','Windows 10','Computer','Chrome'),('q3kNViRwZfx13031aMbyRMvAIsNiZWB6t5dRMskv',NULL,'193.118.53.210','Mozilla/5.0 (Windows NT 10.0; Win64; x64) AppleWebKit/537.36 (KHTML, like Gecko) Chrome/60.0.3112.113 Safari/537.36','YTozOntzOjY6Il90b2tlbiI7czo0MDoicDFwbXlRN0s1UG92UnlxandIV2s1ZmFzV1d5ZDZnZXQ3U3B3cUoxZSI7czo5OiJfcHJldmlvdXMiO2E6MTp7czozOiJ1cmwiO3M6Mzk6Imh0dHA6Ly8xNzguMTI4LjQ5LjYxL2NhdGVnb3JpZXMvcGxheW5nbyI7fXM6NjoiX2ZsYXNoIjthOjI6e3M6Mzoib2xkIjthOjA6e31zOjM6Im5ldyI7YTowOnt9fX0=',1678385417,'Germany','','Windows 10','Computer','Chrome'),('7xwAhEXYzULmUMQj1lTRYVGadjCjUPGaFgryrpUt',NULL,'143.110.222.166','Mozilla/5.0 (iPhone; CPU iPhone OS 16_1 like Mac OS X) AppleWebKit/605.1.15 (KHTML, like Gecko) Version/16.1 Mobile/15E148 Safari/604.1','YTozOntzOjY6Il90b2tlbiI7czo0MDoiT0RxRldFeUM1RlVINmxBVXZ2UGNBZ1Q3cG1OQzVmalJBVnhrcWN2aiI7czo5OiJfcHJldmlvdXMiO2E6MTp7czozOiJ1cmwiO3M6MjA6Imh0dHA6Ly8xNzguMTI4LjQ5LjYxIjt9czo2OiJfZmxhc2giO2E6Mjp7czozOiJvbGQiO2E6MDp7fXM6MzoibmV3IjthOjA6e319fQ==',1678385569,'Canada','','iPhone','Mobile','Safari Browser'),('DunzXi9I0xKWaTwmAZhdf8g4cBOk2vNlurnXt5CY',NULL,'185.246.220.98','Mozilla/5.0 (X11; Ubuntu; Linux x86_64; rv:76.0) Gecko/20100101 Firefox/76.0','YTozOntzOjY6Il90b2tlbiI7czo0MDoiUEJXelBjRFg3aFY4R1NhWGJhWnJZbXdFc1JBY3phUk1BMjV1UkVLUCI7czo5OiJfcHJldmlvdXMiO2E6MTp7czozOiJ1cmwiO3M6MjA6Imh0dHA6Ly8xNzguMTI4LjQ5LjYxIjt9czo2OiJfZmxhc2giO2E6Mjp7czozOiJvbGQiO2E6MDp7fXM6MzoibmV3IjthOjA6e319fQ==',1678388401,'Germany','','Ubuntu','Computer','Firefox');

--
-- Table structure for table `w_settings`
--

CREATE TABLE `w_settings` (
  `id` int(10) unsigned NOT NULL AUTO_INCREMENT,
  `key` varchar(191) COLLATE utf8mb4_unicode_ci NOT NULL,
  `value` text COLLATE utf8mb4_unicode_ci NOT NULL,
  PRIMARY KEY (`id`),
  KEY `settings_key_index` (`key`)
) ENGINE=MyISAM DEFAULT CHARSET=utf8mb4 COLLATE=utf8mb4_unicode_ci ROW_FORMAT=DYNAMIC;

--
-- Dumping data for table `w_settings`
--


--
-- Table structure for table `w_shop_categories`
--

CREATE TABLE `w_shop_categories` (
  `id` int(55) NOT NULL AUTO_INCREMENT,
  `shop_id` int(55) NOT NULL,
  `category_id` int(55) NOT NULL,
  PRIMARY KEY (`id`),
  KEY `category_id` (`category_id`),
  KEY `game_id` (`shop_id`)
) ENGINE=MyISAM AUTO_INCREMENT=88 DEFAULT CHARSET=utf8mb4 COLLATE=utf8mb4_unicode_ci ROW_FORMAT=DYNAMIC;

--
-- Dumping data for table `w_shop_categories`
--

INSERT INTO `w_shop_categories` VALUES (1,1,0),(2,1,2),(3,1,3),(4,1,4),(5,1,5),(6,1,6),(7,1,7),(8,1,8),(9,1,9),(10,1,10),(11,1,11),(12,1,12),(13,1,13),(14,1,14),(15,1,15),(16,1,16),(17,1,17),(18,1,18),(19,1,19),(20,1,20),(21,1,21),(22,1,22),(23,1,23),(24,1,24),(25,1,25),(26,1,26),(27,1,27),(28,1,28),(29,1,29),(30,2,0),(31,2,2),(32,2,3),(33,2,4),(34,2,5),(35,2,6),(36,2,7),(37,2,8),(38,2,9),(39,2,10),(40,2,11),(41,2,12),(42,2,13),(43,2,14),(44,2,15),(45,2,16),(46,2,17),(47,2,18),(48,2,19),(49,2,20),(50,2,21),(51,2,22),(52,2,23),(53,2,24),(54,2,25),(55,2,26),(56,2,27),(57,2,28),(58,2,29),(59,3,0),(60,3,2),(61,3,3),(62,3,4),(63,3,5),(64,3,6),(65,3,7),(66,3,8),(67,3,9),(68,3,10),(69,3,11),(70,3,12),(71,3,13),(72,3,14),(73,3,15),(74,3,16),(75,3,17),(76,3,18),(77,3,19),(78,3,20),(79,3,21),(80,3,22),(81,3,23),(82,3,24),(83,3,25),(84,3,26),(85,3,27),(86,3,28),(87,3,29);

--
-- Table structure for table `w_shops`
--

CREATE TABLE `w_shops` (
  `id` int(55) NOT NULL AUTO_INCREMENT,
  `name` varchar(255) COLLATE utf8mb4_unicode_ci NOT NULL,
  `balance` decimal(20,4) NOT NULL DEFAULT '0.0000',
  `frontend` varchar(55) COLLATE utf8mb4_unicode_ci NOT NULL,
  `currency` varchar(5) COLLATE utf8mb4_unicode_ci DEFAULT '',
  `percent` int(55) NOT NULL DEFAULT '90',
  `max_win` int(55) NOT NULL DEFAULT '100',
  `shop_limit` int(55) NOT NULL DEFAULT '200',
  `is_blocked` int(2) NOT NULL DEFAULT '0',
  `access` int(5) DEFAULT '0',
  `country` varchar(255) COLLATE utf8mb4_unicode_ci DEFAULT NULL,
  `os` varchar(255) COLLATE utf8mb4_unicode_ci DEFAULT NULL,
  `device` varchar(255) COLLATE utf8mb4_unicode_ci DEFAULT NULL,
  `orderby` enum('AZ','Rand','RTP','Count','Date') COLLATE utf8mb4_unicode_ci NOT NULL DEFAULT 'AZ',
  `user_id` int(55) NOT NULL,
  `pending` int(1) NOT NULL DEFAULT '1',
  `rules_terms_and_conditions` int(1) NOT NULL DEFAULT '0',
  `rules_privacy_policy` int(1) NOT NULL DEFAULT '0',
  `rules_general_bonus_policy` int(1) NOT NULL DEFAULT '0',
  `rules_why_bitcoin` int(1) NOT NULL DEFAULT '0',
  `rules_responsible_gaming` int(1) NOT NULL DEFAULT '0',
  `happyhours_active` int(2) NOT NULL DEFAULT '1',
  `progress_active` int(2) NOT NULL DEFAULT '1',
  `invite_active` int(2) NOT NULL DEFAULT '1',
  `welcome_bonuses_active` int(2) NOT NULL DEFAULT '1',
  `sms_bonuses_active` int(2) NOT NULL DEFAULT '1',
  `wheelfortune_active` int(2) DEFAULT '1',
  PRIMARY KEY (`id`),
  KEY `name` (`name`(191))
) ENGINE=MyISAM AUTO_INCREMENT=4 DEFAULT CHARSET=utf8mb4 COLLATE=utf8mb4_unicode_ci ROW_FORMAT=DYNAMIC;

--
-- Dumping data for table `w_shops`
--

INSERT INTO `w_shops` VALUES (1,'TestShop',4880.0000,'Default','EUR',90,100,200,0,0,NULL,NULL,NULL,'RTP',3,0,0,0,0,0,0,1,1,1,1,1,1),(2,'Shop1',1850.0000,'Default','EUR',84,100,200,0,0,NULL,NULL,NULL,'RTP',8,0,0,0,0,0,0,1,1,1,1,1,1),(3,'Shop2',2500.0000,'Default','EUR',82,100,200,0,0,NULL,NULL,NULL,'AZ',14,0,0,0,0,0,0,1,1,1,1,1,1);

--
-- Table structure for table `w_shops_countries`
--

CREATE TABLE `w_shops_countries` (
  `id` int(55) NOT NULL AUTO_INCREMENT,
  `shop_id` int(55) NOT NULL,
  `country` varchar(255) COLLATE utf8mb4_unicode_ci NOT NULL,
  PRIMARY KEY (`id`),
  KEY `shop_id` (`shop_id`)
) ENGINE=MyISAM DEFAULT CHARSET=utf8mb4 COLLATE=utf8mb4_unicode_ci ROW_FORMAT=DYNAMIC;

--
-- Dumping data for table `w_shops_countries`
--


--
-- Table structure for table `w_shops_devices`
--

CREATE TABLE `w_shops_devices` (
  `id` int(55) NOT NULL AUTO_INCREMENT,
  `shop_id` int(55) NOT NULL,
  `device` varchar(255) COLLATE utf8mb4_unicode_ci NOT NULL,
  PRIMARY KEY (`id`),
  KEY `shop_id` (`shop_id`)
) ENGINE=MyISAM DEFAULT CHARSET=utf8mb4 COLLATE=utf8mb4_unicode_ci ROW_FORMAT=DYNAMIC;

--
-- Dumping data for table `w_shops_devices`
--


--
-- Table structure for table `w_shops_os`
--

CREATE TABLE `w_shops_os` (
  `id` int(55) NOT NULL AUTO_INCREMENT,
  `shop_id` int(55) NOT NULL,
  `os` varchar(255) COLLATE utf8mb4_unicode_ci NOT NULL,
  PRIMARY KEY (`id`),
  KEY `shop_id` (`shop_id`)
) ENGINE=MyISAM DEFAULT CHARSET=utf8mb4 COLLATE=utf8mb4_unicode_ci ROW_FORMAT=DYNAMIC;

--
-- Dumping data for table `w_shops_os`
--


--
-- Table structure for table `w_shops_user`
--

CREATE TABLE `w_shops_user` (
  `id` int(55) NOT NULL AUTO_INCREMENT,
  `shop_id` int(55) NOT NULL,
  `user_id` int(55) NOT NULL,
  PRIMARY KEY (`id`),
  KEY `shop_id` (`shop_id`),
  KEY `user_id` (`user_id`)
) ENGINE=MyISAM AUTO_INCREMENT=22 DEFAULT CHARSET=utf8mb4 COLLATE=utf8mb4_unicode_ci ROW_FORMAT=DYNAMIC;

--
-- Dumping data for table `w_shops_user`
--

INSERT INTO `w_shops_user` VALUES (1,1,2),(2,1,3),(3,1,4),(4,1,5),(5,1,6),(6,2,7),(7,2,8),(8,2,9),(9,2,10),(10,2,11),(11,1,12),(12,3,13),(13,3,14),(14,3,15),(15,3,16),(16,3,17),(17,1,20),(18,1,21),(19,1,22),(20,1,23),(21,1,24);

--
-- Table structure for table `w_sms`
--

CREATE TABLE `w_sms` (
  `id` int(55) NOT NULL AUTO_INCREMENT,
  `type` enum('invite','verification') COLLATE utf8mb4_unicode_ci NOT NULL DEFAULT 'invite',
  `message` varchar(255) COLLATE utf8mb4_unicode_ci NOT NULL,
  `message_id` varchar(255) COLLATE utf8mb4_unicode_ci NOT NULL DEFAULT '',
  `user_id` int(55) NOT NULL,
  `new_user_id` int(55) DEFAULT NULL,
  `shop_id` int(55) NOT NULL,
  `status` varchar(55) COLLATE utf8mb4_unicode_ci NOT NULL DEFAULT '',
  `payed` int(2) NOT NULL DEFAULT '0',
  `created_at` timestamp NOT NULL DEFAULT CURRENT_TIMESTAMP,
  `updated_at` timestamp NULL DEFAULT NULL,
  PRIMARY KEY (`id`)
) ENGINE=MyISAM DEFAULT CHARSET=utf8mb4 COLLATE=utf8mb4_unicode_ci ROW_FORMAT=DYNAMIC;

--
-- Dumping data for table `w_sms`
--


--
-- Table structure for table `w_sms_bonus_items`
--

CREATE TABLE `w_sms_bonus_items` (
  `id` int(55) NOT NULL AUTO_INCREMENT,
  `user_id` int(55) NOT NULL,
  `days` int(55) NOT NULL,
  `sms_bonus_id` int(55) NOT NULL,
  `bonus` decimal(20,4) NOT NULL,
  `status` int(2) NOT NULL DEFAULT '0',
  `shop_id` int(55) NOT NULL DEFAULT '0',
  PRIMARY KEY (`id`)
) ENGINE=InnoDB DEFAULT CHARSET=utf8mb4 COLLATE=utf8mb4_unicode_ci;

--
-- Dumping data for table `w_sms_bonus_items`
--


--
-- Table structure for table `w_sms_bonuses`
--

CREATE TABLE `w_sms_bonuses` (
  `id` int(55) NOT NULL AUTO_INCREMENT,
  `days` int(55) NOT NULL,
  `bonus` double NOT NULL,
  `wager` int(5) NOT NULL,
  `shop_id` int(55) NOT NULL DEFAULT '0',
  PRIMARY KEY (`id`)
) ENGINE=InnoDB AUTO_INCREMENT=29 DEFAULT CHARSET=utf8mb4 COLLATE=utf8mb4_unicode_ci;

--
-- Dumping data for table `w_sms_bonuses`
--

INSERT INTO `w_sms_bonuses` VALUES (1,5,30,1,0),(2,10,10,1,0),(3,15,20,1,0),(4,20,30,1,0),(5,30,50,1,0),(6,60,100,1,0),(7,90,5,2,0),(8,5,30,1,1),(9,10,10,1,1),(10,15,20,1,1),(11,20,30,1,1),(12,30,50,1,1),(13,60,100,1,1),(14,90,5,2,1),(15,5,30,1,2),(16,10,10,1,2),(17,15,20,1,2),(18,20,30,1,2),(19,30,50,1,2),(20,60,100,1,2),(21,90,5,2,2),(22,5,30,1,3),(23,10,10,1,3),(24,15,20,1,3),(25,20,30,1,3),(26,30,50,1,3),(27,60,100,1,3),(28,90,5,2,3);

--
-- Table structure for table `w_sms_mailing_messages`
--

CREATE TABLE `w_sms_mailing_messages` (
  `id` int(55) NOT NULL AUTO_INCREMENT,
  `sms_mailing_id` int(11) NOT NULL,
  `user_id` int(11) NOT NULL,
  `sent` int(2) NOT NULL DEFAULT '0',
  `shop_id` int(55) NOT NULL,
  PRIMARY KEY (`id`)
) ENGINE=InnoDB DEFAULT CHARSET=utf8mb4 COLLATE=utf8mb4_unicode_ci;

--
-- Dumping data for table `w_sms_mailing_messages`
--


--
-- Table structure for table `w_sms_mailings`
--

CREATE TABLE `w_sms_mailings` (
  `id` int(55) NOT NULL AUTO_INCREMENT,
  `theme` varchar(255) COLLATE utf8mb4_unicode_ci NOT NULL,
  `message` text COLLATE utf8mb4_unicode_ci NOT NULL,
  `roles` varchar(255) COLLATE utf8mb4_unicode_ci NOT NULL,
  `statuses` varchar(255) COLLATE utf8mb4_unicode_ci DEFAULT NULL,
  `date_start` datetime DEFAULT NULL,
  `priority` int(55) NOT NULL DEFAULT '0',
  `status` enum('active','waiting','completed') COLLATE utf8mb4_unicode_ci NOT NULL DEFAULT 'active',
  `shop_id` int(55) NOT NULL,
  PRIMARY KEY (`id`)
) ENGINE=InnoDB DEFAULT CHARSET=utf8mb4 COLLATE=utf8mb4_unicode_ci;

--
-- Dumping data for table `w_sms_mailings`
--


--
-- Table structure for table `w_stat_game`
--

CREATE TABLE `w_stat_game` (
  `id` int(11) NOT NULL AUTO_INCREMENT,
  `date_time` timestamp NOT NULL DEFAULT CURRENT_TIMESTAMP,
  `user_id` int(11) NOT NULL,
  `balance` decimal(16,2) NOT NULL DEFAULT '0.00',
  `bet` decimal(20,4) NOT NULL DEFAULT '0.0000',
  `win` decimal(20,4) NOT NULL DEFAULT '0.0000',
  `game` varchar(50) COLLATE utf8mb4_unicode_ci NOT NULL DEFAULT '',
  `in_game` decimal(20,4) NOT NULL DEFAULT '0.0000',
  `in_jpg` decimal(20,4) NOT NULL DEFAULT '0.0000',
  `in_profit` decimal(20,4) NOT NULL DEFAULT '0.0000',
  `denomination` decimal(20,4) NOT NULL DEFAULT '0.0000',
  `slots_bank` decimal(20,4) DEFAULT '0.0000',
  `bonus_bank` decimal(20,4) DEFAULT '0.0000',
  `fish_bank` decimal(20,4) DEFAULT '0.0000',
  `table_bank` decimal(20,4) DEFAULT '0.0000',
  `little_bank` decimal(20,4) DEFAULT '0.0000',
  `total_bank` decimal(20,4) DEFAULT '0.0000',
  `shop_id` int(55) NOT NULL DEFAULT '0',
  PRIMARY KEY (`id`),
  KEY `user_id` (`user_id`) USING BTREE,
  KEY `game_id` (`game`) USING BTREE,
  KEY `date_time` (`date_time`) USING BTREE,
  KEY `shop_id` (`shop_id`),
  KEY `bet` (`bet`),
  KEY `balance` (`balance`),
  KEY `win` (`win`),
  KEY `in_profit` (`in_profit`)
) ENGINE=MyISAM AUTO_INCREMENT=344 DEFAULT CHARSET=utf8mb4 COLLATE=utf8mb4_unicode_ci ROW_FORMAT=DYNAMIC;

--
-- Dumping data for table `w_stat_game`
--

INSERT INTO `w_stat_game` VALUES (1,'2022-09-21 11:58:42',11,155.00,5.0000,0.0000,'SheriffOfNotinghamISB',4.2000,0.0500,0.7500,1.0000,13.7000,10.5000,10.0000,10.0000,10.0000,54.2000,2),(2,'2022-09-21 11:58:44',11,150.00,5.0000,0.0000,'SheriffOfNotinghamISB',4.2000,0.0500,0.7500,1.0000,17.4000,11.0000,10.0000,10.0000,10.0000,58.4000,2),(3,'2022-09-21 11:58:47',11,145.00,5.0000,0.0000,'SheriffOfNotinghamISB',4.2000,0.0500,0.7500,1.0000,21.1000,11.5000,10.0000,10.0000,10.0000,62.6000,2),(4,'2022-09-21 11:58:50',11,140.00,5.0000,0.0000,'SheriffOfNotinghamISB',4.2000,0.0500,0.7500,1.0000,24.8000,12.0000,10.0000,10.0000,10.0000,66.8000,2),(5,'2022-09-21 11:58:52',11,135.00,5.0000,0.0000,'SheriffOfNotinghamISB',4.2000,0.0500,0.7500,1.0000,28.5000,12.5000,10.0000,10.0000,10.0000,71.0000,2),(6,'2022-09-21 11:58:55',11,133.00,5.0000,3.0000,'SheriffOfNotinghamISB',4.2000,0.0500,0.7500,1.0000,29.2000,13.0000,10.0000,10.0000,10.0000,72.2000,2),(7,'2022-09-21 11:58:59',11,128.00,5.0000,0.0000,'SheriffOfNotinghamISB',4.2000,0.0500,0.7500,1.0000,32.9000,13.5000,10.0000,10.0000,10.0000,76.4000,2),(8,'2022-09-21 11:59:01',11,123.00,5.0000,0.0000,'SheriffOfNotinghamISB',4.2000,0.0500,0.7500,1.0000,36.6000,14.0000,10.0000,10.0000,10.0000,80.6000,2),(9,'2022-09-21 11:59:04',11,118.00,5.0000,0.0000,'SheriffOfNotinghamISB',4.2000,0.0500,0.7500,1.0000,40.3000,14.5000,10.0000,10.0000,10.0000,84.8000,2),(10,'2022-09-21 11:59:06',11,113.00,5.0000,0.0000,'SheriffOfNotinghamISB',4.2000,0.0500,0.7500,1.0000,44.0000,15.0000,10.0000,10.0000,10.0000,89.0000,2),(11,'2022-09-21 11:59:09',11,114.00,5.0000,6.0000,'SheriffOfNotinghamISB',4.2000,0.0500,0.7500,1.0000,41.7000,15.5000,10.0000,10.0000,10.0000,87.2000,2),(12,'2022-09-21 11:59:13',11,109.00,5.0000,0.0000,'SheriffOfNotinghamISB',4.2000,0.0500,0.7500,1.0000,45.4000,16.0000,10.0000,10.0000,10.0000,91.4000,2),(13,'2022-09-21 11:59:16',11,114.00,5.0000,10.0000,'SheriffOfNotinghamISB',4.2000,0.0500,0.7500,1.0000,39.1000,16.5000,10.0000,10.0000,10.0000,85.6000,2),(14,'2022-09-21 11:59:20',11,109.00,5.0000,0.0000,'SheriffOfNotinghamISB',4.2000,0.0500,0.7500,1.0000,42.8000,17.0000,10.0000,10.0000,10.0000,89.8000,2),(15,'2022-09-21 11:59:22',11,104.00,5.0000,0.0000,'SheriffOfNotinghamISB',4.2000,0.0500,0.7500,1.0000,46.5000,17.5000,10.0000,10.0000,10.0000,94.0000,2),(16,'2022-09-21 11:59:24',11,99.00,5.0000,0.0000,'SheriffOfNotinghamISB',4.2000,0.0500,0.7500,1.0000,50.2000,18.0000,10.0000,10.0000,10.0000,98.2000,2),(17,'2022-09-21 11:59:27',11,94.00,5.0000,0.0000,'SheriffOfNotinghamISB',4.2000,0.0500,0.7500,1.0000,53.9000,18.5000,10.0000,10.0000,10.0000,102.4000,2),(18,'2022-09-21 11:59:29',11,89.00,5.0000,0.0000,'SheriffOfNotinghamISB',4.2000,0.0500,0.7500,1.0000,57.6000,19.0000,10.0000,10.0000,10.0000,106.6000,2),(19,'2022-09-21 11:59:33',11,84.00,5.0000,0.0000,'SheriffOfNotinghamISB',4.2000,0.0500,0.7500,1.0000,61.3000,19.5000,10.0000,10.0000,10.0000,110.8000,2),(20,'2022-09-21 11:59:35',11,82.00,5.0000,3.0000,'SheriffOfNotinghamISB',4.2000,0.0500,0.7500,1.0000,62.0000,20.0000,10.0000,10.0000,10.0000,112.0000,2),(21,'2022-09-21 11:59:39',11,77.00,5.0000,0.0000,'SheriffOfNotinghamISB',4.2000,0.0500,0.7500,1.0000,65.7000,20.5000,10.0000,10.0000,10.0000,116.2000,2),(22,'2022-09-21 11:59:42',11,72.00,5.0000,0.0000,'SheriffOfNotinghamISB',4.2000,0.0500,0.7500,1.0000,69.4000,21.0000,10.0000,10.0000,10.0000,120.4000,2),(23,'2022-09-21 11:59:44',11,67.00,5.0000,0.0000,'SheriffOfNotinghamISB',4.2000,0.0500,0.7500,1.0000,73.1000,21.5000,10.0000,10.0000,10.0000,124.6000,2),(24,'2022-09-21 11:59:47',11,62.00,5.0000,0.0000,'SheriffOfNotinghamISB',4.2000,0.0500,0.7500,1.0000,76.8000,22.0000,10.0000,10.0000,10.0000,128.8000,2),(25,'2022-09-21 11:59:49',11,57.00,5.0000,0.0000,'SheriffOfNotinghamISB',4.2000,0.0500,0.7500,1.0000,80.5000,22.5000,10.0000,10.0000,10.0000,133.0000,2),(26,'2022-09-21 11:59:51',11,52.00,5.0000,0.0000,'SheriffOfNotinghamISB',4.2000,0.0500,0.7500,1.0000,84.2000,23.0000,10.0000,10.0000,10.0000,137.2000,2),(27,'2022-09-21 11:59:54',11,47.00,5.0000,0.0000,'SheriffOfNotinghamISB',4.2000,0.0500,0.7500,1.0000,87.9000,23.5000,10.0000,10.0000,10.0000,141.4000,2),(28,'2022-09-21 11:59:56',11,42.00,5.0000,0.0000,'SheriffOfNotinghamISB',4.2000,0.0500,0.7500,1.0000,91.6000,24.0000,10.0000,10.0000,10.0000,145.6000,2),(29,'2022-09-21 11:59:59',11,37.00,5.0000,0.0000,'SheriffOfNotinghamISB',4.2000,0.0500,0.7500,1.0000,95.3000,24.5000,10.0000,10.0000,10.0000,149.8000,2),(30,'2022-09-21 12:00:01',11,32.00,5.0000,0.0000,'SheriffOfNotinghamISB',4.2000,0.0500,0.7500,1.0000,99.0000,25.0000,10.0000,10.0000,10.0000,154.0000,2),(31,'2022-09-21 12:00:04',11,106.00,5.0000,79.0000,'SheriffOfNotinghamISB',0.0000,0.0000,0.0000,1.0000,10.0000,15.0000,10.0000,10.0000,10.0000,55.0000,2),(32,'2022-09-21 12:00:12',11,101.00,5.0000,0.0000,'SheriffOfNotinghamISB',0.0000,0.0000,0.0000,1.0000,10.0000,15.0000,10.0000,10.0000,10.0000,55.0000,2),(33,'2022-09-21 12:00:15',11,96.00,5.0000,0.0000,'SheriffOfNotinghamISB',5.0000,0.0000,0.0000,1.0000,15.0000,15.0000,10.0000,10.0000,10.0000,60.0000,2),(34,'2022-09-21 12:00:18',11,91.00,5.0000,0.0000,'SheriffOfNotinghamISB',5.0000,0.0000,0.0000,1.0000,20.0000,15.0000,10.0000,10.0000,10.0000,65.0000,2),(35,'2022-09-21 12:00:20',11,86.00,5.0000,0.0000,'SheriffOfNotinghamISB',5.0000,0.0000,0.0000,1.0000,25.0000,15.0000,10.0000,10.0000,10.0000,70.0000,2),(36,'2022-09-21 12:00:22',11,81.00,5.0000,0.0000,'SheriffOfNotinghamISB',5.0000,0.0000,0.0000,1.0000,30.0000,15.0000,10.0000,10.0000,10.0000,75.0000,2),(37,'2022-09-21 12:00:25',11,76.00,5.0000,0.0000,'SheriffOfNotinghamISB',5.0000,0.0000,0.0000,1.0000,35.0000,15.0000,10.0000,10.0000,10.0000,80.0000,2),(38,'2022-09-21 12:00:27',11,71.00,5.0000,0.0000,'SheriffOfNotinghamISB',5.0000,0.0000,0.0000,1.0000,40.0000,15.0000,10.0000,10.0000,10.0000,85.0000,2),(39,'2022-09-21 12:00:30',11,66.00,5.0000,0.0000,'SheriffOfNotinghamISB',5.0000,0.0000,0.0000,1.0000,45.0000,15.0000,10.0000,10.0000,10.0000,90.0000,2),(40,'2022-09-21 12:00:32',11,61.00,5.0000,0.0000,'SheriffOfNotinghamISB',5.0000,0.0000,0.0000,1.0000,50.0000,15.0000,10.0000,10.0000,10.0000,95.0000,2),(41,'2022-09-21 12:00:35',11,56.00,5.0000,0.0000,'SheriffOfNotinghamISB',5.0000,0.0000,0.0000,1.0000,55.0000,15.0000,10.0000,10.0000,10.0000,100.0000,2),(42,'2022-09-21 12:00:37',11,51.00,5.0000,0.0000,'SheriffOfNotinghamISB',5.0000,0.0000,0.0000,1.0000,60.0000,15.0000,10.0000,10.0000,10.0000,105.0000,2),(43,'2022-09-21 12:00:39',11,46.00,5.0000,0.0000,'SheriffOfNotinghamISB',5.0000,0.0000,0.0000,1.0000,65.0000,15.0000,10.0000,10.0000,10.0000,110.0000,2),(44,'2022-09-21 12:00:42',11,41.00,5.0000,0.0000,'SheriffOfNotinghamISB',5.0000,0.0000,0.0000,1.0000,70.0000,15.0000,10.0000,10.0000,10.0000,115.0000,2),(45,'2022-09-21 12:00:44',11,36.00,5.0000,0.0000,'SheriffOfNotinghamISB',5.0000,0.0000,0.0000,1.0000,75.0000,15.0000,10.0000,10.0000,10.0000,120.0000,2),(46,'2022-09-21 12:01:21',11,33.00,3.0000,0.0000,'LuckyLeprechaunISB',3.0000,0.0000,0.0000,1.0000,78.0000,15.0000,10.0000,10.0000,10.0000,123.0000,2),(47,'2022-09-21 12:01:50',11,31.00,3.0000,1.0000,'LuckyLeprechaunISB',3.0000,0.0000,0.0000,1.0000,80.0000,15.0000,10.0000,10.0000,10.0000,125.0000,2),(48,'2022-09-21 12:01:54',11,28.00,3.0000,0.0000,'LuckyLeprechaunISB',3.0000,0.0000,0.0000,1.0000,83.0000,15.0000,10.0000,10.0000,10.0000,128.0000,2),(49,'2022-09-21 12:01:57',11,25.00,3.0000,0.0000,'LuckyLeprechaunISB',3.0000,0.0000,0.0000,1.0000,86.0000,15.0000,10.0000,10.0000,10.0000,131.0000,2),(50,'2022-09-21 12:02:01',11,22.00,3.0000,0.0000,'LuckyLeprechaunISB',3.0000,0.0000,0.0000,1.0000,89.0000,15.0000,10.0000,10.0000,10.0000,134.0000,2),(51,'2022-09-21 12:02:03',11,19.00,3.0000,0.0000,'LuckyLeprechaunISB',3.0000,0.0000,0.0000,1.0000,92.0000,15.0000,10.0000,10.0000,10.0000,137.0000,2),(52,'2022-09-21 12:02:05',11,16.00,3.0000,0.0000,'LuckyLeprechaunISB',3.0000,0.0000,0.0000,1.0000,95.0000,15.0000,10.0000,10.0000,10.0000,140.0000,2),(53,'2022-09-21 12:02:07',11,23.00,3.0000,10.0000,'LuckyLeprechaunISB',3.0000,0.0000,0.0000,1.0000,88.0000,15.0000,10.0000,10.0000,10.0000,133.0000,2),(54,'2022-09-21 12:02:09',11,20.00,3.0000,0.0000,'LuckyLeprechaunISB',3.0000,0.0000,0.0000,1.0000,91.0000,15.0000,10.0000,10.0000,10.0000,136.0000,2),(55,'2022-09-21 12:02:11',11,17.00,3.0000,0.0000,'LuckyLeprechaunISB',3.0000,0.0000,0.0000,1.0000,94.0000,15.0000,10.0000,10.0000,10.0000,139.0000,2),(56,'2022-09-21 12:02:12',11,14.00,3.0000,0.0000,'LuckyLeprechaunISB',3.0000,0.0000,0.0000,1.0000,97.0000,15.0000,10.0000,10.0000,10.0000,142.0000,2),(57,'2022-09-21 12:02:14',11,11.00,3.0000,0.0000,'LuckyLeprechaunISB',3.0000,0.0000,0.0000,1.0000,100.0000,15.0000,10.0000,10.0000,10.0000,145.0000,2),(58,'2022-09-21 12:02:16',11,8.00,3.0000,0.0000,'LuckyLeprechaunISB',3.0000,0.0000,0.0000,1.0000,103.0000,15.0000,10.0000,10.0000,10.0000,148.0000,2),(59,'2022-09-21 12:02:17',11,5.00,3.0000,0.0000,'LuckyLeprechaunISB',3.0000,0.0000,0.0000,1.0000,106.0000,15.0000,10.0000,10.0000,10.0000,151.0000,2),(60,'2022-09-21 12:02:19',11,3.00,3.0000,1.0000,'LuckyLeprechaunISB',3.0000,0.0000,0.0000,1.0000,108.0000,15.0000,10.0000,10.0000,10.0000,153.0000,2),(61,'2022-09-21 12:02:20',11,0.00,3.0000,0.0000,'LuckyLeprechaunISB',3.0000,0.0000,0.0000,1.0000,111.0000,15.0000,10.0000,10.0000,10.0000,156.0000,2),(62,'2023-03-08 01:59:32',20,109.90,0.1000,0.0000,'AncientEgyptPMM',0.0000,0.0000,0.0000,1.0000,10.0900,10.0000,10.0000,10.0000,10.0000,50.0900,1),(63,'2023-03-08 01:59:43',20,107.90,2.0000,0.0000,'AncientEgyptPMM',0.0000,0.0000,0.0000,1.0000,11.8900,10.0000,10.0000,10.0000,10.0000,51.8900,1),(64,'2023-03-08 01:59:45',20,105.90,2.0000,0.0000,'AncientEgyptPMM',0.0000,0.0000,0.0000,1.0000,13.6900,10.0000,10.0000,10.0000,10.0000,53.6900,1),(65,'2023-03-08 01:59:47',20,103.90,2.0000,0.0000,'AncientEgyptPMM',0.0000,0.0000,0.0000,1.0000,15.4900,10.0000,10.0000,10.0000,10.0000,55.4900,1),(66,'2023-03-08 01:59:48',20,101.90,2.0000,0.0000,'AncientEgyptPMM',0.0000,0.0000,0.0000,1.0000,17.2900,10.0000,10.0000,10.0000,10.0000,57.2900,1),(67,'2023-03-08 01:59:51',20,99.90,2.0000,0.0000,'AncientEgyptPMM',0.0000,0.0000,0.0000,1.0000,19.0900,10.0000,10.0000,10.0000,10.0000,59.0900,1),(68,'2023-03-08 01:59:53',20,97.90,2.0000,0.0000,'AncientEgyptPMM',0.0000,0.0000,0.0000,1.0000,20.8900,10.0000,10.0000,10.0000,10.0000,60.8900,1),(69,'2023-03-08 01:59:54',20,95.90,2.0000,0.0000,'AncientEgyptPMM',0.0000,0.0000,0.0000,1.0000,22.6900,10.0000,10.0000,10.0000,10.0000,62.6900,1),(70,'2023-03-08 01:59:55',20,94.90,2.0000,1.0000,'AncientEgyptPMM',0.0000,0.0000,0.0000,1.0000,23.4900,10.0000,10.0000,10.0000,10.0000,63.4900,1),(71,'2023-03-08 02:00:00',20,93.90,2.0000,1.0000,'AncientEgyptPMM',0.0000,0.0000,0.0000,1.0000,24.2900,10.0000,10.0000,10.0000,10.0000,64.2900,1),(72,'2023-03-08 02:02:52',20,93.80,0.1000,0.2000,'WildsGoneWildGM',0.0900,0.0010,0.0090,1.0000,24.1700,10.0100,10.0000,10.0000,10.0000,64.1800,1),(73,'2023-03-08 02:03:06',20,92.00,2.0000,0.0000,'WildsGoneWildGM',1.8000,0.0200,0.1800,1.0000,25.7700,10.2100,10.0000,10.0000,10.0000,65.9800,1),(74,'2023-03-08 02:03:09',20,90.00,2.0000,0.0000,'WildsGoneWildGM',1.8000,0.0200,0.1800,1.0000,27.3700,10.4100,10.0000,10.0000,10.0000,67.7800,1),(75,'2023-03-08 02:03:11',20,88.00,2.0000,4.0000,'WildsGoneWildGM',1.8000,0.0200,0.1800,1.0000,24.9700,10.6100,10.0000,10.0000,10.0000,65.5800,1),(76,'2023-03-08 02:03:14',20,90.00,2.0000,0.0000,'WildsGoneWildGM',1.8000,0.0200,0.1800,1.0000,26.5700,10.8100,10.0000,10.0000,10.0000,67.3800,1),(77,'2023-03-08 02:03:16',20,88.00,2.0000,5.0000,'WildsGoneWildGM',1.8000,0.0200,0.1800,1.0000,23.1700,11.0100,10.0000,10.0000,10.0000,64.1800,1),(78,'2023-03-08 02:03:19',20,91.00,2.0000,0.0000,'WildsGoneWildGM',1.8000,0.0200,0.1800,1.0000,24.7700,11.2100,10.0000,10.0000,10.0000,65.9800,1),(79,'2023-03-08 02:03:21',20,89.00,2.0000,4.0000,'WildsGoneWildGM',1.8000,0.0200,0.1800,1.0000,22.3700,11.4100,10.0000,10.0000,10.0000,63.7800,1),(80,'2023-03-08 02:03:23',20,91.00,2.0000,6.0000,'WildsGoneWildGM',1.8000,0.0200,0.1800,1.0000,17.9700,11.6100,10.0000,10.0000,10.0000,59.5800,1),(81,'2023-03-08 02:03:26',20,95.00,2.0000,0.0000,'WildsGoneWildGM',1.8000,0.0200,0.1800,1.0000,19.5700,11.8100,10.0000,10.0000,10.0000,61.3800,1),(82,'2023-03-08 02:03:28',20,93.00,2.0000,0.0000,'WildsGoneWildGM',1.8000,0.0200,0.1800,1.0000,21.1700,12.0100,10.0000,10.0000,10.0000,63.1800,1),(83,'2023-03-08 02:03:30',20,91.00,2.0000,18.0000,'WildsGoneWildGM',1.8000,0.0200,0.1800,1.0000,4.7700,12.2100,10.0000,10.0000,10.0000,46.9800,1),(84,'2023-03-08 02:03:33',20,107.00,2.0000,0.0000,'WildsGoneWildGM',1.8000,0.0200,0.1800,1.0000,6.3700,12.4100,10.0000,10.0000,10.0000,48.7800,1),(85,'2023-03-08 02:03:35',20,105.00,2.0000,0.0000,'WildsGoneWildGM',1.8000,0.0200,0.1800,1.0000,7.9700,12.6100,10.0000,10.0000,10.0000,50.5800,1),(86,'2023-03-08 02:03:37',20,103.00,2.0000,0.0000,'WildsGoneWildGM',1.8000,0.0200,0.1800,1.0000,9.5700,12.8100,10.0000,10.0000,10.0000,52.3800,1),(87,'2023-03-08 02:03:42',20,101.00,2.0000,5.0000,'WildsGoneWildGM',1.8000,0.0200,0.1800,1.0000,6.1700,13.0100,10.0000,10.0000,10.0000,49.1800,1),(88,'2023-03-08 02:03:46',20,104.00,2.0000,0.0000,'WildsGoneWildGM',1.8000,0.0200,0.1800,1.0000,7.7700,13.2100,10.0000,10.0000,10.0000,50.9800,1),(89,'2023-03-08 02:03:49',20,102.00,2.0000,2.0000,'WildsGoneWildGM',1.8000,0.0200,0.1800,1.0000,7.3700,13.4100,10.0000,10.0000,10.0000,50.7800,1),(90,'2023-03-08 02:03:52',20,102.00,2.0000,0.0000,'WildsGoneWildGM',1.8000,0.0200,0.1800,1.0000,8.9700,13.6100,10.0000,10.0000,10.0000,52.5800,1),(91,'2023-03-08 02:03:54',20,100.00,2.0000,0.0000,'WildsGoneWildGM',1.8000,0.0200,0.1800,1.0000,10.5700,13.8100,10.0000,10.0000,10.0000,54.3800,1),(92,'2023-03-08 02:03:56',20,98.00,2.0000,0.0000,'WildsGoneWildGM',1.8000,0.0200,0.1800,1.0000,12.1700,14.0100,10.0000,10.0000,10.0000,56.1800,1),(93,'2023-03-08 02:03:59',20,96.00,2.0000,0.0000,'WildsGoneWildGM',1.8000,0.0200,0.1800,1.0000,13.7700,14.2100,10.0000,10.0000,10.0000,57.9800,1),(94,'2023-03-08 02:04:01',20,94.00,2.0000,0.0000,'WildsGoneWildGM',1.8000,0.0200,0.1800,1.0000,15.3700,14.4100,10.0000,10.0000,10.0000,59.7800,1),(95,'2023-03-08 02:04:05',20,92.00,2.0000,0.0000,'WildsGoneWildGM',1.8000,0.0200,0.1800,1.0000,16.9700,14.6100,10.0000,10.0000,10.0000,61.5800,1),(96,'2023-03-08 21:59:00',21,1809.25,0.7500,0.0000,'RedHotChilli7sNG',0.6750,0.0075,0.0675,1.0000,17.5700,14.6850,10.0000,10.0000,10.0000,62.2550,1),(97,'2023-03-08 21:59:02',21,1809.25,0.7500,0.7500,'RedHotChilli7sNG',0.6750,0.0075,0.0675,1.0000,17.4200,14.7600,10.0000,10.0000,10.0000,62.1800,1),(98,'2023-03-08 21:59:05',21,1808.50,0.7500,0.0000,'RedHotChilli7sNG',0.6750,0.0075,0.0675,1.0000,18.0200,14.8350,10.0000,10.0000,10.0000,62.8550,1),(99,'2023-03-08 21:59:07',21,1807.75,0.7500,0.0000,'RedHotChilli7sNG',0.6750,0.0075,0.0675,1.0000,18.6200,14.9100,10.0000,10.0000,10.0000,63.5300,1),(100,'2023-03-08 21:59:09',21,1807.00,0.7500,0.0000,'RedHotChilli7sNG',0.6750,0.0075,0.0675,1.0000,19.2200,14.9850,10.0000,10.0000,10.0000,64.2050,1),(101,'2023-03-08 21:59:10',21,1807.00,0.7500,0.7500,'RedHotChilli7sNG',0.6750,0.0075,0.0675,1.0000,19.0700,15.0600,10.0000,10.0000,10.0000,64.1300,1),(102,'2023-03-08 21:59:14',21,1806.40,0.7500,0.1500,'RedHotChilli7sNG',0.6750,0.0075,0.0675,1.0000,19.5200,15.1350,10.0000,10.0000,10.0000,64.6550,1),(103,'2023-03-08 21:59:17',21,1805.65,0.7500,0.0000,'RedHotChilli7sNG',0.6750,0.0075,0.0675,1.0000,20.1200,15.2100,10.0000,10.0000,10.0000,65.3300,1),(104,'2023-03-08 21:59:20',21,1807.15,1.5000,3.0000,'RedHotChilli7sNG',1.3500,0.0150,0.1350,1.0000,18.3200,15.3600,10.0000,10.0000,10.0000,63.6800,1),(105,'2023-03-08 21:59:22',21,1805.65,1.5000,0.0000,'RedHotChilli7sNG',1.3500,0.0150,0.1350,1.0000,19.5200,15.5100,10.0000,10.0000,10.0000,65.0300,1),(106,'2023-03-08 21:59:24',21,1805.65,1.5000,1.5000,'RedHotChilli7sNG',1.3500,0.0150,0.1350,1.0000,19.2200,15.6600,10.0000,10.0000,10.0000,64.8800,1),(107,'2023-03-08 21:59:26',21,1804.15,1.5000,0.0000,'RedHotChilli7sNG',1.3500,0.0150,0.1350,1.0000,20.4200,15.8100,10.0000,10.0000,10.0000,66.2300,1),(108,'2023-03-08 21:59:28',21,1805.65,1.5000,3.0000,'RedHotChilli7sNG',1.3500,0.0150,0.1350,1.0000,18.6200,15.9600,10.0000,10.0000,10.0000,64.5800,1),(109,'2023-03-08 21:59:32',21,1804.15,1.5000,0.0000,'RedHotChilli7sNG',1.3500,0.0150,0.1350,1.0000,19.8200,16.1100,10.0000,10.0000,10.0000,65.9300,1),(110,'2023-03-08 21:59:33',21,1805.65,1.5000,3.0000,'RedHotChilli7sNG',1.3500,0.0150,0.1350,1.0000,18.0200,16.2600,10.0000,10.0000,10.0000,64.2800,1),(111,'2023-03-08 21:59:36',21,1807.15,1.5000,3.0000,'RedHotChilli7sNG',1.3500,0.0150,0.1350,1.0000,16.2200,16.4100,10.0000,10.0000,10.0000,62.6300,1),(112,'2023-03-08 21:59:37',21,1805.65,1.5000,0.0000,'RedHotChilli7sNG',1.3500,0.0150,0.1350,1.0000,17.4200,16.5600,10.0000,10.0000,10.0000,63.9800,1),(113,'2023-03-08 21:59:39',21,1805.65,1.5000,1.5000,'RedHotChilli7sNG',1.3500,0.0150,0.1350,1.0000,17.1200,16.7100,10.0000,10.0000,10.0000,63.8300,1),(114,'2023-03-08 21:59:41',21,1804.15,1.5000,0.0000,'RedHotChilli7sNG',1.3500,0.0150,0.1350,1.0000,18.3200,16.8600,10.0000,10.0000,10.0000,65.1800,1),(115,'2023-03-08 21:59:43',21,1805.65,1.5000,3.0000,'RedHotChilli7sNG',1.3500,0.0150,0.1350,1.0000,16.5200,17.0100,10.0000,10.0000,10.0000,63.5300,1),(116,'2023-03-08 21:59:45',21,1804.15,1.5000,0.0000,'RedHotChilli7sNG',1.3500,0.0150,0.1350,1.0000,17.7200,17.1600,10.0000,10.0000,10.0000,64.8800,1),(117,'2023-03-08 22:02:41',21,1803.65,0.5000,0.0000,'BookOfRaDXGT',0.4500,0.0050,0.0450,1.0000,18.1200,17.2100,10.0000,10.0000,10.0000,65.3300,1),(118,'2023-03-08 22:02:43',21,1804.15,0.5000,1.0000,'BookOfRaDXGT',0.4500,0.0050,0.0450,1.0000,17.5200,17.2600,10.0000,10.0000,10.0000,64.7800,1),(119,'2023-03-08 22:02:47',21,1803.65,0.5000,0.0000,'BookOfRaDXGT',0.4500,0.0050,0.0450,1.0000,17.9200,17.3100,10.0000,10.0000,10.0000,65.2300,1),(120,'2023-03-08 22:02:48',21,1803.15,0.5000,0.0000,'BookOfRaDXGT',0.4500,0.0050,0.0450,1.0000,18.3200,17.3600,10.0000,10.0000,10.0000,65.6800,1),(121,'2023-03-08 22:02:50',21,1802.90,0.5000,0.2500,'BookOfRaDXGT',0.4500,0.0050,0.0450,1.0000,18.4700,17.4100,10.0000,10.0000,10.0000,65.8800,1),(122,'2023-03-08 22:02:52',21,1807.90,0.5000,5.5000,'BookOfRaDXGT',0.4500,0.0050,0.0450,1.0000,13.3700,17.4600,10.0000,10.0000,10.0000,60.8300,1),(123,'2023-03-08 22:02:54',21,1807.40,0.5000,0.0000,'BookOfRaDXGT',0.4500,0.0050,0.0450,1.0000,13.7700,17.5100,10.0000,10.0000,10.0000,61.2800,1),(124,'2023-03-08 22:02:56',21,1806.90,0.5000,0.0000,'BookOfRaDXGT',0.4500,0.0050,0.0450,1.0000,14.1700,17.5600,10.0000,10.0000,10.0000,61.7300,1),(125,'2023-03-08 22:02:58',21,1806.40,0.5000,0.0000,'BookOfRaDXGT',0.4500,0.0050,0.0450,1.0000,14.5700,17.6100,10.0000,10.0000,10.0000,62.1800,1),(126,'2023-03-08 22:03:00',21,1805.90,0.5000,0.0000,'BookOfRaDXGT',0.4500,0.0050,0.0450,1.0000,14.9700,17.6600,10.0000,10.0000,10.0000,62.6300,1),(127,'2023-03-08 22:03:02',21,1805.90,0.5000,0.5000,'BookOfRaDXGT',0.4500,0.0050,0.0450,1.0000,14.8700,17.7100,10.0000,10.0000,10.0000,62.5800,1),(128,'2023-03-08 22:03:04',21,1805.40,0.5000,0.0000,'BookOfRaDXGT',0.4500,0.0050,0.0450,1.0000,15.2700,17.7600,10.0000,10.0000,10.0000,63.0300,1),(129,'2023-03-08 22:03:39',21,1804.90,0.5000,0.0000,'BookOfRaDXGT',0.4500,0.0050,0.0450,1.0000,15.6700,17.8100,10.0000,10.0000,10.0000,63.4800,1),(130,'2023-03-08 22:03:41',21,1804.40,0.5000,0.0000,'BookOfRaDXGT',0.4500,0.0050,0.0450,1.0000,16.0700,17.8600,10.0000,10.0000,10.0000,63.9300,1),(131,'2023-03-08 22:03:42',21,1804.65,0.5000,0.7500,'BookOfRaDXGT',0.4500,0.0050,0.0450,1.0000,15.7200,17.9100,10.0000,10.0000,10.0000,63.6300,1),(132,'2023-03-08 22:03:44',21,1804.15,0.5000,0.0000,'BookOfRaDXGT',0.4500,0.0050,0.0450,1.0000,16.1200,17.9600,10.0000,10.0000,10.0000,64.0800,1),(133,'2023-03-08 22:03:45',21,1805.15,0.5000,1.5000,'BookOfRaDXGT',0.4500,0.0050,0.0450,1.0000,15.0200,18.0100,10.0000,10.0000,10.0000,63.0300,1),(134,'2023-03-08 22:03:47',21,1805.90,0.5000,1.2500,'BookOfRaDXGT',0.4500,0.0050,0.0450,1.0000,14.1700,18.0600,10.0000,10.0000,10.0000,62.2300,1),(135,'2023-03-08 22:03:48',21,1805.40,0.5000,0.0000,'BookOfRaDXGT',0.4500,0.0050,0.0450,1.0000,14.5700,18.1100,10.0000,10.0000,10.0000,62.6800,1),(136,'2023-03-08 22:03:49',21,1804.90,0.5000,0.0000,'BookOfRaDXGT',0.4500,0.0050,0.0450,1.0000,14.9700,18.1600,10.0000,10.0000,10.0000,63.1300,1),(137,'2023-03-08 22:03:51',21,1804.90,0.5000,0.5000,'BookOfRaDXGT',0.4500,0.0050,0.0450,1.0000,14.8700,18.2100,10.0000,10.0000,10.0000,63.0800,1),(138,'2023-03-08 22:03:52',21,1804.40,0.5000,0.0000,'BookOfRaDXGT',0.4500,0.0050,0.0450,1.0000,15.2700,18.2600,10.0000,10.0000,10.0000,63.5300,1),(139,'2023-03-08 22:03:53',21,1803.90,0.5000,0.0000,'BookOfRaDXGT',0.4500,0.0050,0.0450,1.0000,15.6700,18.3100,10.0000,10.0000,10.0000,63.9800,1),(140,'2023-03-08 22:03:54',21,1803.40,0.5000,0.0000,'BookOfRaDXGT',0.4500,0.0050,0.0450,1.0000,16.0700,18.3600,10.0000,10.0000,10.0000,64.4300,1),(141,'2023-03-08 22:03:55',21,1802.90,0.5000,0.0000,'BookOfRaDXGT',0.4500,0.0050,0.0450,1.0000,16.4700,18.4100,10.0000,10.0000,10.0000,64.8800,1),(142,'2023-03-08 22:03:56',21,1802.40,0.5000,0.0000,'BookOfRaDXGT',0.4500,0.0050,0.0450,1.0000,16.8700,18.4600,10.0000,10.0000,10.0000,65.3300,1),(143,'2023-03-08 22:03:57',21,1802.15,0.5000,0.2500,'BookOfRaDXGT',0.4500,0.0050,0.0450,1.0000,17.0200,18.5100,10.0000,10.0000,10.0000,65.5300,1),(144,'2023-03-08 22:03:59',21,1803.15,0.5000,1.5000,'BookOfRaDXGT',0.4500,0.0050,0.0450,1.0000,15.9200,18.5600,10.0000,10.0000,10.0000,64.4800,1),(145,'2023-03-08 22:04:01',21,1802.65,0.5000,0.0000,'BookOfRaDXGT',0.4500,0.0050,0.0450,1.0000,16.3200,18.6100,10.0000,10.0000,10.0000,64.9300,1),(146,'2023-03-08 22:04:02',21,1802.15,0.5000,0.0000,'BookOfRaDXGT',0.4500,0.0050,0.0450,1.0000,16.7200,18.6600,10.0000,10.0000,10.0000,65.3800,1),(147,'2023-03-08 22:04:03',21,1801.65,0.5000,0.0000,'BookOfRaDXGT',0.4500,0.0050,0.0450,1.0000,16.7200,19.1100,10.0000,10.0000,10.0000,65.8300,1),(148,'2023-03-08 22:04:04',21,1801.15,0.5000,0.0000,'BookOfRaDXGT',0.4500,0.0050,0.0450,1.0000,17.1200,19.1600,10.0000,10.0000,10.0000,66.2800,1),(149,'2023-03-08 22:04:06',21,1800.65,0.5000,0.0000,'BookOfRaDXGT',0.4500,0.0050,0.0450,1.0000,17.1200,19.6100,10.0000,10.0000,10.0000,66.7300,1),(150,'2023-03-08 22:04:07',21,1800.40,0.5000,0.2500,'BookOfRaDXGT',0.4500,0.0050,0.0450,1.0000,17.2700,19.6600,10.0000,10.0000,10.0000,66.9300,1),(151,'2023-03-08 22:04:10',21,1800.65,0.5000,0.7500,'BookOfRaDXGT',0.4500,0.0050,0.0450,1.0000,16.9200,19.7100,10.0000,10.0000,10.0000,66.6300,1),(152,'2023-03-08 22:04:12',21,1800.15,0.5000,0.0000,'BookOfRaDXGT',0.4500,0.0050,0.0450,1.0000,17.3200,19.7600,10.0000,10.0000,10.0000,67.0800,1),(153,'2023-03-09 07:05:48',12,9999.80,0.2000,0.0000,'CleosHeartNG',0.1800,0.0020,0.0180,1.0000,17.4800,19.7800,10.0000,10.0000,10.0000,67.2600,1),(154,'2023-03-09 07:07:00',12,9999.78,0.2000,0.1800,'CleosHeartNG',0.1800,0.0020,0.0180,1.0000,17.4600,19.8000,10.0000,10.0000,10.0000,67.2600,1),(155,'2023-03-09 07:07:25',12,9999.70,0.2000,0.1200,'CleosHeartNG',0.1800,0.0020,0.0180,1.0000,17.5000,19.8200,10.0000,10.0000,10.0000,67.3200,1),(156,'2023-03-09 07:08:19',12,9999.50,0.2000,0.0000,'CleosHeartNG',0.1800,0.0020,0.0180,1.0000,17.6600,19.8400,10.0000,10.0000,10.0000,67.5000,1),(157,'2023-03-09 07:09:41',12,9999.30,0.2000,0.0000,'CleosHeartNG',0.1800,0.0020,0.0180,1.0000,17.8200,19.8600,10.0000,10.0000,10.0000,67.6800,1),(158,'2023-03-09 07:10:55',12,9999.10,0.2000,0.0000,'CleosHeartNG',0.1800,0.0020,0.0180,1.0000,17.9800,19.8800,10.0000,10.0000,10.0000,67.8600,1),(159,'2023-03-09 07:11:39',12,9998.90,0.2000,0.0000,'CleosHeartNG',0.1800,0.0020,0.0180,1.0000,18.1400,19.9000,10.0000,10.0000,10.0000,68.0400,1),(160,'2023-03-09 07:12:00',12,9999.62,0.2000,0.9200,'CleosHeartNG',0.1800,0.0020,0.0180,1.0000,17.3800,19.9200,10.0000,10.0000,10.0000,67.3000,1),(161,'2023-03-09 07:12:54',12,9999.72,0.2000,0.3000,'CleosHeartNG',0.1800,0.0020,0.0180,1.0000,17.2400,19.9400,10.0000,10.0000,10.0000,67.1800,1),(162,'2023-03-09 07:13:40',12,9999.52,0.2000,0.0000,'CleosHeartNG',0.1800,0.0020,0.0180,1.0000,17.4000,19.9600,10.0000,10.0000,10.0000,67.3600,1),(163,'2023-03-09 07:14:53',12,9999.32,0.2000,0.0000,'CleosHeartNG',0.1800,0.0020,0.0180,1.0000,17.5600,19.9800,10.0000,10.0000,10.0000,67.5400,1),(164,'2023-03-09 07:16:03',12,9999.12,0.2000,0.0000,'CleosHeartNG',0.1800,0.0020,0.0180,1.0000,17.7200,20.0000,10.0000,10.0000,10.0000,67.7200,1),(165,'2023-03-09 07:17:16',12,9999.36,0.2000,0.4400,'CleosHeartNG',0.1800,0.0020,0.0180,1.0000,17.4400,20.0200,10.0000,10.0000,10.0000,67.4600,1),(166,'2023-03-09 07:18:18',12,9999.16,0.2000,0.0000,'CleosHeartNG',0.1800,0.0020,0.0180,1.0000,17.6000,20.0400,10.0000,10.0000,10.0000,67.6400,1),(167,'2023-03-09 07:19:18',12,9998.96,0.2000,0.0000,'CleosHeartNG',0.1800,0.0020,0.0180,1.0000,17.7600,20.0600,10.0000,10.0000,10.0000,67.8200,1),(168,'2023-03-09 07:20:23',12,9998.76,0.2000,0.0000,'CleosHeartNG',0.1800,0.0020,0.0180,1.0000,17.9200,20.0800,10.0000,10.0000,10.0000,68.0000,1),(169,'2023-03-09 07:21:18',12,9998.56,0.2000,0.0000,'CleosHeartNG',0.1800,0.0020,0.0180,1.0000,18.0800,20.1000,10.0000,10.0000,10.0000,68.1800,1),(170,'2023-03-09 07:22:10',12,9998.36,0.2000,0.0000,'CleosHeartNG',0.1800,0.0020,0.0180,1.0000,18.2400,20.1200,10.0000,10.0000,10.0000,68.3600,1),(171,'2023-03-09 07:23:25',12,9998.16,0.2000,0.0000,'CleosHeartNG',0.1800,0.0020,0.0180,1.0000,18.4000,20.1400,10.0000,10.0000,10.0000,68.5400,1),(172,'2023-03-09 07:24:14',12,9997.96,0.2000,0.0000,'CleosHeartNG',0.1800,0.0020,0.0180,1.0000,18.5600,20.1600,10.0000,10.0000,10.0000,68.7200,1),(173,'2023-03-09 07:24:40',12,9997.76,0.2000,0.0000,'CleosHeartNG',0.1800,0.0020,0.0180,1.0000,18.7200,20.1800,10.0000,10.0000,10.0000,68.9000,1),(174,'2023-03-09 07:24:46',12,9997.56,0.2000,0.0000,'CleosHeartNG',0.1800,0.0020,0.0180,1.0000,18.8800,20.2000,10.0000,10.0000,10.0000,69.0800,1),(175,'2023-03-09 14:45:14',6,1028.50,1.5000,0.0000,'SpicyDiceEGT',1.3500,0.0150,0.1350,1.0000,20.0800,20.3500,10.0000,10.0000,10.0000,70.4300,1),(176,'2023-03-09 14:45:16',6,1027.00,1.5000,0.0000,'SpicyDiceEGT',1.3500,0.0150,0.1350,1.0000,21.2800,20.5000,10.0000,10.0000,10.0000,71.7800,1),(177,'2023-03-09 14:45:17',6,1025.50,1.5000,0.0000,'SpicyDiceEGT',1.3500,0.0150,0.1350,1.0000,22.4800,20.6500,10.0000,10.0000,10.0000,73.1300,1),(178,'2023-03-09 14:45:18',6,1024.00,1.5000,0.0000,'SpicyDiceEGT',1.3500,0.0150,0.1350,1.0000,23.6800,20.8000,10.0000,10.0000,10.0000,74.4800,1),(179,'2023-03-09 14:45:20',6,1022.50,1.5000,0.0000,'SpicyDiceEGT',1.3500,0.0150,0.1350,1.0000,24.8800,20.9500,10.0000,10.0000,10.0000,75.8300,1),(180,'2023-03-09 14:45:21',6,1021.00,1.5000,0.0000,'SpicyDiceEGT',1.3500,0.0150,0.1350,1.0000,26.0800,21.1000,10.0000,10.0000,10.0000,77.1800,1),(181,'2023-03-09 14:45:22',6,1019.50,1.5000,0.0000,'SpicyDiceEGT',1.3500,0.0150,0.1350,1.0000,27.2800,21.2500,10.0000,10.0000,10.0000,78.5300,1),(182,'2023-03-09 14:45:23',6,1018.00,1.5000,0.0000,'SpicyDiceEGT',1.3500,0.0150,0.1350,1.0000,28.4800,21.4000,10.0000,10.0000,10.0000,79.8800,1),(183,'2023-03-09 14:45:24',6,1016.50,1.5000,0.0000,'SpicyDiceEGT',1.3500,0.0150,0.1350,1.0000,29.6800,21.5500,10.0000,10.0000,10.0000,81.2300,1),(184,'2023-03-09 14:45:26',6,1015.00,1.5000,1.8000,'SpicyDiceEGT',1.3500,0.0150,0.1350,1.0000,29.0800,21.7000,10.0000,10.0000,10.0000,80.7800,1),(185,'2023-03-09 14:45:29',6,1015.30,1.5000,0.0000,'SpicyDiceEGT',1.3500,0.0150,0.1350,1.0000,30.2800,21.8500,10.0000,10.0000,10.0000,82.1300,1),(186,'2023-03-09 14:45:30',6,1013.80,1.5000,0.0000,'SpicyDiceEGT',1.3500,0.0150,0.1350,1.0000,31.4800,22.0000,10.0000,10.0000,10.0000,83.4800,1),(187,'2023-03-09 14:45:31',6,1012.30,1.5000,0.0000,'SpicyDiceEGT',1.3500,0.0150,0.1350,1.0000,32.6800,22.1500,10.0000,10.0000,10.0000,84.8300,1),(188,'2023-03-09 14:45:34',6,1010.80,1.5000,0.0000,'SpicyDiceEGT',1.3500,0.0150,0.1350,1.0000,33.8800,22.3000,10.0000,10.0000,10.0000,86.1800,1),(189,'2023-03-09 14:45:35',6,1009.30,1.5000,0.0000,'SpicyDiceEGT',1.3500,0.0150,0.1350,1.0000,35.0800,22.4500,10.0000,10.0000,10.0000,87.5300,1),(190,'2023-03-09 14:45:37',6,1007.80,1.5000,3.0000,'SpicyDiceEGT',1.3500,0.0150,0.1350,1.0000,36.2800,19.6000,10.0000,10.0000,10.0000,85.8800,1),(191,'2023-03-09 14:45:49',6,1010.80,1.5000,6.2500,'SpicyDiceEGT FG',0.0000,0.0000,0.0000,1.0000,36.2800,13.3500,10.0000,10.0000,10.0000,79.6300,1),(192,'2023-03-09 14:45:50',6,1017.05,1.5000,0.0000,'SpicyDiceEGT FG',0.0000,0.0000,0.0000,1.0000,36.2800,13.3500,10.0000,10.0000,10.0000,79.6300,1),(193,'2023-03-09 14:45:51',6,1017.05,1.5000,0.0000,'SpicyDiceEGT FG',0.0000,0.0000,0.0000,1.0000,36.2800,13.3500,10.0000,10.0000,10.0000,79.6300,1),(194,'2023-03-09 14:45:52',6,1017.05,1.5000,0.0000,'SpicyDiceEGT FG',0.0000,0.0000,0.0000,1.0000,36.2800,13.3500,10.0000,10.0000,10.0000,79.6300,1),(195,'2023-03-09 14:45:53',6,1017.05,1.5000,0.0000,'SpicyDiceEGT FG',0.0000,0.0000,0.0000,1.0000,36.2800,13.3500,10.0000,10.0000,10.0000,79.6300,1),(196,'2023-03-09 14:45:54',6,1017.05,1.5000,0.0000,'SpicyDiceEGT FG',0.0000,0.0000,0.0000,1.0000,36.2800,13.3500,10.0000,10.0000,10.0000,79.6300,1),(197,'2023-03-09 14:45:55',6,1017.05,1.5000,0.0000,'SpicyDiceEGT FG',0.0000,0.0000,0.0000,1.0000,36.2800,13.3500,10.0000,10.0000,10.0000,79.6300,1),(198,'2023-03-09 14:45:56',6,1017.05,1.5000,0.0000,'SpicyDiceEGT FG',0.0000,0.0000,0.0000,1.0000,36.2800,13.3500,10.0000,10.0000,10.0000,79.6300,1),(199,'2023-03-09 14:45:57',6,1017.05,1.5000,0.0000,'SpicyDiceEGT FG',0.0000,0.0000,0.0000,1.0000,36.2800,13.3500,10.0000,10.0000,10.0000,79.6300,1),(200,'2023-03-09 14:45:58',6,1017.05,1.5000,0.0000,'SpicyDiceEGT FG',0.0000,0.0000,0.0000,1.0000,36.2800,13.3500,10.0000,10.0000,10.0000,79.6300,1),(201,'2023-03-09 14:45:59',6,1017.05,1.5000,0.0000,'SpicyDiceEGT FG',0.0000,0.0000,0.0000,1.0000,36.2800,13.3500,10.0000,10.0000,10.0000,79.6300,1),(202,'2023-03-09 14:46:00',6,1017.05,1.5000,0.0000,'SpicyDiceEGT FG',0.0000,0.0000,0.0000,1.0000,36.2800,13.3500,10.0000,10.0000,10.0000,79.6300,1),(203,'2023-03-09 14:46:00',6,1017.05,1.5000,0.0000,'SpicyDiceEGT FG',0.0000,0.0000,0.0000,1.0000,36.2800,13.3500,10.0000,10.0000,10.0000,79.6300,1),(204,'2023-03-09 14:46:02',6,1017.05,1.5000,0.0000,'SpicyDiceEGT FG',0.0000,0.0000,0.0000,1.0000,36.2800,13.3500,10.0000,10.0000,10.0000,79.6300,1),(205,'2023-03-09 14:46:03',6,1017.05,1.5000,0.0000,'SpicyDiceEGT FG',0.0000,0.0000,0.0000,1.0000,36.2800,13.3500,10.0000,10.0000,10.0000,79.6300,1),(206,'2023-03-09 14:46:03',6,1017.05,1.5000,0.0000,'SpicyDiceEGT FG',0.0000,0.0000,0.0000,1.0000,36.2800,13.3500,10.0000,10.0000,10.0000,79.6300,1),(207,'2023-03-09 14:46:05',6,1017.05,1.5000,0.3000,'SpicyDiceEGT FG',0.0000,0.0000,0.0000,1.0000,36.2800,13.0500,10.0000,10.0000,10.0000,79.3300,1),(208,'2023-03-09 14:46:06',6,1017.35,1.5000,0.0000,'SpicyDiceEGT FG',0.0000,0.0000,0.0000,1.0000,36.2800,13.0500,10.0000,10.0000,10.0000,79.3300,1),(209,'2023-03-09 14:46:07',6,1017.35,1.5000,0.0000,'SpicyDiceEGT FG',0.0000,0.0000,0.0000,1.0000,36.2800,13.0500,10.0000,10.0000,10.0000,79.3300,1),(210,'2023-03-09 14:46:08',6,1017.35,1.5000,0.0000,'SpicyDiceEGT FG',0.0000,0.0000,0.0000,1.0000,36.2800,13.0500,10.0000,10.0000,10.0000,79.3300,1),(211,'2023-03-09 14:46:09',6,1017.35,1.5000,0.0000,'SpicyDiceEGT FG',0.0000,0.0000,0.0000,1.0000,36.2800,13.0500,10.0000,10.0000,10.0000,79.3300,1),(212,'2023-03-09 14:46:10',6,1017.35,1.5000,0.0000,'SpicyDiceEGT FG',0.0000,0.0000,0.0000,1.0000,36.2800,13.0500,10.0000,10.0000,10.0000,79.3300,1),(213,'2023-03-09 14:46:11',6,1017.35,1.5000,0.0000,'SpicyDiceEGT FG',0.0000,0.0000,0.0000,1.0000,36.2800,13.0500,10.0000,10.0000,10.0000,79.3300,1),(214,'2023-03-09 14:46:12',6,1017.35,1.5000,6.5000,'SpicyDiceEGT FG',0.0000,0.0000,0.0000,1.0000,36.2800,6.5500,10.0000,10.0000,10.0000,72.8300,1),(215,'2023-03-09 14:46:14',6,1023.85,1.5000,0.0000,'SpicyDiceEGT FG',0.0000,0.0000,0.0000,1.0000,36.2800,6.5500,10.0000,10.0000,10.0000,72.8300,1),(216,'2023-03-09 14:46:15',6,1023.85,1.5000,0.0000,'SpicyDiceEGT FG',0.0000,0.0000,0.0000,1.0000,36.2800,6.5500,10.0000,10.0000,10.0000,72.8300,1),(217,'2023-03-09 14:46:16',6,1023.85,1.5000,0.0000,'SpicyDiceEGT FG',0.0000,0.0000,0.0000,1.0000,36.2800,6.5500,10.0000,10.0000,10.0000,72.8300,1),(218,'2023-03-09 14:46:17',6,1023.85,1.5000,0.0000,'SpicyDiceEGT FG',0.0000,0.0000,0.0000,1.0000,36.2800,6.5500,10.0000,10.0000,10.0000,72.8300,1),(219,'2023-03-09 14:46:18',6,1023.85,1.5000,0.0000,'SpicyDiceEGT FG',0.0000,0.0000,0.0000,1.0000,36.2800,6.5500,10.0000,10.0000,10.0000,72.8300,1),(220,'2023-03-09 14:46:18',6,1023.85,1.5000,0.0000,'SpicyDiceEGT FG',0.0000,0.0000,0.0000,1.0000,36.2800,6.5500,10.0000,10.0000,10.0000,72.8300,1),(221,'2023-03-09 14:46:26',6,1022.35,1.5000,0.0000,'SpicyDiceEGT',1.3500,0.0150,0.1350,1.0000,37.4800,6.7000,10.0000,10.0000,10.0000,74.1800,1),(222,'2023-03-09 14:46:27',6,1020.85,1.5000,0.0000,'SpicyDiceEGT',1.3500,0.0150,0.1350,1.0000,38.6800,6.8500,10.0000,10.0000,10.0000,75.5300,1),(223,'2023-03-09 14:46:28',6,1019.35,1.5000,0.0000,'SpicyDiceEGT',1.3500,0.0150,0.1350,1.0000,39.8800,7.0000,10.0000,10.0000,10.0000,76.8800,1),(224,'2023-03-09 14:46:29',6,1017.85,1.5000,0.0000,'SpicyDiceEGT',1.3500,0.0150,0.1350,1.0000,41.0800,7.1500,10.0000,10.0000,10.0000,78.2300,1),(225,'2023-03-09 14:52:44',6,1017.35,0.5000,0.0000,'BookOfRaDXGT',0.4500,0.0050,0.0450,1.0000,41.4800,7.2000,10.0000,10.0000,10.0000,78.6800,1),(226,'2023-03-09 14:52:46',6,1016.85,0.5000,0.0000,'BookOfRaDXGT',0.4500,0.0050,0.0450,1.0000,41.8800,7.2500,10.0000,10.0000,10.0000,79.1300,1),(227,'2023-03-09 14:52:48',6,1016.60,0.5000,0.2500,'BookOfRaDXGT',0.4500,0.0050,0.0450,1.0000,42.0300,7.3000,10.0000,10.0000,10.0000,79.3300,1),(228,'2023-03-09 14:52:50',6,1016.85,0.5000,0.7500,'BookOfRaDXGT',0.4500,0.0050,0.0450,1.0000,41.6800,7.3500,10.0000,10.0000,10.0000,79.0300,1),(229,'2023-03-09 14:52:52',6,1016.35,0.5000,0.0000,'BookOfRaDXGT',0.4500,0.0050,0.0450,1.0000,42.0800,7.4000,10.0000,10.0000,10.0000,79.4800,1),(230,'2023-03-09 14:52:53',6,1015.85,0.5000,0.0000,'BookOfRaDXGT',0.4500,0.0050,0.0450,1.0000,42.4800,7.4500,10.0000,10.0000,10.0000,79.9300,1),(231,'2023-03-09 14:52:55',6,1015.35,0.5000,0.0000,'BookOfRaDXGT',0.4500,0.0050,0.0450,1.0000,42.8800,7.5000,10.0000,10.0000,10.0000,80.3800,1),(232,'2023-03-09 14:52:57',6,1014.85,0.5000,0.0000,'BookOfRaDXGT',0.4500,0.0050,0.0450,1.0000,43.2800,7.5500,10.0000,10.0000,10.0000,80.8300,1),(233,'2023-03-09 14:52:59',6,1014.60,0.5000,0.2500,'BookOfRaDXGT',0.4500,0.0050,0.0450,1.0000,43.4300,7.6000,10.0000,10.0000,10.0000,81.0300,1),(234,'2023-03-09 14:53:02',6,1014.10,0.5000,0.0000,'BookOfRaDXGT',0.4500,0.0050,0.0450,1.0000,43.8300,7.6500,10.0000,10.0000,10.0000,81.4800,1),(235,'2023-03-09 14:53:04',6,1013.60,0.5000,0.0000,'BookOfRaDXGT',0.4500,0.0050,0.0450,1.0000,44.2300,7.7000,10.0000,10.0000,10.0000,81.9300,1),(236,'2023-03-09 14:53:06',6,1013.10,0.5000,0.0000,'BookOfRaDXGT',0.4500,0.0050,0.0450,1.0000,44.6300,7.7500,10.0000,10.0000,10.0000,82.3800,1),(237,'2023-03-09 14:53:08',6,1012.85,0.5000,0.2500,'BookOfRaDXGT',0.4500,0.0050,0.0450,1.0000,44.7800,7.8000,10.0000,10.0000,10.0000,82.5800,1),(238,'2023-03-09 14:53:10',6,1013.35,0.5000,1.0000,'BookOfRaDXGT',0.4500,0.0050,0.0450,1.0000,44.1800,7.8500,10.0000,10.0000,10.0000,82.0300,1),(239,'2023-03-09 14:53:12',6,1013.35,0.5000,0.5000,'BookOfRaDXGT',0.4500,0.0050,0.0450,1.0000,44.0800,7.9000,10.0000,10.0000,10.0000,81.9800,1),(240,'2023-03-09 14:53:14',6,1012.85,0.5000,0.0000,'BookOfRaDXGT',0.4500,0.0050,0.0450,1.0000,44.4800,7.9500,10.0000,10.0000,10.0000,82.4300,1),(241,'2023-03-09 14:53:16',6,1012.35,0.5000,0.0000,'BookOfRaDXGT',0.4500,0.0050,0.0450,1.0000,44.8800,8.0000,10.0000,10.0000,10.0000,82.8800,1),(242,'2023-03-09 14:53:18',6,1011.85,0.5000,0.0000,'BookOfRaDXGT',0.4500,0.0050,0.0450,1.0000,45.2800,8.0500,10.0000,10.0000,10.0000,83.3300,1),(243,'2023-03-09 14:53:21',6,1011.35,0.5000,0.0000,'BookOfRaDXGT',0.4500,0.0050,0.0450,1.0000,45.6800,8.1000,10.0000,10.0000,10.0000,83.7800,1),(244,'2023-03-09 14:53:24',6,1010.85,0.5000,1.5000,'BookOfRaDXGT',0.4500,0.0050,0.0450,1.0000,45.6800,7.0500,10.0000,10.0000,10.0000,82.7300,1),(245,'2023-03-09 14:53:34',6,1010.85,0.5000,5.2500,'BookOfRaDXGT FG',0.0000,0.0000,0.0000,1.0000,45.6800,1.8000,10.0000,10.0000,10.0000,77.4800,1),(246,'2023-03-09 14:53:45',6,1010.85,0.5000,0.0000,'BookOfRaDXGT FG',0.0000,0.0000,0.0000,1.0000,45.6800,1.8000,10.0000,10.0000,10.0000,77.4800,1),(247,'2023-03-09 14:53:47',6,1010.85,0.5000,0.0000,'BookOfRaDXGT FG',0.0000,0.0000,0.0000,1.0000,45.6800,1.8000,10.0000,10.0000,10.0000,77.4800,1),(248,'2023-03-09 14:53:49',6,1010.85,0.5000,0.0000,'BookOfRaDXGT FG',0.0000,0.0000,0.0000,1.0000,45.6800,1.8000,10.0000,10.0000,10.0000,77.4800,1),(249,'2023-03-09 14:53:51',6,1010.85,0.5000,0.5000,'BookOfRaDXGT FG',0.0000,0.0000,0.0000,1.0000,45.6800,1.3000,10.0000,10.0000,10.0000,76.9800,1),(250,'2023-03-09 14:53:55',6,1010.85,0.5000,0.0000,'BookOfRaDXGT FG',0.0000,0.0000,0.0000,1.0000,45.6800,1.3000,10.0000,10.0000,10.0000,76.9800,1),(251,'2023-03-09 14:53:57',6,1010.85,0.5000,0.5000,'BookOfRaDXGT FG',0.0000,0.0000,0.0000,1.0000,45.6800,0.8000,10.0000,10.0000,10.0000,76.4800,1),(252,'2023-03-09 14:54:01',6,1010.85,0.5000,0.2500,'BookOfRaDXGT FG',0.0000,0.0000,0.0000,1.0000,45.6800,0.5500,10.0000,10.0000,10.0000,76.2300,1),(253,'2023-03-09 14:54:05',6,1010.85,0.5000,0.5000,'BookOfRaDXGT FG',0.0000,0.0000,0.0000,1.0000,45.6800,0.0500,10.0000,10.0000,10.0000,75.7300,1),(254,'2023-03-09 14:54:09',6,1019.35,0.5000,0.0000,'BookOfRaDXGT FG',0.0000,0.0000,0.0000,1.0000,45.6800,0.0500,10.0000,10.0000,10.0000,75.7300,1),(255,'2023-03-09 14:54:13',6,1018.85,0.5000,0.0000,'BookOfRaDXGT',0.4500,0.0050,0.0450,1.0000,46.0800,0.1000,10.0000,10.0000,10.0000,76.1800,1),(256,'2023-03-09 14:54:15',6,1018.35,0.5000,0.0000,'BookOfRaDXGT',0.4500,0.0050,0.0450,1.0000,46.4800,0.1500,10.0000,10.0000,10.0000,76.6300,1),(257,'2023-03-09 14:54:16',6,1017.85,0.5000,0.0000,'BookOfRaDXGT',0.4500,0.0050,0.0450,1.0000,46.8800,0.2000,10.0000,10.0000,10.0000,77.0800,1),(258,'2023-03-09 14:54:17',6,1017.35,0.5000,0.0000,'BookOfRaDXGT',0.4500,0.0050,0.0450,1.0000,47.2800,0.2500,10.0000,10.0000,10.0000,77.5300,1),(259,'2023-03-09 14:54:18',6,1016.85,0.5000,0.0000,'BookOfRaDXGT',0.4500,0.0050,0.0450,1.0000,47.6800,0.3000,10.0000,10.0000,10.0000,77.9800,1),(260,'2023-03-09 14:54:20',6,1016.35,0.5000,0.0000,'BookOfRaDXGT',0.4500,0.0050,0.0450,1.0000,48.0800,0.3500,10.0000,10.0000,10.0000,78.4300,1),(261,'2023-03-09 14:54:21',6,1015.85,0.5000,0.0000,'BookOfRaDXGT',0.4500,0.0050,0.0450,1.0000,48.4800,0.4000,10.0000,10.0000,10.0000,78.8800,1),(262,'2023-03-09 14:54:23',6,1015.35,0.5000,0.0000,'BookOfRaDXGT',0.4500,0.0050,0.0450,1.0000,48.8800,0.4500,10.0000,10.0000,10.0000,79.3300,1),(263,'2023-03-09 14:54:24',6,1015.10,0.5000,0.2500,'BookOfRaDXGT',0.4500,0.0050,0.0450,1.0000,49.0300,0.5000,10.0000,10.0000,10.0000,79.5300,1),(264,'2023-03-09 14:54:26',6,1014.60,0.5000,0.0000,'BookOfRaDXGT',0.4500,0.0050,0.0450,1.0000,49.4300,0.5500,10.0000,10.0000,10.0000,79.9800,1),(265,'2023-03-09 14:54:27',6,1014.10,0.5000,0.0000,'BookOfRaDXGT',0.4500,0.0050,0.0450,1.0000,49.8300,0.6000,10.0000,10.0000,10.0000,80.4300,1),(266,'2023-03-09 14:54:28',6,1013.60,0.5000,0.0000,'BookOfRaDXGT',0.4500,0.0050,0.0450,1.0000,50.2300,0.6500,10.0000,10.0000,10.0000,80.8800,1),(267,'2023-03-09 14:54:29',6,1013.10,0.5000,0.0000,'BookOfRaDXGT',0.4500,0.0050,0.0450,1.0000,50.6300,0.7000,10.0000,10.0000,10.0000,81.3300,1),(268,'2023-03-09 14:54:31',6,1012.60,0.5000,0.0000,'BookOfRaDXGT',0.4500,0.0050,0.0450,1.0000,51.0300,0.7500,10.0000,10.0000,10.0000,81.7800,1),(269,'2023-03-09 14:54:32',6,1012.10,0.5000,0.0000,'BookOfRaDXGT',0.4500,0.0050,0.0450,1.0000,51.4300,0.8000,10.0000,10.0000,10.0000,82.2300,1),(270,'2023-03-09 14:54:33',6,1011.60,0.5000,0.0000,'BookOfRaDXGT',0.4500,0.0050,0.0450,1.0000,51.8300,0.8500,10.0000,10.0000,10.0000,82.6800,1),(271,'2023-03-09 14:54:35',6,1011.10,0.5000,0.0000,'BookOfRaDXGT',0.4500,0.0050,0.0450,1.0000,52.2300,0.9000,10.0000,10.0000,10.0000,83.1300,1),(272,'2023-03-09 14:54:36',6,1010.60,0.5000,0.0000,'BookOfRaDXGT',0.4500,0.0050,0.0450,1.0000,52.6300,0.9500,10.0000,10.0000,10.0000,83.5800,1),(273,'2023-03-09 14:54:37',6,1010.10,0.5000,0.0000,'BookOfRaDXGT',0.4500,0.0050,0.0450,1.0000,53.0300,1.0000,10.0000,10.0000,10.0000,84.0300,1),(274,'2023-03-09 14:54:39',6,1011.85,0.5000,2.2500,'BookOfRaDXGT',0.4500,0.0050,0.0450,1.0000,51.1800,1.0500,10.0000,10.0000,10.0000,82.2300,1),(275,'2023-03-09 14:54:41',6,1017.10,0.5000,5.7500,'BookOfRaDXGT',0.4500,0.0050,0.0450,1.0000,45.8300,1.1000,10.0000,10.0000,10.0000,76.9300,1),(276,'2023-03-09 14:54:43',6,1017.10,0.5000,0.5000,'BookOfRaDXGT',0.4500,0.0050,0.0450,1.0000,45.7300,1.1500,10.0000,10.0000,10.0000,76.8800,1),(277,'2023-03-09 14:54:45',6,1016.60,0.5000,0.0000,'BookOfRaDXGT',0.4500,0.0050,0.0450,1.0000,46.1300,1.2000,10.0000,10.0000,10.0000,77.3300,1),(278,'2023-03-09 14:54:46',6,1016.35,0.5000,0.2500,'BookOfRaDXGT',0.4500,0.0050,0.0450,1.0000,46.2800,1.2500,10.0000,10.0000,10.0000,77.5300,1),(279,'2023-03-09 14:54:48',6,1016.35,0.5000,0.5000,'BookOfRaDXGT',0.4500,0.0050,0.0450,1.0000,46.1800,1.3000,10.0000,10.0000,10.0000,77.4800,1),(280,'2023-03-09 14:54:49',6,1015.85,0.5000,0.0000,'BookOfRaDXGT',0.4500,0.0050,0.0450,1.0000,46.5800,1.3500,10.0000,10.0000,10.0000,77.9300,1),(281,'2023-03-09 14:54:51',6,1015.35,0.5000,0.0000,'BookOfRaDXGT',0.4500,0.0050,0.0450,1.0000,46.9800,1.4000,10.0000,10.0000,10.0000,78.3800,1),(282,'2023-03-09 14:54:52',6,1014.85,0.5000,0.0000,'BookOfRaDXGT',0.4500,0.0050,0.0450,1.0000,47.3800,1.4500,10.0000,10.0000,10.0000,78.8300,1),(283,'2023-03-09 14:54:53',6,1014.35,0.5000,0.0000,'BookOfRaDXGT',0.4500,0.0050,0.0450,1.0000,47.7800,1.5000,10.0000,10.0000,10.0000,79.2800,1),(284,'2023-03-09 14:54:54',6,1013.85,0.5000,0.0000,'BookOfRaDXGT',0.4500,0.0050,0.0450,1.0000,48.1800,1.5500,10.0000,10.0000,10.0000,79.7300,1),(285,'2023-03-09 14:54:55',6,1013.35,0.5000,0.0000,'BookOfRaDXGT',0.4500,0.0050,0.0450,1.0000,48.5800,1.6000,10.0000,10.0000,10.0000,80.1800,1),(286,'2023-03-09 14:54:56',6,1012.85,0.5000,0.0000,'BookOfRaDXGT',0.4500,0.0050,0.0450,1.0000,48.9800,1.6500,10.0000,10.0000,10.0000,80.6300,1),(287,'2023-03-09 14:54:57',6,1012.35,0.5000,0.0000,'BookOfRaDXGT',0.4500,0.0050,0.0450,1.0000,49.3800,1.7000,10.0000,10.0000,10.0000,81.0800,1),(288,'2023-03-09 14:54:58',6,1011.85,0.5000,0.0000,'BookOfRaDXGT',0.4500,0.0050,0.0450,1.0000,49.7800,1.7500,10.0000,10.0000,10.0000,81.5300,1),(289,'2023-03-09 14:54:59',6,1011.35,0.5000,0.0000,'BookOfRaDXGT',0.4500,0.0050,0.0450,1.0000,49.7800,2.2000,10.0000,10.0000,10.0000,81.9800,1),(290,'2023-03-09 14:55:00',6,1010.85,0.5000,0.0000,'BookOfRaDXGT',0.4500,0.0050,0.0450,1.0000,50.1800,2.2500,10.0000,10.0000,10.0000,82.4300,1),(291,'2023-03-09 14:55:01',6,1010.35,0.5000,0.0000,'BookOfRaDXGT',0.4500,0.0050,0.0450,1.0000,50.5800,2.3000,10.0000,10.0000,10.0000,82.8800,1),(292,'2023-03-09 14:55:05',6,1009.85,0.5000,0.0000,'BookOfRaDXGT',0.4500,0.0050,0.0450,1.0000,50.9800,2.3500,10.0000,10.0000,10.0000,83.3300,1),(293,'2023-03-09 14:55:07',6,1009.35,0.5000,0.0000,'BookOfRaDXGT',0.4500,0.0050,0.0450,1.0000,51.3800,2.4000,10.0000,10.0000,10.0000,83.7800,1),(294,'2023-03-09 14:55:09',6,1008.85,0.5000,0.0000,'BookOfRaDXGT',0.4500,0.0050,0.0450,1.0000,51.7800,2.4500,10.0000,10.0000,10.0000,84.2300,1),(295,'2023-03-09 14:55:11',6,1008.35,0.5000,0.0000,'BookOfRaDXGT',0.4500,0.0050,0.0450,1.0000,52.1800,2.5000,10.0000,10.0000,10.0000,84.6800,1),(296,'2023-03-09 14:55:13',6,1007.85,0.5000,0.0000,'BookOfRaDXGT',0.4500,0.0050,0.0450,1.0000,52.5800,2.5500,10.0000,10.0000,10.0000,85.1300,1),(297,'2023-03-09 14:55:15',6,1007.35,0.5000,0.0000,'BookOfRaDXGT',0.4500,0.0050,0.0450,1.0000,52.9800,2.6000,10.0000,10.0000,10.0000,85.5800,1),(298,'2023-03-09 14:55:18',6,1006.85,0.5000,0.0000,'BookOfRaDXGT',0.4500,0.0050,0.0450,1.0000,53.3800,2.6500,10.0000,10.0000,10.0000,86.0300,1),(299,'2023-03-09 14:55:19',6,1006.35,0.5000,0.0000,'BookOfRaDXGT',0.4500,0.0050,0.0450,1.0000,53.7800,2.7000,10.0000,10.0000,10.0000,86.4800,1),(300,'2023-03-09 14:55:21',6,1005.85,0.5000,0.0000,'BookOfRaDXGT',0.4500,0.0050,0.0450,1.0000,54.1800,2.7500,10.0000,10.0000,10.0000,86.9300,1),(301,'2023-03-09 14:55:22',6,1005.35,0.5000,0.0000,'BookOfRaDXGT',0.4500,0.0050,0.0450,1.0000,54.5800,2.8000,10.0000,10.0000,10.0000,87.3800,1),(302,'2023-03-09 14:55:24',6,1004.85,0.5000,0.0000,'BookOfRaDXGT',0.4500,0.0050,0.0450,1.0000,54.5800,3.2500,10.0000,10.0000,10.0000,87.8300,1),(303,'2023-03-09 14:55:26',6,1004.35,0.5000,2.7500,'BookOfRaDXGT',0.4500,0.0050,0.0450,1.0000,54.5800,0.9500,10.0000,10.0000,10.0000,85.5300,1),(304,'2023-03-09 14:55:40',6,1004.35,0.5000,0.0000,'BookOfRaDXGT FG',0.0000,0.0000,0.0000,1.0000,54.5800,0.9500,10.0000,10.0000,10.0000,85.5300,1),(305,'2023-03-09 14:55:42',6,1004.35,0.5000,0.0000,'BookOfRaDXGT FG',0.0000,0.0000,0.0000,1.0000,54.5800,0.9500,10.0000,10.0000,10.0000,85.5300,1),(306,'2023-03-09 14:55:44',6,1004.35,0.5000,0.0000,'BookOfRaDXGT FG',0.0000,0.0000,0.0000,1.0000,54.5800,0.9500,10.0000,10.0000,10.0000,85.5300,1),(307,'2023-03-09 14:55:46',6,1004.35,0.5000,0.0000,'BookOfRaDXGT FG',0.0000,0.0000,0.0000,1.0000,54.5800,0.9500,10.0000,10.0000,10.0000,85.5300,1),(308,'2023-03-09 14:55:48',6,1004.35,0.5000,0.0000,'BookOfRaDXGT FG',0.0000,0.0000,0.0000,1.0000,54.5800,0.9500,10.0000,10.0000,10.0000,85.5300,1),(309,'2023-03-09 14:55:50',6,1004.35,0.5000,0.7500,'BookOfRaDXGT FG',0.0000,0.0000,0.0000,1.0000,54.5800,0.2000,10.0000,10.0000,10.0000,84.7800,1),(310,'2023-03-09 14:55:55',6,1004.35,0.5000,0.0000,'BookOfRaDXGT FG',0.0000,0.0000,0.0000,1.0000,54.5800,0.2000,10.0000,10.0000,10.0000,84.7800,1),(311,'2023-03-09 14:55:57',6,1004.35,0.5000,0.0000,'BookOfRaDXGT FG',0.0000,0.0000,0.0000,1.0000,54.5800,0.2000,10.0000,10.0000,10.0000,84.7800,1),(312,'2023-03-09 14:55:59',6,1004.35,0.5000,0.0000,'BookOfRaDXGT FG',0.0000,0.0000,0.0000,1.0000,54.5800,0.2000,10.0000,10.0000,10.0000,84.7800,1),(313,'2023-03-09 14:56:02',6,1007.85,0.5000,0.0000,'BookOfRaDXGT FG',0.0000,0.0000,0.0000,1.0000,54.5800,0.2000,10.0000,10.0000,10.0000,84.7800,1),(314,'2023-03-09 14:56:05',6,1007.35,0.5000,0.0000,'BookOfRaDXGT',0.4500,0.0050,0.0450,1.0000,54.9800,0.2500,10.0000,10.0000,10.0000,85.2300,1),(315,'2023-03-09 14:56:06',6,1006.85,0.5000,0.0000,'BookOfRaDXGT',0.4500,0.0050,0.0450,1.0000,55.3800,0.3000,10.0000,10.0000,10.0000,85.6800,1),(316,'2023-03-09 14:56:07',6,1007.35,0.5000,1.0000,'BookOfRaDXGT',0.4500,0.0050,0.0450,1.0000,54.7800,0.3500,10.0000,10.0000,10.0000,85.1300,1),(317,'2023-03-09 14:56:09',6,1006.85,0.5000,0.0000,'BookOfRaDXGT',0.4500,0.0050,0.0450,1.0000,55.1800,0.4000,10.0000,10.0000,10.0000,85.5800,1),(318,'2023-03-09 14:56:10',6,1056.85,0.5000,50.5000,'BookOfRaDXGT',0.4500,0.0050,0.0450,1.0000,5.0800,0.4500,10.0000,10.0000,10.0000,35.5300,1),(319,'2023-03-09 14:56:13',6,1056.35,0.5000,0.0000,'BookOfRaDXGT',0.4500,0.0050,0.0450,1.0000,5.4800,0.5000,10.0000,10.0000,10.0000,35.9800,1),(320,'2023-03-09 14:56:14',6,1055.85,0.5000,0.0000,'BookOfRaDXGT',0.4500,0.0050,0.0450,1.0000,5.8800,0.5500,10.0000,10.0000,10.0000,36.4300,1),(321,'2023-03-09 14:56:15',6,1055.35,0.5000,0.0000,'BookOfRaDXGT',0.4500,0.0050,0.0450,1.0000,6.2800,0.6000,10.0000,10.0000,10.0000,36.8800,1),(322,'2023-03-09 14:56:16',6,1054.85,0.5000,0.0000,'BookOfRaDXGT',0.4500,0.0050,0.0450,1.0000,6.6800,0.6500,10.0000,10.0000,10.0000,37.3300,1),(323,'2023-03-09 14:56:18',6,1054.35,0.5000,0.0000,'BookOfRaDXGT',0.4500,0.0050,0.0450,1.0000,7.0800,0.7000,10.0000,10.0000,10.0000,37.7800,1),(324,'2023-03-09 14:56:18',6,1053.85,0.5000,0.0000,'BookOfRaDXGT',0.4500,0.0050,0.0450,1.0000,7.4800,0.7500,10.0000,10.0000,10.0000,38.2300,1),(325,'2023-03-09 14:56:20',6,1063.35,0.5000,0.0000,'BookOfRaDXGT',0.4500,0.0050,0.0450,1.0000,7.8800,0.8000,10.0000,10.0000,10.0000,38.6800,1),(326,'2023-03-09 14:56:20',6,1062.85,0.5000,0.0000,'BookOfRaDXGT',0.4500,0.0050,0.0450,1.0000,8.2800,0.8500,10.0000,10.0000,10.0000,39.1300,1),(327,'2023-03-09 14:56:22',6,1062.35,0.5000,0.0000,'BookOfRaDXGT',0.4500,0.0050,0.0450,1.0000,8.6800,0.9000,10.0000,10.0000,10.0000,39.5800,1),(328,'2023-03-09 14:56:23',6,1061.85,0.5000,0.0000,'BookOfRaDXGT',0.4500,0.0050,0.0450,1.0000,9.0800,0.9500,10.0000,10.0000,10.0000,40.0300,1),(329,'2023-03-09 14:56:24',6,1061.35,0.5000,0.0000,'BookOfRaDXGT',0.4500,0.0050,0.0450,1.0000,9.4800,1.0000,10.0000,10.0000,10.0000,40.4800,1),(330,'2023-03-09 14:56:24',6,1060.85,0.5000,0.0000,'BookOfRaDXGT',0.4500,0.0050,0.0450,1.0000,9.8800,1.0500,10.0000,10.0000,10.0000,40.9300,1),(331,'2023-03-09 14:56:25',6,1060.35,0.5000,0.0000,'BookOfRaDXGT',0.4500,0.0050,0.0450,1.0000,10.2800,1.1000,10.0000,10.0000,10.0000,41.3800,1),(332,'2023-03-09 14:56:26',6,1059.85,0.5000,0.0000,'BookOfRaDXGT',0.4500,0.0050,0.0450,1.0000,10.6800,1.1500,10.0000,10.0000,10.0000,41.8300,1),(333,'2023-03-09 14:56:27',6,1059.35,0.5000,0.0000,'BookOfRaDXGT',0.4500,0.0050,0.0450,1.0000,11.0800,1.2000,10.0000,10.0000,10.0000,42.2800,1),(334,'2023-03-09 14:56:28',6,1058.85,0.5000,0.0000,'BookOfRaDXGT',0.4500,0.0050,0.0450,1.0000,11.4800,1.2500,10.0000,10.0000,10.0000,42.7300,1),(335,'2023-03-09 14:56:29',6,1058.35,0.5000,0.0000,'BookOfRaDXGT',0.4500,0.0050,0.0450,1.0000,11.8800,1.3000,10.0000,10.0000,10.0000,43.1800,1),(336,'2023-03-09 14:56:30',6,1057.85,0.5000,0.0000,'BookOfRaDXGT',0.4500,0.0050,0.0450,1.0000,12.2800,1.3500,10.0000,10.0000,10.0000,43.6300,1),(337,'2023-03-09 14:56:32',6,1057.35,0.5000,0.0000,'BookOfRaDXGT',0.4500,0.0050,0.0450,1.0000,12.6800,1.4000,10.0000,10.0000,10.0000,44.0800,1),(338,'2023-03-09 14:56:33',6,1056.85,0.5000,0.0000,'BookOfRaDXGT',0.4500,0.0050,0.0450,1.0000,13.0800,1.4500,10.0000,10.0000,10.0000,44.5300,1),(339,'2023-03-09 14:56:34',6,1062.10,0.5000,5.7500,'BookOfRaDXGT',0.4500,0.0050,0.0450,1.0000,7.7300,1.5000,10.0000,10.0000,10.0000,39.2300,1),(340,'2023-03-09 14:56:35',6,1061.60,0.5000,0.0000,'BookOfRaDXGT',0.4500,0.0050,0.0450,1.0000,8.1300,1.5500,10.0000,10.0000,10.0000,39.6800,1),(341,'2023-03-09 14:56:37',6,1064.60,0.5000,3.5000,'BookOfRaDXGT',0.4500,0.0050,0.0450,1.0000,5.0300,1.6000,10.0000,10.0000,10.0000,36.6300,1),(342,'2023-03-09 14:56:38',6,1064.10,0.5000,0.0000,'BookOfRaDXGT',0.4500,0.0050,0.0450,1.0000,5.4300,1.6500,10.0000,10.0000,10.0000,37.0800,1),(343,'2023-03-09 14:56:40',6,1063.60,0.5000,0.0000,'BookOfRaDXGT',0.4500,0.0050,0.0450,1.0000,5.8300,1.7000,10.0000,10.0000,10.0000,37.5300,1);

--
-- Table structure for table `w_statistics`
--

CREATE TABLE `w_statistics` (
  `id` int(55) NOT NULL AUTO_INCREMENT,
  `title` varchar(255) COLLATE utf8mb4_unicode_ci DEFAULT NULL,
  `user_id` int(55) NOT NULL,
  `payeer_id` int(55) DEFAULT NULL,
  `system` enum('user','shop','bank','jpg','refund','happyhour','pincode','handpay','interkassa','coinbase','btcpayserver','invite','progress','tournament','daily_entry','welcome_bonus','sms_bonus','wheelfortune') COLLATE utf8mb4_unicode_ci DEFAULT NULL,
  `old` decimal(20,4) NOT NULL,
  `sum` decimal(20,4) NOT NULL,
  `sum2` decimal(20,4) DEFAULT NULL,
  `hh_multiplier` int(5) NOT NULL DEFAULT '1',
  `type` enum('add','out') COLLATE utf8mb4_unicode_ci NOT NULL DEFAULT 'add',
  `item_id` varchar(55) COLLATE utf8mb4_unicode_ci DEFAULT NULL,
  `status` int(2) NOT NULL DEFAULT '1',
  `ip_address` varchar(255) COLLATE utf8mb4_unicode_ci DEFAULT NULL,
  `user_agent` varchar(550) COLLATE utf8mb4_unicode_ci DEFAULT NULL,
  `country` varchar(255) COLLATE utf8mb4_unicode_ci DEFAULT NULL,
  `city` varchar(255) COLLATE utf8mb4_unicode_ci DEFAULT NULL,
  `os` varchar(255) COLLATE utf8mb4_unicode_ci DEFAULT NULL,
  `device` varchar(255) COLLATE utf8mb4_unicode_ci DEFAULT NULL,
  `browser` varchar(255) COLLATE utf8mb4_unicode_ci DEFAULT NULL,
  `shop_id` int(55) NOT NULL,
  `created_at` timestamp NOT NULL DEFAULT CURRENT_TIMESTAMP ON UPDATE CURRENT_TIMESTAMP,
  `updated_at` timestamp NOT NULL DEFAULT '0000-00-00 00:00:00',
  PRIMARY KEY (`id`),
  KEY `system` (`system`),
  KEY `shop_id` (`shop_id`)
) ENGINE=MyISAM AUTO_INCREMENT=60 DEFAULT CHARSET=utf8mb4 COLLATE=utf8mb4_unicode_ci ROW_FORMAT=DYNAMIC;

--
-- Dumping data for table `w_statistics`
--

INSERT INTO `w_statistics` VALUES (1,'Slots',1,NULL,'bank',0.0000,10.0000,NULL,1,'add',NULL,1,'UNKNOWN','Symfony','','','Unknown OS Platform','Computer','Unknown Browser',1,'2021-09-08 01:00:20','2021-09-08 01:00:20'),(2,'Little',1,NULL,'bank',0.0000,10.0000,NULL,1,'add',NULL,1,'UNKNOWN','Symfony','','','Unknown OS Platform','Computer','Unknown Browser',1,'2021-09-08 01:00:20','2021-09-08 01:00:20'),(3,'Table',1,NULL,'bank',0.0000,10.0000,NULL,1,'add',NULL,1,'UNKNOWN','Symfony','','','Unknown OS Platform','Computer','Unknown Browser',1,'2021-09-08 01:00:20','2021-09-08 01:00:20'),(4,'Bonus',1,NULL,'bank',0.0000,10.0000,NULL,1,'add',NULL,1,'UNKNOWN','Symfony','','','Unknown OS Platform','Computer','Unknown Browser',1,'2021-09-08 01:00:20','2021-09-08 01:00:20'),(5,'Fish',1,NULL,'bank',0.0000,10.0000,NULL,1,'add',NULL,1,'UNKNOWN','Symfony','','','Unknown OS Platform','Computer','Unknown Browser',1,'2021-09-08 01:00:20','2021-09-08 01:00:20'),(6,'HP',2,1,'handpay',0.0000,20000.0000,NULL,1,'add',NULL,1,'127.0.0.1','Mozilla/5.0 (Windows NT 10.0; Win64; x64) AppleWebKit/537.36 (KHTML, like Gecko) Chrome/93.0.4577.63 Safari/537.36','Unknown','Unknown','Windows 10','Computer','Chrome',0,'2021-09-08 01:01:08','2021-09-08 01:01:08'),(7,'',3,2,'user',0.0000,10000.0000,NULL,1,'add',NULL,1,'127.0.0.1','Mozilla/5.0 (Windows NT 10.0; Win64; x64) AppleWebKit/537.36 (KHTML, like Gecko) Chrome/93.0.4577.63 Safari/537.36','Unknown','Unknown','Windows 10','Computer','Chrome',0,'2021-09-08 01:01:21','2021-09-08 01:01:21'),(8,NULL,3,NULL,'shop',0.0000,8000.0000,NULL,1,'add',NULL,1,'127.0.0.1','Mozilla/5.0 (Windows NT 10.0; Win64; x64) AppleWebKit/537.36 (KHTML, like Gecko) Chrome/93.0.4577.63 Safari/537.36','Unknown','Unknown','Windows 10','Computer','Chrome',1,'2021-09-08 01:02:14','2021-09-08 01:02:14'),(9,'HP',6,5,'handpay',0.0000,1000.0000,NULL,1,'add',NULL,1,'127.0.0.1','Mozilla/5.0 (Windows NT 10.0; Win64; x64) AppleWebKit/537.36 (KHTML, like Gecko) Chrome/93.0.4577.63 Safari/537.36','Unknown','Unknown','Windows 10','Computer','Chrome',1,'2021-09-08 01:03:18','2021-09-08 01:03:18'),(10,'WB 1',6,5,'welcome_bonus',0.0000,10.0000,NULL,1,'add','4',1,'127.0.0.1','Mozilla/5.0 (Windows NT 10.0; Win64; x64) AppleWebKit/537.36 (KHTML, like Gecko) Chrome/93.0.4577.63 Safari/537.36','Unknown','Unknown','Windows 10','Computer','Chrome',1,'2021-09-08 01:03:18','2021-09-08 01:03:18'),(11,'Slots',1,NULL,'bank',0.0000,10.0000,NULL,1,'add',NULL,1,'UNKNOWN','Symfony','','','Unknown OS Platform','Computer','Unknown Browser',2,'2022-09-17 16:35:01','2022-09-17 16:35:01'),(12,'Little',1,NULL,'bank',0.0000,10.0000,NULL,1,'add',NULL,1,'UNKNOWN','Symfony','','','Unknown OS Platform','Computer','Unknown Browser',2,'2022-09-17 16:35:01','2022-09-17 16:35:01'),(13,'Table',1,NULL,'bank',0.0000,10.0000,NULL,1,'add',NULL,1,'UNKNOWN','Symfony','','','Unknown OS Platform','Computer','Unknown Browser',2,'2022-09-17 16:35:01','2022-09-17 16:35:01'),(14,'Bonus',1,NULL,'bank',0.0000,10.0000,NULL,1,'add',NULL,1,'UNKNOWN','Symfony','','','Unknown OS Platform','Computer','Unknown Browser',2,'2022-09-17 16:35:01','2022-09-17 16:35:01'),(15,'Fish',1,NULL,'bank',0.0000,10.0000,NULL,1,'add',NULL,1,'UNKNOWN','Symfony','','','Unknown OS Platform','Computer','Unknown Browser',2,'2022-09-17 16:35:01','2022-09-17 16:35:01'),(16,'HP',7,1,'handpay',0.0000,100000.0000,NULL,1,'add',NULL,1,'192.168.1.72','Mozilla/5.0 (Windows NT 6.2; WOW64) AppleWebKit/537.36 (KHTML, like Gecko) Chrome/94.0.4606.81 Safari/537.36','Unknown','Unknown','Windows 8','Computer','Chrome',0,'2022-09-17 16:35:44','2022-09-17 16:35:44'),(17,'',8,7,'user',0.0000,10000.0000,NULL,1,'add',NULL,1,'192.168.1.72','Mozilla/5.0 (Windows NT 6.2; WOW64) AppleWebKit/537.36 (KHTML, like Gecko) Chrome/94.0.4606.81 Safari/537.36','Unknown','Unknown','Windows 8','Computer','Chrome',0,'2022-09-17 16:36:01','2022-09-17 16:36:01'),(18,NULL,8,NULL,'shop',0.0000,2000.0000,NULL,1,'add',NULL,1,'192.168.1.72','Mozilla/5.0 (Windows NT 6.2; WOW64) AppleWebKit/537.36 (KHTML, like Gecko) Chrome/94.0.4606.81 Safari/537.36','Unknown','Unknown','Windows 8','Computer','Chrome',2,'2022-09-17 16:36:33','2022-09-17 16:36:33'),(19,'HP',11,10,'handpay',0.0000,150.0000,NULL,1,'add',NULL,1,'192.168.1.72','Mozilla/5.0 (Windows NT 6.2; WOW64) AppleWebKit/537.36 (KHTML, like Gecko) Chrome/94.0.4606.81 Safari/537.36','Unknown','Unknown','Windows 8','Computer','Chrome',2,'2022-09-17 16:36:55','2022-09-17 16:36:55'),(20,'WB 1',11,10,'welcome_bonus',0.0000,10.0000,NULL,1,'add','7',1,'192.168.1.72','Mozilla/5.0 (Windows NT 6.2; WOW64) AppleWebKit/537.36 (KHTML, like Gecko) Chrome/94.0.4606.81 Safari/537.36','Unknown','Unknown','Windows 8','Computer','Chrome',2,'2022-09-17 16:36:55','2022-09-17 16:36:55'),(21,'Slots',1,NULL,'bank',0.0000,10.0000,NULL,1,'add',NULL,1,'UNKNOWN','Symfony','','','Unknown OS Platform','Computer','Unknown Browser',3,'2022-09-20 12:45:02','2022-09-20 12:45:02'),(22,'Little',1,NULL,'bank',0.0000,10.0000,NULL,1,'add',NULL,1,'UNKNOWN','Symfony','','','Unknown OS Platform','Computer','Unknown Browser',3,'2022-09-20 12:45:02','2022-09-20 12:45:02'),(23,'Table',1,NULL,'bank',0.0000,10.0000,NULL,1,'add',NULL,1,'UNKNOWN','Symfony','','','Unknown OS Platform','Computer','Unknown Browser',3,'2022-09-20 12:45:02','2022-09-20 12:45:02'),(24,'Bonus',1,NULL,'bank',0.0000,10.0000,NULL,1,'add',NULL,1,'UNKNOWN','Symfony','','','Unknown OS Platform','Computer','Unknown Browser',3,'2022-09-20 12:45:02','2022-09-20 12:45:02'),(25,'Fish',1,NULL,'bank',0.0000,10.0000,NULL,1,'add',NULL,1,'UNKNOWN','Symfony','','','Unknown OS Platform','Computer','Unknown Browser',3,'2022-09-20 12:45:02','2022-09-20 12:45:02'),(26,'HP',13,1,'handpay',0.0000,100000.0000,NULL,1,'add',NULL,1,'192.168.1.72','Mozilla/5.0 (Windows NT 10.0; Win64; x64) AppleWebKit/537.36 (KHTML, like Gecko) Chrome/105.0.0.0 Safari/537.36','Unknown','Unknown','Windows 10','Computer','Chrome',0,'2022-09-21 11:46:21','2022-09-21 11:46:21'),(27,'',14,13,'user',0.0000,10000.0000,NULL,1,'add',NULL,1,'192.168.1.72','Mozilla/5.0 (Windows NT 10.0; Win64; x64) AppleWebKit/537.36 (KHTML, like Gecko) Chrome/105.0.0.0 Safari/537.36','Unknown','Unknown','Windows 10','Computer','Chrome',0,'2022-09-21 11:46:37','2022-09-21 11:46:37'),(28,NULL,14,NULL,'shop',0.0000,2500.0000,NULL,1,'add',NULL,1,'192.168.1.72','Mozilla/5.0 (Windows NT 10.0; Win64; x64) AppleWebKit/537.36 (KHTML, like Gecko) Chrome/105.0.0.0 Safari/537.36','Unknown','Unknown','Windows 10','Computer','Chrome',3,'2022-09-21 11:47:04','2022-09-21 11:47:04'),(29,'JPG 21',1,NULL,'jpg',0.0050,5.0000,NULL,1,'add',NULL,1,'192.168.1.72','Mozilla/5.0 (Windows NT 6.2; WOW64) AppleWebKit/537.36 (KHTML, like Gecko) Chrome/94.0.4606.81 Safari/537.36','Unknown','Unknown','Windows 8','Computer','Chrome',2,'2022-09-21 11:58:41','2022-09-21 11:58:41'),(30,'JPG 22',1,NULL,'jpg',0.0050,3.0000,NULL,1,'add',NULL,1,'192.168.1.72','Mozilla/5.0 (Windows NT 6.2; WOW64) AppleWebKit/537.36 (KHTML, like Gecko) Chrome/94.0.4606.81 Safari/537.36','Unknown','Unknown','Windows 8','Computer','Chrome',2,'2022-09-21 11:58:41','2022-09-21 11:58:41'),(31,'JPG 23',1,NULL,'jpg',0.0050,1.0000,NULL,1,'add',NULL,1,'192.168.1.72','Mozilla/5.0 (Windows NT 6.2; WOW64) AppleWebKit/537.36 (KHTML, like Gecko) Chrome/94.0.4606.81 Safari/537.36','Unknown','Unknown','Windows 8','Computer','Chrome',2,'2022-09-21 11:58:41','2022-09-21 11:58:41'),(32,'JPG 24',1,NULL,'jpg',0.0050,5.0000,NULL,1,'add',NULL,1,'192.168.1.72','Mozilla/5.0 (Windows NT 6.2; WOW64) AppleWebKit/537.36 (KHTML, like Gecko) Chrome/94.0.4606.81 Safari/537.36','Unknown','Unknown','Windows 8','Computer','Chrome',2,'2022-09-21 11:58:41','2022-09-21 11:58:41'),(33,'JPG 25',1,NULL,'jpg',0.0050,3.0000,NULL,1,'add',NULL,1,'192.168.1.72','Mozilla/5.0 (Windows NT 6.2; WOW64) AppleWebKit/537.36 (KHTML, like Gecko) Chrome/94.0.4606.81 Safari/537.36','Unknown','Unknown','Windows 8','Computer','Chrome',2,'2022-09-21 11:58:41','2022-09-21 11:58:41'),(34,'JPG 26',1,NULL,'jpg',0.0050,2.0000,NULL,1,'add',NULL,1,'192.168.1.72','Mozilla/5.0 (Windows NT 6.2; WOW64) AppleWebKit/537.36 (KHTML, like Gecko) Chrome/94.0.4606.81 Safari/537.36','Unknown','Unknown','Windows 8','Computer','Chrome',2,'2022-09-21 11:58:41','2022-09-21 11:58:41'),(35,'JPG 27',1,NULL,'jpg',0.0050,4.0000,NULL,1,'add',NULL,1,'192.168.1.72','Mozilla/5.0 (Windows NT 6.2; WOW64) AppleWebKit/537.36 (KHTML, like Gecko) Chrome/94.0.4606.81 Safari/537.36','Unknown','Unknown','Windows 8','Computer','Chrome',2,'2022-09-21 11:58:41','2022-09-21 11:58:41'),(36,'JPG 28',1,NULL,'jpg',0.0050,2.0000,NULL,1,'add',NULL,1,'192.168.1.72','Mozilla/5.0 (Windows NT 6.2; WOW64) AppleWebKit/537.36 (KHTML, like Gecko) Chrome/94.0.4606.81 Safari/537.36','Unknown','Unknown','Windows 8','Computer','Chrome',2,'2022-09-21 11:58:41','2022-09-21 11:58:41'),(37,'JPG 29',1,NULL,'jpg',0.0050,1.0000,NULL,1,'add',NULL,1,'192.168.1.72','Mozilla/5.0 (Windows NT 6.2; WOW64) AppleWebKit/537.36 (KHTML, like Gecko) Chrome/94.0.4606.81 Safari/537.36','Unknown','Unknown','Windows 8','Computer','Chrome',2,'2022-09-21 11:58:41','2022-09-21 11:58:41'),(38,'JPG 30',1,NULL,'jpg',0.0050,1.0000,NULL,1,'add',NULL,1,'192.168.1.72','Mozilla/5.0 (Windows NT 6.2; WOW64) AppleWebKit/537.36 (KHTML, like Gecko) Chrome/94.0.4606.81 Safari/537.36','Unknown','Unknown','Windows 8','Computer','Chrome',2,'2022-09-21 11:58:41','2022-09-21 11:58:41'),(39,'Slots',1,NULL,'bank',0.0000,10.0000,NULL,1,'out',NULL,1,'UNKNOWN','Symfony','','','Unknown OS Platform','Computer','Unknown Browser',2,'2022-09-21 12:00:03','2022-09-21 12:00:03'),(40,'Bonus',1,NULL,'bank',0.0000,10.0000,NULL,1,'out',NULL,1,'UNKNOWN','Symfony','','','Unknown OS Platform','Computer','Unknown Browser',2,'2022-09-21 12:00:03','2022-09-21 12:00:03'),(41,'HP',20,5,'handpay',0.0000,100.0000,NULL,1,'add',NULL,1,'195.206.191.249','Mozilla/5.0 (Macintosh; Intel Mac OS X 10_15_7) AppleWebKit/605.1.15 (KHTML, like Gecko) Version/16.2 Safari/605.1.15','United Kingdom','','Mac OS X','Computer','Safari',1,'2023-03-08 00:16:03','2023-03-08 00:16:03'),(42,'WB 1',20,5,'welcome_bonus',0.0000,10.0000,NULL,1,'add','4',1,'195.206.191.249','Mozilla/5.0 (Macintosh; Intel Mac OS X 10_15_7) AppleWebKit/605.1.15 (KHTML, like Gecko) Version/16.2 Safari/605.1.15','United Kingdom','','Mac OS X','Computer','Safari',1,'2023-03-08 00:16:03','2023-03-08 00:16:03'),(43,'PIN 6CAE-34CE-D4E8-D299-4680',6,5,'pincode',0.0000,10.0000,NULL,1,'add','6CAE-34CE-D4E8-D299-4680',1,'188.117.224.149','Mozilla/5.0 (Windows NT 10.0; Win64; x64) AppleWebKit/537.36 (KHTML, like Gecko) Chrome/110.0.0.0 Safari/537.36 Edg/110.0.1587.63','Greece','Thessaloniki','Windows 10','Computer','Chrome',1,'2023-03-08 01:16:05','2023-03-08 01:16:05'),(44,'PIN D18E-AC5D-5E34-3B28-5CA6',6,5,'pincode',0.0000,10.0000,NULL,1,'add','D18E-AC5D-5E34-3B28-5CA6',1,'79.107.196.115','Mozilla/5.0 (Linux; U; Android 11; M2007J20CG Build/RKQ1.200826.002; wv) AppleWebKit/537.36 (KHTML, like Gecko) Version/4.0 Chrome/110.0.5481.154 Mobile Safari/537.36 OPR/67.1.2254.64861','Greece','Drama','Android','Mobile','Safari Browser',1,'2023-03-08 01:16:28','2023-03-08 01:16:28'),(45,'JPG 11',1,NULL,'jpg',0.0001,3.0000,NULL,1,'add',NULL,1,'165.227.225.244','Mozilla/5.0 (iPhone; CPU iPhone OS 16_1_1 like Mac OS X) AppleWebKit/605.1.15 (KHTML, like Gecko) Version/16.1 Mobile/15E148 Safari/604.1','United Kingdom','London','iPhone','Mobile','Safari Browser',1,'2023-03-08 01:59:32','2023-03-08 01:59:32'),(46,'JPG 12',1,NULL,'jpg',0.0001,4.0000,NULL,1,'add',NULL,1,'165.227.225.244','Mozilla/5.0 (iPhone; CPU iPhone OS 16_1_1 like Mac OS X) AppleWebKit/605.1.15 (KHTML, like Gecko) Version/16.1 Mobile/15E148 Safari/604.1','United Kingdom','London','iPhone','Mobile','Safari Browser',1,'2023-03-08 01:59:32','2023-03-08 01:59:32'),(47,'JPG 13',1,NULL,'jpg',0.0001,5.0000,NULL,1,'add',NULL,1,'165.227.225.244','Mozilla/5.0 (iPhone; CPU iPhone OS 16_1_1 like Mac OS X) AppleWebKit/605.1.15 (KHTML, like Gecko) Version/16.1 Mobile/15E148 Safari/604.1','United Kingdom','London','iPhone','Mobile','Safari Browser',1,'2023-03-08 01:59:32','2023-03-08 01:59:32'),(48,'JPG 14',1,NULL,'jpg',0.0001,4.0000,NULL,1,'add',NULL,1,'165.227.225.244','Mozilla/5.0 (iPhone; CPU iPhone OS 16_1_1 like Mac OS X) AppleWebKit/605.1.15 (KHTML, like Gecko) Version/16.1 Mobile/15E148 Safari/604.1','United Kingdom','London','iPhone','Mobile','Safari Browser',1,'2023-03-08 01:59:32','2023-03-08 01:59:32'),(49,'JPG 15',1,NULL,'jpg',0.0001,2.0000,NULL,1,'add',NULL,1,'165.227.225.244','Mozilla/5.0 (iPhone; CPU iPhone OS 16_1_1 like Mac OS X) AppleWebKit/605.1.15 (KHTML, like Gecko) Version/16.1 Mobile/15E148 Safari/604.1','United Kingdom','London','iPhone','Mobile','Safari Browser',1,'2023-03-08 01:59:32','2023-03-08 01:59:32'),(50,'JPG 16',1,NULL,'jpg',0.0001,4.0000,NULL,1,'add',NULL,1,'165.227.225.244','Mozilla/5.0 (iPhone; CPU iPhone OS 16_1_1 like Mac OS X) AppleWebKit/605.1.15 (KHTML, like Gecko) Version/16.1 Mobile/15E148 Safari/604.1','United Kingdom','London','iPhone','Mobile','Safari Browser',1,'2023-03-08 01:59:32','2023-03-08 01:59:32'),(51,'JPG 17',1,NULL,'jpg',0.0001,4.0000,NULL,1,'add',NULL,1,'165.227.225.244','Mozilla/5.0 (iPhone; CPU iPhone OS 16_1_1 like Mac OS X) AppleWebKit/605.1.15 (KHTML, like Gecko) Version/16.1 Mobile/15E148 Safari/604.1','United Kingdom','London','iPhone','Mobile','Safari Browser',1,'2023-03-08 01:59:32','2023-03-08 01:59:32'),(52,'JPG 18',1,NULL,'jpg',0.0001,2.0000,NULL,1,'add',NULL,1,'165.227.225.244','Mozilla/5.0 (iPhone; CPU iPhone OS 16_1_1 like Mac OS X) AppleWebKit/605.1.15 (KHTML, like Gecko) Version/16.1 Mobile/15E148 Safari/604.1','United Kingdom','London','iPhone','Mobile','Safari Browser',1,'2023-03-08 01:59:32','2023-03-08 01:59:32'),(53,'JPG 19',1,NULL,'jpg',0.0001,3.0000,NULL,1,'add',NULL,1,'165.227.225.244','Mozilla/5.0 (iPhone; CPU iPhone OS 16_1_1 like Mac OS X) AppleWebKit/605.1.15 (KHTML, like Gecko) Version/16.1 Mobile/15E148 Safari/604.1','United Kingdom','London','iPhone','Mobile','Safari Browser',1,'2023-03-08 01:59:32','2023-03-08 01:59:32'),(54,'JPG 20',1,NULL,'jpg',0.0001,1.0000,NULL,1,'add',NULL,1,'165.227.225.244','Mozilla/5.0 (iPhone; CPU iPhone OS 16_1_1 like Mac OS X) AppleWebKit/605.1.15 (KHTML, like Gecko) Version/16.1 Mobile/15E148 Safari/604.1','United Kingdom','London','iPhone','Mobile','Safari Browser',1,'2023-03-08 01:59:32','2023-03-08 01:59:32'),(55,'HP',20,20,'handpay',0.0000,92.0000,NULL,1,'out',NULL,1,'165.227.225.244','Mozilla/5.0 (iPhone; CPU iPhone OS 16_1_1 like Mac OS X) AppleWebKit/605.1.15 (KHTML, like Gecko) Version/16.1 Mobile/15E148 Safari/604.1','United Kingdom','London','iPhone','Mobile','Safari Browser',1,'2023-03-08 06:34:50','2023-03-08 06:34:50'),(56,'PIN 947F-EFE2-1545-23CC-7CF5',21,0,'pincode',0.0000,2000.0000,NULL,1,'add','947F-EFE2-1545-23CC-7CF5',1,'79.107.196.115','Mozilla/5.0 (Linux; U; Android 11; M2007J20CG Build/RKQ1.200826.002; wv) AppleWebKit/537.36 (KHTML, like Gecko) Version/4.0 Chrome/110.0.5481.154 Mobile Safari/537.36 OPR/67.1.2254.64861','Greece','Drama','Android','Mobile','Safari Browser',1,'2023-03-08 08:59:15','2023-03-08 08:59:15'),(57,'HP',21,21,'handpay',0.0000,200.0000,NULL,1,'out',NULL,1,'79.107.196.115','Mozilla/5.0 (Linux; U; Android 11; M2007J20CG Build/RKQ1.200826.002; wv) AppleWebKit/537.36 (KHTML, like Gecko) Version/4.0 Chrome/110.0.5481.154 Mobile Safari/537.36 OPR/67.1.2254.64861','Greece','Drama','Android','Mobile','Safari Browser',1,'2023-03-08 09:00:39','2023-03-08 09:00:39'),(58,'WB 1',21,21,'welcome_bonus',0.0000,10.0000,NULL,1,'add','4',1,'79.107.196.115','Mozilla/5.0 (Linux; U; Android 11; M2007J20CG Build/RKQ1.200826.002; wv) AppleWebKit/537.36 (KHTML, like Gecko) Version/4.0 Chrome/110.0.5481.154 Mobile Safari/537.36 OPR/67.1.2254.64861','Greece','Drama','Android','Mobile','Safari Browser',1,'2023-03-08 09:00:39','2023-03-08 09:00:39'),(59,'PB',6,5,'progress',0.0000,10.0000,NULL,1,'add','21',1,'46.12.58.19','Mozilla/5.0 (Windows NT 10.0; Win64; x64) AppleWebKit/537.36 (KHTML, like Gecko) Chrome/110.0.0.0 Safari/537.36','Greece','Thessaloniki','Windows 10','Computer','Chrome',1,'2023-03-09 14:56:18','2023-03-09 14:56:18');

--
-- Table structure for table `w_statistics_add`
--

CREATE TABLE `w_statistics_add` (
  `id` int(55) NOT NULL AUTO_INCREMENT,
  `agent_in` decimal(20,4) DEFAULT NULL,
  `agent_out` decimal(20,4) DEFAULT NULL,
  `distributor_in` decimal(20,4) DEFAULT NULL,
  `distributor_out` decimal(20,4) DEFAULT NULL,
  `type_in` decimal(20,4) DEFAULT NULL,
  `type_out` decimal(20,4) DEFAULT NULL,
  `credit_in` decimal(20,4) DEFAULT NULL,
  `credit_out` decimal(20,4) DEFAULT NULL,
  `money_in` decimal(20,4) DEFAULT NULL,
  `money_out` decimal(20,4) DEFAULT NULL,
  `statistic_id` int(55) NOT NULL,
  `user_id` int(55) NOT NULL,
  `shop_id` int(55) NOT NULL,
  PRIMARY KEY (`id`),
  KEY `agent_in` (`agent_in`),
  KEY `agent_out` (`agent_out`),
  KEY `money_out` (`money_out`),
  KEY `credit_out` (`credit_out`),
  KEY `distributor_out` (`distributor_out`),
  KEY `distributor_in` (`distributor_in`),
  KEY `money_in` (`money_in`),
  KEY `credit_in` (`credit_in`),
  KEY `statistic_id` (`statistic_id`),
  KEY `user_id` (`user_id`)
) ENGINE=MyISAM AUTO_INCREMENT=58 DEFAULT CHARSET=utf8mb4 COLLATE=utf8mb4_unicode_ci ROW_FORMAT=DYNAMIC;

--
-- Dumping data for table `w_statistics_add`
--

INSERT INTO `w_statistics_add` VALUES (1,NULL,NULL,NULL,NULL,10.0000,NULL,NULL,NULL,NULL,NULL,1,1,1),(2,NULL,NULL,NULL,NULL,10.0000,NULL,NULL,NULL,NULL,NULL,2,1,1),(3,NULL,NULL,NULL,NULL,10.0000,NULL,NULL,NULL,NULL,NULL,3,1,1),(4,NULL,NULL,NULL,NULL,10.0000,NULL,NULL,NULL,NULL,NULL,4,1,1),(5,NULL,NULL,NULL,NULL,10.0000,NULL,NULL,NULL,NULL,NULL,5,1,1),(6,20000.0000,NULL,NULL,NULL,NULL,NULL,NULL,NULL,NULL,NULL,6,2,0),(7,NULL,10000.0000,10000.0000,NULL,NULL,NULL,NULL,NULL,NULL,NULL,7,3,0),(8,NULL,NULL,NULL,8000.0000,NULL,NULL,8000.0000,NULL,NULL,NULL,8,3,1),(9,NULL,NULL,NULL,NULL,NULL,NULL,NULL,1000.0000,1000.0000,NULL,9,6,1),(10,NULL,NULL,NULL,NULL,NULL,NULL,NULL,NULL,10.0000,NULL,10,6,1),(11,NULL,NULL,NULL,NULL,10.0000,NULL,NULL,NULL,NULL,NULL,11,1,2),(12,NULL,NULL,NULL,NULL,10.0000,NULL,NULL,NULL,NULL,NULL,12,1,2),(13,NULL,NULL,NULL,NULL,10.0000,NULL,NULL,NULL,NULL,NULL,13,1,2),(14,NULL,NULL,NULL,NULL,10.0000,NULL,NULL,NULL,NULL,NULL,14,1,2),(15,NULL,NULL,NULL,NULL,10.0000,NULL,NULL,NULL,NULL,NULL,15,1,2),(16,100000.0000,NULL,NULL,NULL,NULL,NULL,NULL,NULL,NULL,NULL,16,7,0),(17,NULL,10000.0000,10000.0000,NULL,NULL,NULL,NULL,NULL,NULL,NULL,17,8,0),(18,NULL,NULL,NULL,2000.0000,NULL,NULL,2000.0000,NULL,NULL,NULL,18,8,2),(19,NULL,NULL,NULL,NULL,NULL,NULL,NULL,150.0000,150.0000,NULL,19,11,2),(20,NULL,NULL,NULL,NULL,NULL,NULL,NULL,NULL,10.0000,NULL,20,11,2),(21,NULL,NULL,NULL,NULL,10.0000,NULL,NULL,NULL,NULL,NULL,21,1,3),(22,NULL,NULL,NULL,NULL,10.0000,NULL,NULL,NULL,NULL,NULL,22,1,3),(23,NULL,NULL,NULL,NULL,10.0000,NULL,NULL,NULL,NULL,NULL,23,1,3),(24,NULL,NULL,NULL,NULL,10.0000,NULL,NULL,NULL,NULL,NULL,24,1,3),(25,NULL,NULL,NULL,NULL,10.0000,NULL,NULL,NULL,NULL,NULL,25,1,3),(26,100000.0000,NULL,NULL,NULL,NULL,NULL,NULL,NULL,NULL,NULL,26,13,0),(27,NULL,10000.0000,10000.0000,NULL,NULL,NULL,NULL,NULL,NULL,NULL,27,14,0),(28,NULL,NULL,NULL,2500.0000,NULL,NULL,2500.0000,NULL,NULL,NULL,28,14,3),(29,NULL,NULL,NULL,NULL,5.0000,NULL,NULL,NULL,NULL,NULL,29,1,2),(30,NULL,NULL,NULL,NULL,3.0000,NULL,NULL,NULL,NULL,NULL,30,1,2),(31,NULL,NULL,NULL,NULL,1.0000,NULL,NULL,NULL,NULL,NULL,31,1,2),(32,NULL,NULL,NULL,NULL,5.0000,NULL,NULL,NULL,NULL,NULL,32,1,2),(33,NULL,NULL,NULL,NULL,3.0000,NULL,NULL,NULL,NULL,NULL,33,1,2),(34,NULL,NULL,NULL,NULL,2.0000,NULL,NULL,NULL,NULL,NULL,34,1,2),(35,NULL,NULL,NULL,NULL,4.0000,NULL,NULL,NULL,NULL,NULL,35,1,2),(36,NULL,NULL,NULL,NULL,2.0000,NULL,NULL,NULL,NULL,NULL,36,1,2),(37,NULL,NULL,NULL,NULL,1.0000,NULL,NULL,NULL,NULL,NULL,37,1,2),(38,NULL,NULL,NULL,NULL,1.0000,NULL,NULL,NULL,NULL,NULL,38,1,2),(39,NULL,NULL,NULL,NULL,NULL,10.0000,NULL,NULL,NULL,NULL,39,1,2),(40,NULL,NULL,NULL,NULL,NULL,10.0000,NULL,NULL,NULL,NULL,40,1,2),(41,NULL,NULL,NULL,NULL,NULL,NULL,NULL,100.0000,100.0000,NULL,41,20,1),(42,NULL,NULL,NULL,NULL,NULL,NULL,NULL,NULL,10.0000,NULL,42,20,1),(43,NULL,NULL,NULL,NULL,NULL,NULL,NULL,10.0000,10.0000,NULL,43,6,1),(44,NULL,NULL,NULL,NULL,NULL,NULL,NULL,10.0000,10.0000,NULL,44,6,1),(45,NULL,NULL,NULL,NULL,3.0000,NULL,NULL,NULL,NULL,NULL,45,1,1),(46,NULL,NULL,NULL,NULL,4.0000,NULL,NULL,NULL,NULL,NULL,46,1,1),(47,NULL,NULL,NULL,NULL,5.0000,NULL,NULL,NULL,NULL,NULL,47,1,1),(48,NULL,NULL,NULL,NULL,4.0000,NULL,NULL,NULL,NULL,NULL,48,1,1),(49,NULL,NULL,NULL,NULL,2.0000,NULL,NULL,NULL,NULL,NULL,49,1,1),(50,NULL,NULL,NULL,NULL,4.0000,NULL,NULL,NULL,NULL,NULL,50,1,1),(51,NULL,NULL,NULL,NULL,4.0000,NULL,NULL,NULL,NULL,NULL,51,1,1),(52,NULL,NULL,NULL,NULL,2.0000,NULL,NULL,NULL,NULL,NULL,52,1,1),(53,NULL,NULL,NULL,NULL,3.0000,NULL,NULL,NULL,NULL,NULL,53,1,1),(54,NULL,NULL,NULL,NULL,1.0000,NULL,NULL,NULL,NULL,NULL,54,1,1),(55,NULL,NULL,NULL,NULL,NULL,NULL,NULL,2000.0000,2000.0000,NULL,56,21,1),(56,NULL,NULL,NULL,NULL,NULL,NULL,NULL,NULL,10.0000,NULL,58,21,1),(57,NULL,NULL,NULL,NULL,NULL,NULL,NULL,NULL,10.0000,NULL,59,6,1);

--
-- Table structure for table `w_subsessions`
--

CREATE TABLE `w_subsessions` (
  `id` int(55) NOT NULL AUTO_INCREMENT,
  `user_id` int(55) NOT NULL,
  `subsession` varchar(255) COLLATE utf8mb4_unicode_ci NOT NULL,
  `active` int(2) NOT NULL DEFAULT '1',
  `created_at` timestamp NOT NULL DEFAULT CURRENT_TIMESTAMP,
  PRIMARY KEY (`id`)
) ENGINE=MyISAM AUTO_INCREMENT=20 DEFAULT CHARSET=utf8mb4 COLLATE=utf8mb4_unicode_ci ROW_FORMAT=DYNAMIC;

--
-- Dumping data for table `w_subsessions`
--

INSERT INTO `w_subsessions` VALUES (1,6,'291280',0,'2022-09-17 17:31:07'),(2,11,'291280',0,'2022-09-17 17:37:33'),(3,11,'406745',0,'2022-09-18 07:27:59'),(4,11,'291417',0,'2022-09-18 13:33:38'),(5,12,'913358',0,'2022-09-20 13:16:24'),(6,12,'540207',0,'2022-09-20 13:18:15'),(7,11,'762796',0,'2022-09-20 13:41:16'),(8,12,'762796',0,'2022-09-20 13:41:31'),(9,17,'654601',1,'2022-09-21 12:27:17'),(10,11,'429694',1,'2022-09-21 12:58:13'),(11,6,'727306',0,'2023-03-08 00:54:50'),(12,20,'464997',1,'2023-03-08 00:59:23'),(13,21,'623328',0,'2023-03-08 14:39:08'),(14,21,'526332',1,'2023-03-08 20:58:22'),(15,12,'620719',0,'2023-03-09 05:42:56'),(16,23,'822883',0,'2023-03-09 07:43:30'),(17,23,'822883',1,'2023-03-09 07:43:30'),(18,6,'263329',1,'2023-03-09 13:44:48'),(19,12,'582824',1,'2023-03-09 16:31:39');

--
-- Table structure for table `w_tasks`
--

CREATE TABLE `w_tasks` (
  `id` int(55) NOT NULL AUTO_INCREMENT,
  `user_id` int(55) NOT NULL DEFAULT '0',
  `category` varchar(55) COLLATE utf8mb4_unicode_ci NOT NULL,
  `action` varchar(55) COLLATE utf8mb4_unicode_ci NOT NULL,
  `item_id` text COLLATE utf8mb4_unicode_ci NOT NULL,
  `details` varchar(255) COLLATE utf8mb4_unicode_ci NOT NULL DEFAULT '',
  `ip_address` varchar(255) COLLATE utf8mb4_unicode_ci NOT NULL DEFAULT '',
  `user_agent` varchar(255) COLLATE utf8mb4_unicode_ci NOT NULL DEFAULT '',
  `finished` int(1) NOT NULL DEFAULT '0',
  `shop_id` int(55) NOT NULL DEFAULT '0',
  PRIMARY KEY (`id`)
) ENGINE=MyISAM AUTO_INCREMENT=4 DEFAULT CHARSET=utf8mb4 COLLATE=utf8mb4_unicode_ci ROW_FORMAT=DYNAMIC;

--
-- Dumping data for table `w_tasks`
--


--
-- Table structure for table `w_tickets`
--

CREATE TABLE `w_tickets` (
  `id` int(55) NOT NULL AUTO_INCREMENT,
  `theme` varchar(255) COLLATE utf8mb4_unicode_ci NOT NULL,
  `text` text COLLATE utf8mb4_unicode_ci NOT NULL,
  `user_id` int(55) NOT NULL,
  `admin` int(2) NOT NULL DEFAULT '0',
  `status` enum('awaiting','answered','closed') COLLATE utf8mb4_unicode_ci NOT NULL DEFAULT 'awaiting',
  `shop_id` int(55) NOT NULL,
  `temp_id` int(55) NOT NULL DEFAULT '0',
  `country` varchar(255) COLLATE utf8mb4_unicode_ci DEFAULT NULL,
  `city` varchar(255) COLLATE utf8mb4_unicode_ci DEFAULT NULL,
  `os` varchar(255) COLLATE utf8mb4_unicode_ci DEFAULT NULL,
  `device` varchar(255) COLLATE utf8mb4_unicode_ci DEFAULT NULL,
  `browser` varchar(255) COLLATE utf8mb4_unicode_ci DEFAULT NULL,
  `ip_address` varchar(255) COLLATE utf8mb4_unicode_ci DEFAULT NULL,
  `created_at` timestamp NOT NULL DEFAULT CURRENT_TIMESTAMP,
  `updated_at` timestamp NOT NULL DEFAULT CURRENT_TIMESTAMP,
  UNIQUE KEY `id_2` (`id`),
  KEY `id` (`id`)
) ENGINE=InnoDB DEFAULT CHARSET=utf8mb4 COLLATE=utf8mb4_unicode_ci ROW_FORMAT=COMPACT;

--
-- Dumping data for table `w_tickets`
--


--
-- Table structure for table `w_tickets_answers`
--

CREATE TABLE `w_tickets_answers` (
  `id` int(55) NOT NULL AUTO_INCREMENT,
  `ticket_id` int(55) NOT NULL,
  `message` text COLLATE utf8mb4_unicode_ci NOT NULL,
  `user_id` int(55) NOT NULL,
  `shop_id` int(55) NOT NULL,
  `country` varchar(255) COLLATE utf8mb4_unicode_ci DEFAULT NULL,
  `city` varchar(255) COLLATE utf8mb4_unicode_ci DEFAULT NULL,
  `os` varchar(255) COLLATE utf8mb4_unicode_ci DEFAULT NULL,
  `device` varchar(255) COLLATE utf8mb4_unicode_ci DEFAULT NULL,
  `browser` varchar(255) COLLATE utf8mb4_unicode_ci DEFAULT NULL,
  `ip_address` varchar(255) COLLATE utf8mb4_unicode_ci DEFAULT NULL,
  `created_at` timestamp NOT NULL DEFAULT CURRENT_TIMESTAMP,
  `updated_at` timestamp NOT NULL DEFAULT CURRENT_TIMESTAMP,
  UNIQUE KEY `id_2` (`id`),
  KEY `id` (`id`)
) ENGINE=InnoDB DEFAULT CHARSET=utf8mb4 COLLATE=utf8mb4_unicode_ci ROW_FORMAT=COMPACT;

--
-- Dumping data for table `w_tickets_answers`
--


--
-- Table structure for table `w_tournament_bots`
--

CREATE TABLE `w_tournament_bots` (
  `id` int(55) NOT NULL AUTO_INCREMENT,
  `tournament_id` int(55) NOT NULL,
  `username` varchar(255) COLLATE utf8mb4_unicode_ci NOT NULL,
  PRIMARY KEY (`id`),
  KEY `tournament_id` (`tournament_id`)
) ENGINE=InnoDB DEFAULT CHARSET=utf8mb4 COLLATE=utf8mb4_unicode_ci;

--
-- Dumping data for table `w_tournament_bots`
--


--
-- Table structure for table `w_tournament_categories`
--

CREATE TABLE `w_tournament_categories` (
  `id` int(55) NOT NULL AUTO_INCREMENT,
  `tournament_id` int(55) NOT NULL,
  `category_id` int(55) NOT NULL,
  PRIMARY KEY (`id`),
  KEY `category_id` (`category_id`),
  KEY `game_id` (`tournament_id`),
  KEY `tournament_id` (`tournament_id`)
) ENGINE=MyISAM DEFAULT CHARSET=utf8mb4 COLLATE=utf8mb4_unicode_ci ROW_FORMAT=DYNAMIC;

--
-- Dumping data for table `w_tournament_categories`
--


--
-- Table structure for table `w_tournament_games`
--

CREATE TABLE `w_tournament_games` (
  `id` int(55) NOT NULL AUTO_INCREMENT,
  `tournament_id` int(55) NOT NULL,
  `game_id` int(55) NOT NULL,
  PRIMARY KEY (`id`),
  KEY `tournament_id` (`tournament_id`),
  KEY `game_id` (`game_id`)
) ENGINE=InnoDB DEFAULT CHARSET=utf8mb4 COLLATE=utf8mb4_unicode_ci;

--
-- Dumping data for table `w_tournament_games`
--


--
-- Table structure for table `w_tournament_prizes`
--

CREATE TABLE `w_tournament_prizes` (
  `id` int(55) NOT NULL AUTO_INCREMENT,
  `tournament_id` int(55) NOT NULL,
  `prize` decimal(20,4) NOT NULL,
  PRIMARY KEY (`id`),
  KEY `tournament_id` (`tournament_id`)
) ENGINE=InnoDB DEFAULT CHARSET=utf8mb4 COLLATE=utf8mb4_unicode_ci;

--
-- Dumping data for table `w_tournament_prizes`
--


--
-- Table structure for table `w_tournament_stats`
--

CREATE TABLE `w_tournament_stats` (
  `id` int(55) NOT NULL AUTO_INCREMENT,
  `tournament_id` int(55) NOT NULL,
  `user_id` int(55) NOT NULL,
  `username` varchar(255) COLLATE utf8mb4_unicode_ci DEFAULT NULL,
  `is_bot` int(2) NOT NULL DEFAULT '0',
  `spins` int(55) NOT NULL DEFAULT '0',
  `sum_of_bets` decimal(20,4) NOT NULL DEFAULT '0.0000',
  `sum_of_wins` decimal(20,4) NOT NULL DEFAULT '0.0000',
  `points` decimal(20,4) NOT NULL DEFAULT '0.0000',
  `prize_id` int(55) NOT NULL DEFAULT '0',
  PRIMARY KEY (`id`),
  KEY `tournament_id` (`tournament_id`),
  KEY `prize_id` (`prize_id`)
) ENGINE=InnoDB DEFAULT CHARSET=utf8mb4 COLLATE=utf8mb4_unicode_ci;

--
-- Dumping data for table `w_tournament_stats`
--


--
-- Table structure for table `w_tournaments`
--

CREATE TABLE `w_tournaments` (
  `id` int(55) NOT NULL AUTO_INCREMENT,
  `name` varchar(255) COLLATE utf8mb4_unicode_ci NOT NULL,
  `start` datetime NOT NULL,
  `end` datetime NOT NULL,
  `type` enum('amount_of_bets','amount_of_winnings','win_to_bet_ratio','profit') COLLATE utf8mb4_unicode_ci NOT NULL,
  `bet` decimal(20,4) NOT NULL,
  `spins` int(55) NOT NULL,
  `wager` int(55) NOT NULL DEFAULT '1',
  `sum_prizes` decimal(20,4) NOT NULL DEFAULT '0.0000',
  `bots` int(55) NOT NULL,
  `bots_time` int(55) NOT NULL,
  `bots_step` int(55) NOT NULL,
  `bots_limit` int(55) NOT NULL,
  `image` varchar(255) COLLATE utf8mb4_unicode_ci NOT NULL,
  `description` text COLLATE utf8mb4_unicode_ci NOT NULL,
  `games_selected` int(2) NOT NULL DEFAULT '0',
  `status` enum('active','waiting','completed') COLLATE utf8mb4_unicode_ci NOT NULL DEFAULT 'active',
  `repeat_days` int(55) DEFAULT NULL,
  `repeat_number` int(55) DEFAULT NULL,
  `last_repeat` datetime NOT NULL DEFAULT CURRENT_TIMESTAMP,
  `shop_id` int(55) NOT NULL,
  `created_at` timestamp NOT NULL DEFAULT CURRENT_TIMESTAMP,
  `updated_at` timestamp NOT NULL DEFAULT '0000-00-00 00:00:00',
  PRIMARY KEY (`id`)
) ENGINE=InnoDB DEFAULT CHARSET=utf8mb4 COLLATE=utf8mb4_unicode_ci;

--
-- Dumping data for table `w_tournaments`
--


--
-- Table structure for table `w_user_activity`
--

CREATE TABLE `w_user_activity` (
  `id` int(10) unsigned NOT NULL AUTO_INCREMENT,
  `old` text COLLATE utf8mb4_unicode_ci,
  `description` text COLLATE utf8mb4_unicode_ci NOT NULL,
  `type` enum('user','system') COLLATE utf8mb4_unicode_ci DEFAULT NULL,
  `system` varchar(55) COLLATE utf8mb4_unicode_ci DEFAULT NULL,
  `item_id` int(55) DEFAULT NULL,
  `user_id` int(10) unsigned NOT NULL,
  `shop_id` int(55) NOT NULL DEFAULT '0',
  `ip_address` varchar(45) COLLATE utf8mb4_unicode_ci NOT NULL,
  `user_agent` text COLLATE utf8mb4_unicode_ci NOT NULL,
  `country` varchar(255) COLLATE utf8mb4_unicode_ci DEFAULT NULL,
  `city` varchar(255) COLLATE utf8mb4_unicode_ci DEFAULT NULL,
  `os` varchar(255) COLLATE utf8mb4_unicode_ci DEFAULT NULL,
  `device` varchar(255) COLLATE utf8mb4_unicode_ci DEFAULT NULL,
  `browser` varchar(255) COLLATE utf8mb4_unicode_ci DEFAULT NULL,
  `created_at` timestamp NOT NULL DEFAULT CURRENT_TIMESTAMP ON UPDATE CURRENT_TIMESTAMP,
  PRIMARY KEY (`id`),
  KEY `user_activity_user_id_foreign` (`user_id`),
  KEY `system` (`system`),
  KEY `type` (`type`),
  KEY `item_id` (`item_id`)
) ENGINE=MyISAM AUTO_INCREMENT=48 DEFAULT CHARSET=utf8mb4 COLLATE=utf8mb4_unicode_ci ROW_FORMAT=DYNAMIC;

--
-- Dumping data for table `w_user_activity`
--

INSERT INTO `w_user_activity` VALUES (1,NULL,'Logged in.','user','info',NULL,1,0,'127.0.0.1','Mozilla/5.0 (Windows NT 10.0; Win64; x64) AppleWebKit/537.36 (KHTML, like Gecko) Chrome/93.0.4577.63 Safari/537.36','Unknown','Unknown','Windows 10','Computer','Chrome','2021-09-08 00:54:48'),(2,'Update Game 152 |  Title = Magic 27 |  Categories =  |  Bet = 0.01, 0.02, 0.05, 0.10, 0.20 |  Denomination = 1.00 |  Bank = slots |  JP Game =  |  Label =  |  View = Active','Update Game 152 |  Title = Magic 27 |  Categories = Greentube |  Bet = 0.01, 0.02, 0.05, 0.10, 0.20, 1.00, 5.00, 10.00, 20.00 |  Denomination = 1.00 |  Bank = slots |  JP Game =  |  Label =  |  View = Active','system','game',152,1,0,'192.168.1.72','Mozilla/5.0 (Windows NT 6.2; WOW64) AppleWebKit/537.36 (KHTML, like Gecko) Chrome/94.0.4606.81 Safari/537.36','Unknown','Unknown','Windows 8','Computer','Chrome','2022-09-17 16:27:58'),(3,'Update Game 1246 |  Title = Magic 27 |  Categories =  |  Bet = 0.01, 0.02, 0.05, 0.10, 0.20 |  Denomination = 1.00 |  Bank = slots |  JP Game =  |  Label =  |  View = Active','Update Game 1246 |  Title = Magic 27 |  Categories = Greentube |  Bet = 0.01, 0.02, 0.05, 0.10, 0.20, 1.00, 5.00, 10.00, 20.00 |  Denomination = 1.00 |  Bank = slots |  JP Game =  |  Label =  |  View = Active','system','game',1246,1,1,'192.168.1.72','Mozilla/5.0 (Windows NT 6.2; WOW64) AppleWebKit/537.36 (KHTML, like Gecko) Chrome/94.0.4606.81 Safari/537.36','Unknown','Unknown','Windows 8','Computer','Chrome','2022-09-17 16:27:58'),(4,'Update Game 152 |  Title = Magic 27 |  Categories =  |  Bet = 0.01, 0.02, 0.05, 0.10, 0.20 |  Denomination = 1.00 |  Bank = slots |  JP Game =  |  Label =  |  View = Active','Update Game 152 |  Title = Magic 27 |  Categories =  |  Bet = 0.01, 0.02, 0.05, 0.10, 0.20 |  Denomination = 1.00 |  Bank = slots |  JP Game =  |  Label =  |  View = Active','system','game',152,1,0,'192.168.1.72','Mozilla/5.0 (Windows NT 6.2; WOW64) AppleWebKit/537.36 (KHTML, like Gecko) Chrome/94.0.4606.81 Safari/537.36','Unknown','Unknown','Windows 8','Computer','Chrome','2022-09-17 16:27:58'),(5,'Update Game 394 |  Title = Magic 27 |  Categories =  |  Bet = 0.01, 0.02, 0.05, 0.10, 0.20 |  Denomination = 1.00 |  Bank = slots |  JP Game =  |  Label =  |  View = Active','Update Game 394 |  Title = Magic 27 |  Categories = Greentube |  Bet = 0.01, 0.02, 0.05, 0.10, 0.20, 1.00, 5.00, 10.00, 20.00 |  Denomination = 1.00 |  Bank = slots |  JP Game =  |  Label =  |  View = Active','system','game',394,1,0,'192.168.1.72','Mozilla/5.0 (Windows NT 6.2; WOW64) AppleWebKit/537.36 (KHTML, like Gecko) Chrome/94.0.4606.81 Safari/537.36','Unknown','Unknown','Windows 8','Computer','Chrome','2022-09-17 16:28:16'),(6,'Update Game 1488 |  Title = Magic 27 |  Categories =  |  Bet = 0.01, 0.02, 0.05, 0.10, 0.20 |  Denomination = 1.00 |  Bank = slots |  JP Game =  |  Label =  |  View = Active','Update Game 1488 |  Title = Magic 27 |  Categories = Greentube |  Bet = 0.01, 0.02, 0.05, 0.10, 0.20, 1.00, 5.00, 10.00, 20.00 |  Denomination = 1.00 |  Bank = slots |  JP Game =  |  Label =  |  View = Active','system','game',1488,1,1,'192.168.1.72','Mozilla/5.0 (Windows NT 6.2; WOW64) AppleWebKit/537.36 (KHTML, like Gecko) Chrome/94.0.4606.81 Safari/537.36','Unknown','Unknown','Windows 8','Computer','Chrome','2022-09-17 16:28:16'),(7,'Update Game 1246 |  Title = Magic 27 |  Categories = Greentube |  Bet = 0.01, 0.02, 0.05, 0.10, 0.20, 1.00, 5.00, 10.00, 20.00 |  Denomination = 1.00 |  Bank = slots |  JP Game =  |  Label =  |  View = Active','Update Game 1246 |  Title = Magic 27 |  Categories = Greentube |  Bet = 0.01, 0.02, 0.05, 0.10, 0.20, 1.00, 5.00, 10.00, 20.00 |  Denomination = 1.00 |  Bank = slots |  JP Game =  |  Label =  |  View = Active','system','game',1246,1,1,'192.168.1.72','Mozilla/5.0 (Windows NT 6.2; WOW64) AppleWebKit/537.36 (KHTML, like Gecko) Chrome/94.0.4606.81 Safari/537.36','Unknown','Unknown','Windows 8','Computer','Chrome','2022-09-17 16:29:36'),(8,NULL,'Logged out.','user','info',NULL,11,2,'192.168.1.72','Mozilla/5.0 (Windows NT 6.2; WOW64) AppleWebKit/537.36 (KHTML, like Gecko) Chrome/94.0.4606.81 Safari/537.36','Unknown','Unknown','Windows 8','Computer','Chrome','2022-09-18 06:30:08'),(9,NULL,'Logged out.','user','info',NULL,1,2,'192.168.1.72','Mozilla/5.0 (Windows NT 6.2; WOW64) AppleWebKit/537.36 (KHTML, like Gecko) Chrome/94.0.4606.81 Safari/537.36','Unknown','Unknown','Windows 8','Computer','Chrome','2022-09-18 11:15:24'),(10,NULL,'Logged in.','user','info',NULL,11,2,'192.168.1.72','Mozilla/5.0 (Windows NT 6.2; WOW64) AppleWebKit/537.36 (KHTML, like Gecko) Chrome/94.0.4606.81 Safari/537.36','Unknown','Unknown','Windows 8','Computer','Chrome','2022-09-18 11:15:35'),(11,NULL,'Logged out.','user','info',NULL,1,2,'192.168.1.72','Mozilla/5.0 (Windows NT 10.0; Win64; x64) AppleWebKit/537.36 (KHTML, like Gecko) Chrome/105.0.0.0 Safari/537.36','Unknown','Unknown','Windows 10','Computer','Chrome','2022-09-18 12:16:19'),(12,NULL,'Logged out.','user','info',NULL,11,2,'192.168.1.72','Mozilla/5.0 (Windows NT 10.0; Win64; x64) AppleWebKit/537.36 (KHTML, like Gecko) Chrome/105.0.0.0 Safari/537.36','Unknown','Unknown','Windows 10','Computer','Chrome','2022-09-18 15:03:54'),(13,NULL,'Logged out.','user','info',NULL,1,2,'192.168.1.72','Mozilla/5.0 (Windows NT 6.2; WOW64) AppleWebKit/537.36 (KHTML, like Gecko) Chrome/94.0.4606.81 Safari/537.36','Unknown','Unknown','Windows 8','Computer','Chrome','2022-09-20 12:17:52'),(14,NULL,'Logged out.','user','info',NULL,11,2,'192.168.1.72','Mozilla/5.0 (Windows NT 10.0; Win64; x64) AppleWebKit/537.36 (KHTML, like Gecko) Chrome/105.0.0.0 Safari/537.36','Unknown','Unknown','Windows 10','Computer','Chrome','2022-09-20 12:41:24'),(15,NULL,'Logged out.','user','info',NULL,1,2,'192.168.1.72','Mozilla/5.0 (Windows NT 6.2; WOW64) AppleWebKit/537.36 (KHTML, like Gecko) Chrome/94.0.4606.81 Safari/537.36','Unknown','Unknown','Windows 8','Computer','Chrome','2022-09-20 18:45:44'),(16,NULL,'Logged out.','user','info',NULL,1,2,'192.168.1.72','Mozilla/5.0 (Windows NT 6.2; WOW64) AppleWebKit/537.36 (KHTML, like Gecko) Chrome/94.0.4606.81 Safari/537.36','Unknown','Unknown','Windows 8','Computer','Chrome','2022-09-20 19:00:51'),(17,NULL,'Logged out.','user','info',NULL,1,2,'192.168.1.72','Mozilla/5.0 (Windows NT 6.2; WOW64) AppleWebKit/537.36 (KHTML, like Gecko) Chrome/94.0.4606.81 Safari/537.36','Unknown','Unknown','Windows 8','Computer','Chrome','2022-09-20 19:00:58'),(18,'Original Shop 1 | Title = ACS-Dortmund |  Percent = 90 |  Frontend = Default |  Order = RTP |  Currency = EUR |  Access = No |  Country =  |  OS =  |  Device =  |  Status = Unblock | ','Update Shop 1 | Title = TestShop |  Percent = 90 |  Frontend = Default |  Order = RTP |  Currency = EUR |  Access = No |  Country =  |  OS =  |  Device =  |  Status = Unblock | ','system','shop',1,1,2,'192.168.1.72','Mozilla/5.0 (Windows NT 6.2; WOW64) AppleWebKit/537.36 (KHTML, like Gecko) Chrome/94.0.4606.81 Safari/537.36','Unknown','Unknown','Windows 8','Computer','Chrome','2022-09-20 19:21:59'),(19,NULL,'Logged in.','user','info',NULL,1,3,'192.168.1.72','Mozilla/5.0 (Windows NT 10.0; Win64; x64) AppleWebKit/537.36 (KHTML, like Gecko) Chrome/105.0.0.0 Safari/537.36','Unknown','Unknown','Windows 10','Computer','Chrome','2022-09-21 11:48:03'),(20,NULL,'Logged out.','user','info',NULL,1,1,'192.168.1.72','Mozilla/5.0 (Windows NT 6.2; WOW64) AppleWebKit/537.36 (KHTML, like Gecko) Chrome/94.0.4606.81 Safari/537.36','Unknown','Unknown','Windows 8','Computer','Chrome','2022-09-21 12:04:09'),(21,NULL,'Logged out.','user','info',NULL,1,1,'192.168.1.71','Mozilla/5.0 (Windows NT 6.2; WOW64) AppleWebKit/537.36 (KHTML, like Gecko) Chrome/94.0.4606.81 Safari/537.36','Unknown','Unknown','Windows 8','Computer','Chrome','2022-10-20 12:50:13'),(22,NULL,'Logged out.','user','info',NULL,1,1,'188.117.224.149','Mozilla/5.0 (Windows NT 10.0; Win64; x64) AppleWebKit/537.36 (KHTML, like Gecko) Chrome/110.0.0.0 Safari/537.36','Greece','Thessaloniki','Windows 10','Computer','Chrome','2023-03-07 23:27:19'),(23,NULL,'Logged out.','user','info',NULL,1,1,'188.117.224.149','Mozilla/5.0 (Windows NT 10.0; Win64; x64) AppleWebKit/537.36 (KHTML, like Gecko) Chrome/110.0.0.0 Safari/537.36','Greece','Thessaloniki','Windows 10','Computer','Chrome','2023-03-07 23:28:07'),(24,NULL,'Logged in.','user','info',NULL,1,1,'188.117.224.149','Mozilla/5.0 (Windows NT 10.0; Win64; x64) AppleWebKit/537.36 (KHTML, like Gecko) Chrome/110.0.0.0 Safari/537.36','Greece','Thessaloniki','Windows 10','Computer','Chrome','2023-03-07 23:28:20'),(25,NULL,'Logged in.','user','info',NULL,1,1,'195.206.191.249','Mozilla/5.0 (Macintosh; Intel Mac OS X 10_15_7) AppleWebKit/605.1.15 (KHTML, like Gecko) Version/16.2 Safari/605.1.15','United Kingdom','','Mac OS X','Computer','Safari','2023-03-08 00:10:23'),(26,NULL,'Logged out.','user','info',NULL,1,1,'195.206.191.249','Mozilla/5.0 (Macintosh; Intel Mac OS X 10_15_7) AppleWebKit/605.1.15 (KHTML, like Gecko) Version/16.2 Safari/605.1.15','United Kingdom','','Mac OS X','Computer','Safari','2023-03-08 00:15:45'),(27,NULL,'Logged in.','user','info',NULL,5,1,'195.206.191.249','Mozilla/5.0 (Macintosh; Intel Mac OS X 10_15_7) AppleWebKit/605.1.15 (KHTML, like Gecko) Version/16.2 Safari/605.1.15','United Kingdom','','Mac OS X','Computer','Safari','2023-03-08 00:15:56'),(28,NULL,'Logged out.','user','info',NULL,17,3,'141.0.13.124','Mozilla/5.0 (Linux; U; Android 11; M2007J20CG Build/RKQ1.200826.002; wv) AppleWebKit/537.36 (KHTML, like Gecko) Version/4.0 Chrome/110.0.5481.154 Mobile Safari/537.36 OPR/67.1.2254.64861','Greece','Drama','Android','Mobile','Safari Browser','2023-03-08 00:19:18'),(29,NULL,'Logged out.','user','info',NULL,5,1,'94.30.117.85','Mozilla/5.0 (Macintosh; Intel Mac OS X 10_15_7) AppleWebKit/605.1.15 (KHTML, like Gecko) Version/16.2 Safari/605.1.15','United Kingdom','Hampstead','Mac OS X','Computer','Safari','2023-03-08 00:20:12'),(30,NULL,'Logged in.','user','info',NULL,1,1,'94.30.117.85','Mozilla/5.0 (Macintosh; Intel Mac OS X 10_15_7) AppleWebKit/605.1.15 (KHTML, like Gecko) Version/16.2 Safari/605.1.15','United Kingdom','Hampstead','Mac OS X','Computer','Safari','2023-03-08 00:20:20'),(31,NULL,'Logged out.','user','info',NULL,1,1,'94.30.117.85','Mozilla/5.0 (Macintosh; Intel Mac OS X 10_15_7) AppleWebKit/605.1.15 (KHTML, like Gecko) Version/16.2 Safari/605.1.15','United Kingdom','Hampstead','Mac OS X','Computer','Safari','2023-03-08 01:09:21'),(32,NULL,'Logged out.','user','info',NULL,20,1,'94.30.117.85','Mozilla/5.0 (Macintosh; Intel Mac OS X 10_15_7) AppleWebKit/605.1.15 (KHTML, like Gecko) Version/16.2 Safari/605.1.15','United Kingdom','Hampstead','Mac OS X','Computer','Safari','2023-03-08 01:09:53'),(33,NULL,'Logged in.','user','info',NULL,1,1,'195.206.191.249','Mozilla/5.0 (Macintosh; Intel Mac OS X 10_15_7) AppleWebKit/605.1.15 (KHTML, like Gecko) Version/16.2 Safari/605.1.15','United Kingdom','','Mac OS X','Computer','Safari','2023-03-08 01:11:38'),(34,NULL,'Logged out.','user','info',NULL,17,3,'188.117.224.149','Mozilla/5.0 (Windows NT 10.0; Win64; x64) AppleWebKit/537.36 (KHTML, like Gecko) Chrome/110.0.0.0 Safari/537.36 Edg/110.0.1587.63','Greece','Thessaloniki','Windows 10','Computer','Chrome','2023-03-08 01:14:29'),(35,NULL,'Logged out.','user','info',NULL,17,3,'188.117.224.149','Mozilla/5.0 (Windows NT 10.0; Win64; x64) AppleWebKit/537.36 (KHTML, like Gecko) Chrome/110.0.0.0 Safari/537.36 Edg/110.0.1587.63','Greece','Thessaloniki','Windows 10','Computer','Chrome','2023-03-08 01:24:41'),(36,NULL,'Logged out.','user','info',NULL,20,1,'165.227.225.244','Mozilla/5.0 (iPhone; CPU iPhone OS 16_1_1 like Mac OS X) AppleWebKit/605.1.15 (KHTML, like Gecko) Version/16.1 Mobile/15E148 Safari/604.1','United Kingdom','London','iPhone','Mobile','Safari Browser','2023-03-08 02:35:35'),(37,NULL,'Logged out.','user','info',NULL,20,1,'165.227.225.244','Mozilla/5.0 (iPhone; CPU iPhone OS 16_1_1 like Mac OS X) AppleWebKit/605.1.15 (KHTML, like Gecko) Version/16.1 Mobile/15E148 Safari/604.1','United Kingdom','London','iPhone','Mobile','Safari Browser','2023-03-08 03:28:26'),(38,NULL,'Logged out.','user','info',NULL,6,1,'141.0.12.216','Mozilla/5.0 (Linux; U; Android 11; M2007J20CG Build/RKQ1.200826.002; wv) AppleWebKit/537.36 (KHTML, like Gecko) Version/4.0 Chrome/110.0.5481.154 Mobile Safari/537.36 OPR/67.1.2254.64861','Greece','Drama','Android','Mobile','Safari Browser','2023-03-08 08:55:49'),(39,NULL,'Logged out.','user','info',NULL,1,1,'87.203.91.74','Mozilla/5.0 (Linux; Android 10; Redmi Note 7) AppleWebKit/537.36 (KHTML, like Gecko) Chrome/110.0.0.0 Mobile Safari/537.36','Greece','Athens','Android','Mobile','Safari Browser','2023-03-08 10:11:03'),(40,NULL,'Logged out.','user','info',NULL,1,1,'46.12.58.19','Mozilla/5.0 (Linux; Android 10; Redmi Note 7) AppleWebKit/537.36 (KHTML, like Gecko) Chrome/110.0.0.0 Mobile Safari/537.36','Greece','Thessaloniki','Android','Mobile','Safari Browser','2023-03-08 15:44:55'),(41,NULL,'Logged out.','user','info',NULL,1,1,'46.12.58.19','Mozilla/5.0 (Linux; Android 10; Redmi Note 7) AppleWebKit/537.36 (KHTML, like Gecko) Chrome/110.0.0.0 Mobile Safari/537.36','Greece','Thessaloniki','Android','Mobile','Safari Browser','2023-03-08 15:51:41'),(42,NULL,'Logged in.','user','info',NULL,1,1,'165.227.225.244','Mozilla/5.0 (iPhone; CPU iPhone OS 16_1_1 like Mac OS X) AppleWebKit/605.1.15 (KHTML, like Gecko) Version/16.1 Mobile/15E148 Safari/604.1','United Kingdom','London','iPhone','Mobile','Safari Browser','2023-03-09 06:15:57'),(43,NULL,'Logged out.','user','info',NULL,20,1,'165.227.225.244','Mozilla/5.0 (iPhone; CPU iPhone OS 16_1_1 like Mac OS X) AppleWebKit/605.1.15 (KHTML, like Gecko) Version/16.1 Mobile/15E148 Safari/604.1','United Kingdom','London','iPhone','Mobile','Safari Browser','2023-03-09 06:40:49'),(44,NULL,'Logged out.','user','info',NULL,22,1,'46.101.49.77','Mozilla/5.0 (iPhone; CPU iPhone OS 16_1_1 like Mac OS X) AppleWebKit/605.1.15 (KHTML, like Gecko) Version/16.1 Mobile/15E148 Safari/604.1','United Kingdom','London','iPhone','Mobile','Safari Browser','2023-03-09 06:49:31'),(45,NULL,'Logged in.','user','info',NULL,1,1,'52.198.13.233','Mozilla/5.0 (iPhone; CPU iPhone OS 16_1_1 like Mac OS X) AppleWebKit/605.1.15 (KHTML, like Gecko) Version/16.1 Mobile/15E148 Safari/604.1','Japan','Tokyo','iPhone','Mobile','Safari Browser','2023-03-09 14:38:38'),(46,NULL,'Logged in.','user','info',NULL,6,1,'46.12.58.19','Mozilla/5.0 (Windows NT 10.0; Win64; x64) AppleWebKit/537.36 (KHTML, like Gecko) Chrome/110.0.0.0 Safari/537.36','Greece','Thessaloniki','Windows 10','Computer','Chrome','2023-03-09 14:42:02'),(47,NULL,'Logged out.','user','info',NULL,24,1,'52.198.13.233','Mozilla/5.0 (iPhone; CPU iPhone OS 16_1_1 like Mac OS X) AppleWebKit/605.1.15 (KHTML, like Gecko) Version/16.1 Mobile/15E148 Safari/604.1','Japan','Tokyo','iPhone','Mobile','Safari Browser','2023-03-09 14:50:26');

--
-- Table structure for table `w_users`
--

CREATE TABLE `w_users` (
  `id` int(10) unsigned NOT NULL AUTO_INCREMENT,
  `email` varchar(255) COLLATE utf8mb4_unicode_ci NOT NULL DEFAULT '',
  `username` varchar(191) COLLATE utf8mb4_unicode_ci DEFAULT NULL,
  `password` varchar(191) COLLATE utf8mb4_unicode_ci NOT NULL,
  `parent_id` int(55) NOT NULL DEFAULT '0',
  `inviter_id` int(55) NOT NULL DEFAULT '0',
  `first_name` varchar(191) COLLATE utf8mb4_unicode_ci DEFAULT NULL,
  `last_name` varchar(191) COLLATE utf8mb4_unicode_ci DEFAULT NULL,
  `phone` varchar(191) COLLATE utf8mb4_unicode_ci DEFAULT NULL,
  `phone_verified` int(2) NOT NULL DEFAULT '0',
  `rating` int(2) NOT NULL DEFAULT '0',
  `avatar` varchar(191) COLLATE utf8mb4_unicode_ci DEFAULT NULL,
  `address` decimal(20,4) NOT NULL DEFAULT '0.0000',
  `role_id` int(10) unsigned NOT NULL,
  `shop_id` int(55) NOT NULL DEFAULT '0',
  `birthday` date DEFAULT NULL,
  `balance` decimal(20,4) NOT NULL DEFAULT '0.0000',
  `tournaments` decimal(20,4) NOT NULL DEFAULT '0.0000',
  `happyhours` decimal(20,4) NOT NULL DEFAULT '0.0000',
  `refunds` decimal(20,4) NOT NULL DEFAULT '0.0000',
  `progress` decimal(20,4) NOT NULL DEFAULT '0.0000',
  `daily_entries` decimal(20,4) NOT NULL DEFAULT '0.0000',
  `invite` decimal(20,4) NOT NULL DEFAULT '0.0000',
  `welcomebonus` decimal(20,4) NOT NULL DEFAULT '0.0000',
  `smsbonus` decimal(20,4) NOT NULL DEFAULT '0.0000',
  `wheelfortune` decimal(20,4) NOT NULL DEFAULT '0.0000',
  `count_balance` decimal(20,4) NOT NULL DEFAULT '0.0000',
  `count_tournaments` decimal(20,4) NOT NULL DEFAULT '0.0000',
  `count_happyhours` decimal(20,4) NOT NULL DEFAULT '0.0000',
  `count_refunds` decimal(20,4) NOT NULL DEFAULT '0.0000',
  `count_progress` decimal(20,4) NOT NULL DEFAULT '0.0000',
  `count_daily_entries` decimal(20,4) NOT NULL DEFAULT '0.0000',
  `count_invite` decimal(20,4) NOT NULL DEFAULT '0.0000',
  `count_welcomebonus` decimal(20,4) NOT NULL DEFAULT '0.0000',
  `count_smsbonus` decimal(20,4) NOT NULL DEFAULT '0.0000',
  `count_wheelfortune` decimal(20,4) NOT NULL DEFAULT '0.0000',
  `total_in` float NOT NULL DEFAULT '0',
  `total_out` float NOT NULL DEFAULT '0',
  `last_login` timestamp NULL DEFAULT NULL,
  `confirmation_token` varchar(60) COLLATE utf8mb4_unicode_ci DEFAULT NULL,
  `sms_token` varchar(255) COLLATE utf8mb4_unicode_ci DEFAULT NULL,
  `sms_token_date` timestamp NOT NULL DEFAULT CURRENT_TIMESTAMP,
  `status` varchar(20) COLLATE utf8mb4_unicode_ci NOT NULL,
  `is_blocked` int(2) NOT NULL DEFAULT '0',
  `is_demo_agent` int(2) NOT NULL DEFAULT '0',
  `agreed` int(2) NOT NULL DEFAULT '0',
  `free_demo` int(2) NOT NULL DEFAULT '0',
  `remember_token` varchar(100) COLLATE utf8mb4_unicode_ci DEFAULT NULL,
  `api_token` text COLLATE utf8mb4_unicode_ci,
  `auth_token` varchar(255) COLLATE utf8mb4_unicode_ci DEFAULT NULL,
  `google2fa_enable` int(2) NOT NULL DEFAULT '0',
  `google2fa_secret` varchar(255) COLLATE utf8mb4_unicode_ci DEFAULT NULL,
  `language` varchar(55) COLLATE utf8mb4_unicode_ci DEFAULT 'en',
  `session` mediumtext COLLATE utf8mb4_unicode_ci,
  `last_online` timestamp NOT NULL DEFAULT CURRENT_TIMESTAMP,
  `last_bid` timestamp NOT NULL DEFAULT CURRENT_TIMESTAMP,
  `last_progress` timestamp NOT NULL DEFAULT CURRENT_TIMESTAMP,
  `last_daily_entry` timestamp NOT NULL DEFAULT CURRENT_TIMESTAMP,
  `last_wheelfortune` datetime NOT NULL DEFAULT CURRENT_TIMESTAMP,
  `created_at` timestamp NULL DEFAULT NULL,
  `updated_at` datetime NOT NULL DEFAULT CURRENT_TIMESTAMP,
  PRIMARY KEY (`id`),
  KEY `users_created_at_index` (`created_at`),
  KEY `users_username_index` (`username`),
  KEY `users_status_index` (`status`),
  KEY `shop_id` (`shop_id`),
  KEY `role_id` (`role_id`),
  KEY `parent_id` (`parent_id`)
) ENGINE=InnoDB AUTO_INCREMENT=25 DEFAULT CHARSET=utf8mb4 COLLATE=utf8mb4_unicode_ci ROW_FORMAT=DYNAMIC;

--
-- Dumping data for table `w_users`
--

INSERT INTO `w_users` VALUES (1,'','Admin','$2y$10$zPZsQsSGElDx/bbFrlO3o.L2xzq9ryBucka.JMSv1ZCIK5efNN5Di',0,0,NULL,NULL,NULL,0,0,'',0.0000,6,1,NULL,0.0000,0.0000,0.0000,0.0000,0.0000,0.0000,0.0000,0.0000,0.0000,0.0000,0.0000,0.0000,0.0000,0.0000,0.0000,0.0000,0.0000,0.0000,0.0000,0.0000,0,0,'2023-03-09 14:38:38',NULL,'','2021-03-31 12:58:56','Active',0,0,0,0,'CFNVy9eEDijF2AJ2bF2b1zE0dAcGFsI2zLcSok9OzEBl0CyK5SCg9FFmjULc',NULL,NULL,0,NULL,'en','','2023-03-09 14:43:23','2021-03-24 21:09:06','2021-05-12 02:30:38','2021-01-26 20:21:34','2021-03-25 23:31:19','2020-01-29 21:00:00','2023-03-09 14:43:23'),(2,'','AgenTest','$2y$10$R0P9W3sgP88dd5c7kkOX1eNW7Oxor.hGbuxMksaEjmWKTBs5XcssK',1,0,NULL,NULL,'',0,0,NULL,0.0000,5,1,NULL,10000.0000,0.0000,0.0000,0.0000,0.0000,0.0000,0.0000,0.0000,0.0000,0.0000,20000.0000,0.0000,0.0000,0.0000,0.0000,0.0000,0.0000,0.0000,0.0000,0.0000,20000,0,NULL,NULL,NULL,'2021-09-08 01:00:09','Active',0,0,0,0,NULL,NULL,'bqW6H3bpS2Xt9udt7P7HKiGRBPMrBQIzzUOFDmxcrDbo2Pxlxxo0kb2WMcyDA0gb',0,NULL,'en',NULL,'2021-09-08 01:00:09','2021-09-08 01:00:09','2021-09-08 01:00:09','2021-09-06 01:00:10','2021-09-08 03:00:09','2021-09-08 01:00:10','2022-10-20 22:25:04'),(3,'','DisTest','$2y$10$/asYSsLXYwWxiwBM/6L5TOQ/sTkAsClIQJwuPU01h4aOb2xeHwgui',2,0,NULL,NULL,'',0,0,NULL,0.0000,4,1,NULL,2000.0000,0.0000,0.0000,0.0000,0.0000,0.0000,0.0000,0.0000,0.0000,0.0000,2000.0000,0.0000,0.0000,0.0000,0.0000,0.0000,0.0000,0.0000,0.0000,0.0000,10000,0,NULL,NULL,NULL,'2021-09-08 01:00:11','Active',0,0,0,0,NULL,NULL,'0Y2CZ03spQi0kkK9qua8CryjZbEkB5ajTuNcSLDzutr21ypNAdHaFUBtlRrEqGLw',0,NULL,'en',NULL,'2021-09-08 01:00:11','2021-09-08 01:00:11','2021-09-08 01:00:11','2021-09-06 01:00:11','2021-09-08 03:00:11','2021-09-08 01:00:12','2022-10-20 22:25:04'),(4,'','ManageTest','$2y$10$R2l7ubqiZ8nt7eF0N6CqbeU7I9z77OTfrdY4D.1S7542cZ01wN2T6',3,0,NULL,NULL,'',0,0,NULL,0.0000,3,1,NULL,0.0000,0.0000,0.0000,0.0000,0.0000,0.0000,0.0000,0.0000,0.0000,0.0000,0.0000,0.0000,0.0000,0.0000,0.0000,0.0000,0.0000,0.0000,0.0000,0.0000,0,0,NULL,NULL,NULL,'2021-09-08 01:00:11','Active',0,0,0,0,NULL,NULL,'ChnSm7lQN9GyP958Nbwr2IBZrE0ktbHST90OdDFoVZBIsHECCnDNgIvyT9vNTrk8',0,NULL,'en',NULL,'2021-09-08 01:00:11','2021-09-08 01:00:11','2021-09-08 01:00:11','2021-09-06 01:00:11','2021-09-08 03:00:11','2021-09-08 01:00:14','2022-10-20 22:25:04'),(5,'','CashierTest','$2y$10$QyhWuILTznhkPhMNrcVi3eQQusQ4ISuwtl4pxo/NGKoDjtYEa6.u.',4,0,NULL,NULL,'',0,0,NULL,0.0000,2,1,NULL,0.0000,0.0000,0.0000,0.0000,0.0000,0.0000,0.0000,0.0000,0.0000,0.0000,0.0000,0.0000,0.0000,0.0000,0.0000,0.0000,0.0000,0.0000,0.0000,0.0000,0,0,'2023-03-08 00:15:56',NULL,NULL,'2021-09-08 01:00:11','Active',0,0,0,0,'wB4b9P8gOlIxMIUcK99yFvbizhS7yUd8rfx6aLNdfmSK2Ic7QiYnnkvC7mJs',NULL,'2iV7Kxdum1Rxt9YifOQzHrtCKO4QGQTH7yKRF0m9ZHym7NOz22N2IrpxdN0Ni2tH',0,NULL,'en',NULL,'2023-03-08 00:20:12','2021-09-08 01:00:11','2021-09-08 01:00:11','2021-09-06 01:00:11','2021-09-08 03:00:11','2021-09-08 01:00:15','2023-03-09 14:41:52'),(6,'','UserTest','$2y$10$5.pt19grST/M1cvzdnMWhedYCArX7S/uJ78axki5wrxIVwyUtcEa.',5,0,NULL,NULL,'',0,1,NULL,20.0000,1,1,NULL,1063.6000,0.0000,0.0000,0.0000,10.0000,0.0000,0.0000,10.0000,0.0000,0.0000,940.5000,0.0000,0.0000,0.0000,50.0000,0.0000,0.0000,10.0000,0.0000,0.0000,1020,0,'2023-03-09 14:42:02',NULL,NULL,'2021-09-08 01:00:11','Active',0,0,0,0,'y4rtGnq2KgDOU9VHvcVHWSPFMjHayh6v8OTLmsRBI6sGMunikSAOPTTNdH5a',NULL,'0awF6rxzTvhqUuIAPuVIIdolHvgr5sHOVgaIWh6hg4GW54edyTtDvpPdE6urPsJ5',0,NULL,'en','a:22:{s:17:\"SpicyDiceEGTCards\";a:2:{s:8:\"timelife\";i:1678455898;s:7:\"payload\";a:6:{i:0;i:46;i:1;i:46;i:2;i:78;i:3;i:30;i:4;i:30;i:5;i:62;}}s:20:\"SpicyDiceEGTBonusWin\";a:2:{s:8:\"timelife\";i:1678455989;s:7:\"payload\";i:0;}s:21:\"SpicyDiceEGTFreeGames\";a:2:{s:8:\"timelife\";i:1678455989;s:7:\"payload\";i:0;}s:27:\"SpicyDiceEGTCurrentFreeGame\";a:2:{s:8:\"timelife\";i:1678455989;s:7:\"payload\";i:0;}s:20:\"SpicyDiceEGTTotalWin\";a:2:{s:8:\"timelife\";i:1678455989;s:7:\"payload\";d:0;}s:23:\"SpicyDiceEGTFreeBalance\";a:2:{s:8:\"timelife\";i:1678455989;s:7:\"payload\";d:101785;}s:21:\"SpicyDiceEGTJackWinID\";a:2:{s:8:\"timelife\";i:1678455989;s:7:\"payload\";i:0;}s:22:\"SpicyDiceEGTGambleStep\";a:2:{s:8:\"timelife\";i:1678455989;s:7:\"payload\";i:5;}s:24:\"SpicyDiceEGTFreeStartWin\";a:2:{s:8:\"timelife\";i:1678455937;s:7:\"payload\";d:3;}s:21:\"FruitFiestaWDBonusWin\";a:2:{s:8:\"timelife\";i:1678456179;s:7:\"payload\";i:0;}s:22:\"FruitFiestaWDFreeGames\";a:2:{s:8:\"timelife\";i:1678456179;s:7:\"payload\";i:0;}s:28:\"FruitFiestaWDCurrentFreeGame\";a:2:{s:8:\"timelife\";i:1678456179;s:7:\"payload\";i:0;}s:21:\"FruitFiestaWDTotalWin\";a:2:{s:8:\"timelife\";i:1678456179;s:7:\"payload\";i:0;}s:24:\"FruitFiestaWDFreeBalance\";a:2:{s:8:\"timelife\";i:1678456179;s:7:\"payload\";i:0;}s:25:\"FruitFiestaWDFreeStartWin\";a:2:{s:8:\"timelife\";i:1678456179;s:7:\"payload\";i:0;}s:24:\"FruitFiestaWDBonusSymbol\";a:2:{s:8:\"timelife\";i:1678456179;s:7:\"payload\";i:-1;}s:21:\"BookOfRaDXGTExpSymbol\";a:2:{s:8:\"timelife\";i:1678456600;s:7:\"payload\";s:4:\"NONE\";}s:20:\"BookOfRaDXGTBonusWin\";a:2:{s:8:\"timelife\";i:1678456600;s:7:\"payload\";i:0;}s:21:\"BookOfRaDXGTFreeGames\";a:2:{s:8:\"timelife\";i:1678456600;s:7:\"payload\";i:0;}s:27:\"BookOfRaDXGTCurrentFreeGame\";a:2:{s:8:\"timelife\";i:1678456600;s:7:\"payload\";i:0;}s:20:\"BookOfRaDXGTTotalWin\";a:2:{s:8:\"timelife\";i:1678456600;s:7:\"payload\";d:0;}s:23:\"BookOfRaDXGTFreeBalance\";a:2:{s:8:\"timelife\";i:1678456600;s:7:\"payload\";i:0;}}','2023-03-09 14:57:42','2023-03-09 14:56:40','2021-09-08 01:00:11','2021-09-06 01:00:11','2021-09-08 03:00:11','2021-09-08 01:00:16','2023-03-09 14:57:42'),(7,'','Agent1','$2y$10$VdfnRZveSVE4pdbtUeSARuUITal7oZ9gpYArELEiuJ03w1K08cxim',1,0,NULL,NULL,NULL,0,0,NULL,0.0000,5,2,NULL,90000.0000,0.0000,0.0000,0.0000,0.0000,0.0000,0.0000,0.0000,0.0000,0.0000,100000.0000,0.0000,0.0000,0.0000,0.0000,0.0000,0.0000,0.0000,0.0000,0.0000,100000,0,NULL,NULL,NULL,'2022-09-17 17:34:38','Active',0,0,0,0,NULL,NULL,'GBnX4dzAxFN68EMc0qMVvPEqmxR8suStXRsVGyaZBBvrO6v627l6ZLpg9ftXPQs6',0,NULL,'en',NULL,'2022-09-17 17:34:38','2022-09-17 17:34:38','2022-09-17 17:34:38','2022-09-15 16:34:38','2022-09-17 20:34:38','2022-09-17 16:34:38','2022-10-20 22:25:04'),(8,'','Distr1','$2y$10$gXZR1yutapQ2Lv90YMmlouc28dgTkIaIFBzMAC1pgo7HPYZ52MJw.',7,0,NULL,NULL,NULL,0,0,NULL,0.0000,4,2,NULL,8000.0000,0.0000,0.0000,0.0000,0.0000,0.0000,0.0000,0.0000,0.0000,0.0000,8000.0000,0.0000,0.0000,0.0000,0.0000,0.0000,0.0000,0.0000,0.0000,0.0000,10000,0,NULL,NULL,NULL,'2022-09-17 17:34:38','Active',0,0,0,0,NULL,NULL,'GjXQtaVeu1xi4RTxfHKvUtCjLrOTbGLxt854lc7taUU6Omtl7kVY4cSDJD5CRZvX',0,NULL,'en',NULL,'2022-09-17 17:34:38','2022-09-17 17:34:38','2022-09-17 17:34:38','2022-09-15 16:34:38','2022-09-17 20:34:38','2022-09-17 16:34:40','2022-10-20 22:25:04'),(9,'','Manage1','$2y$10$CtQXKIKy8mktnCvgSm779.SJEq1UsCWuyuddyoy9Qpp5Ufwn/eAJ2',8,0,NULL,NULL,NULL,0,0,NULL,0.0000,3,2,NULL,0.0000,0.0000,0.0000,0.0000,0.0000,0.0000,0.0000,0.0000,0.0000,0.0000,0.0000,0.0000,0.0000,0.0000,0.0000,0.0000,0.0000,0.0000,0.0000,0.0000,0,0,NULL,NULL,NULL,'2022-09-17 17:34:38','Active',0,0,0,0,NULL,NULL,'8MKPpQljQ33z5Y6YcHdzRrJJxZXqlaqBXsuAdzZb59nwPpBZxnJo3rXynCBtPxWF',0,NULL,'en',NULL,'2022-09-17 17:34:38','2022-09-17 17:34:38','2022-09-17 17:34:38','2022-09-15 16:34:38','2022-09-17 20:34:38','2022-09-17 16:34:41','2022-10-20 22:25:04'),(10,'','Cashier1','$2y$10$w7nfaEN2d3YExIcHuPNv6uA0ebXnmNzRpAB/EH0xySjDpwzWE/gCa',9,0,NULL,NULL,NULL,0,0,NULL,0.0000,2,2,NULL,0.0000,0.0000,0.0000,0.0000,0.0000,0.0000,0.0000,0.0000,0.0000,0.0000,0.0000,0.0000,0.0000,0.0000,0.0000,0.0000,0.0000,0.0000,0.0000,0.0000,0,0,NULL,NULL,NULL,'2022-09-17 17:34:38','Active',0,0,0,0,NULL,NULL,'hnxkByw5DVUprvGOrKYRm3kDZFReceOPX8LVExDiCIJE47YdxlwftfjN172ZzYAG',0,NULL,'en',NULL,'2022-09-17 17:34:38','2022-09-17 17:34:38','2022-09-17 17:34:38','2022-09-15 16:34:38','2022-09-17 20:34:38','2022-09-17 16:34:42','2022-10-20 22:25:04'),(11,'','User1','$2y$10$g1JHNexBwBecySRUxhCn..vMwgv3sZrXd7NXkPgDcU3WmTRDVnc2y',10,0,NULL,NULL,'',0,0,NULL,0.0000,1,2,NULL,0.0000,0.0000,0.0000,0.0000,0.0000,0.0000,0.0000,0.0000,0.0000,0.0000,0.0000,0.0000,0.0000,0.0000,0.0000,0.0000,0.0000,0.0000,0.0000,0.0000,150,0,'2022-09-18 11:15:35',NULL,NULL,'2022-09-17 17:34:38','Active',0,0,0,0,'WM1oL3MgP0b3EEziRLoMaxoNutFEQz06DIliCcnUU7dBKu8qhpgG2yaPFr6E',NULL,'yodFDONLpDGVaXd7aX8Utozn3KdhtRabCLDVEsJ42NUldzd3JX0yN3WMmorfS4lN',0,NULL,'en','a:22:{s:22:\"CloverStonesNGBonusWin\";a:2:{s:8:\"timelife\";i:1663767679;s:7:\"payload\";i:0;}s:23:\"CloverStonesNGFreeGames\";a:2:{s:8:\"timelife\";i:1663767679;s:7:\"payload\";i:0;}s:29:\"CloverStonesNGCurrentFreeGame\";a:2:{s:8:\"timelife\";i:1663767679;s:7:\"payload\";i:0;}s:22:\"CloverStonesNGTotalWin\";a:2:{s:8:\"timelife\";i:1663767679;s:7:\"payload\";i:0;}s:25:\"CloverStonesNGFreeBalance\";a:2:{s:8:\"timelife\";i:1663767679;s:7:\"payload\";i:0;}s:26:\"CloverStonesNGFreeStartWin\";a:2:{s:8:\"timelife\";i:1663767679;s:7:\"payload\";i:0;}s:25:\"CloverStonesNGBonusSymbol\";a:2:{s:8:\"timelife\";i:1663767679;s:7:\"payload\";i:-1;}s:29:\"SheriffOfNotinghamISBBonusWin\";a:2:{s:8:\"timelife\";i:1663851644;s:7:\"payload\";i:0;}s:30:\"SheriffOfNotinghamISBFreeGames\";a:2:{s:8:\"timelife\";i:1663851644;s:7:\"payload\";i:0;}s:36:\"SheriffOfNotinghamISBCurrentFreeGame\";a:2:{s:8:\"timelife\";i:1663851644;s:7:\"payload\";i:0;}s:29:\"SheriffOfNotinghamISBTotalWin\";a:2:{s:8:\"timelife\";i:1663851644;s:7:\"payload\";d:0;}s:32:\"SheriffOfNotinghamISBFreeBalance\";a:2:{s:8:\"timelife\";i:1663851644;s:7:\"payload\";d:3600;}s:30:\"SheriffOfNotinghamISBJackWinID\";a:2:{s:8:\"timelife\";i:1663851644;s:7:\"payload\";N;}s:33:\"SheriffOfNotinghamISBLastResponse\";a:2:{s:8:\"timelife\";i:1663851644;s:7:\"payload\";s:741:\"{ \"rootdata\": { \"uid\": \"e9e8d380-bc70-46a9-aad3-3a3e66d81528\", \"data\": { \"balance\": { \"cashBalance\": \"3600\", \"freeBalance\": \"0\" }, \"id\": { \"roundId\": \"25520003501587903974365541166421222354308299\" }, \"coinValues\": { \"coinValueList\": \"1,2,5,10,20\", \"coinValueDefault\": \"1\", \"readValue\": \"1\" }, \"endGame\": { \"money\": \"3600\", \"bet\": \"25\", \"symbols\": { \"line\": [ \"1-4-7-3-1\",\"7-3-4-5-7\",\"2-5-5-4-2\" ] }, \"lines\": { \"line\": [] }, \"totalWinnings\": \"0\", \"totalWinningsMoney\": \"0\", \"totalMultiplier\": \"1\", \"bonusRequest\": { }, \"gameSpecific\": { \"currentCashPrizes\": \"0-0-0-0-0-0-0-0-0-0-0-0-0-0-0\", \"currentCashPrizesMoney\": \"0-0-0-0-0-0-0-0-0-0-0-0-0-0-0\" } }, \"doubleWin\": { \"totalWinnings\": \"0\", \"totalWinningsMoney\": \"0\", \"money\": \"3600\" } } } }\";}s:26:\"LuckyLeprechaunISBBonusWin\";a:2:{s:8:\"timelife\";i:1663851740;s:7:\"payload\";i:0;}s:27:\"LuckyLeprechaunISBFreeGames\";a:2:{s:8:\"timelife\";i:1663851740;s:7:\"payload\";i:0;}s:33:\"LuckyLeprechaunISBCurrentFreeGame\";a:2:{s:8:\"timelife\";i:1663851740;s:7:\"payload\";i:0;}s:26:\"LuckyLeprechaunISBTotalWin\";a:2:{s:8:\"timelife\";i:1663851740;s:7:\"payload\";d:0;}s:29:\"LuckyLeprechaunISBFreeBalance\";a:2:{s:8:\"timelife\";i:1663851740;s:7:\"payload\";d:0;}s:28:\"LuckyLeprechaunISBMultiplier\";a:2:{s:8:\"timelife\";i:1663851740;s:7:\"payload\";i:0;}s:27:\"LuckyLeprechaunISBJackWinID\";a:2:{s:8:\"timelife\";i:1663851740;s:7:\"payload\";i:0;}s:25:\"LuckyLeprechaunISBCurJack\";a:2:{s:8:\"timelife\";i:1663851744;s:7:\"payload\";i:0;}}','2022-09-20 12:41:24','2022-09-17 17:34:38','2022-09-17 17:34:38','2022-09-15 16:34:38','2022-09-17 20:34:38','2022-09-17 16:34:43','2022-10-20 22:25:04'),(12,'demo01@gmail.com','demo','$2y$10$78ckTXLE9yjiMgpeLtEfOOWXG9ZxSaDVZXyiE8AdJ4QPzHzA6ou1S',0,0,NULL,NULL,'',0,0,NULL,0.0000,1,1,NULL,10000.0000,0.0000,0.0000,0.0000,0.0000,0.0000,0.0000,0.0000,0.0000,0.0000,10000.0000,0.0000,0.0000,0.0000,0.0000,0.0000,0.0000,0.0000,0.0000,0.0000,0,0,'2023-03-09 16:31:38',NULL,NULL,'2022-09-20 13:16:08','Active',0,0,0,0,NULL,NULL,'U2gvfzw1j203iKO6to43I0loxf7g7PSZNpNzmCfiOl2xJMQNdw9n5aEfpakZUYbc',0,NULL,'en','a:0:{}','2023-03-09 18:35:52','2023-03-09 07:24:46','2022-09-20 13:16:08','2022-09-18 12:16:09','2022-09-20 16:16:08','2022-09-20 12:16:08','2023-03-09 18:35:52'),(13,'','Agent2','$2y$10$WU/YhsWw1Dwqvm8AHKc2r.67nn5gYtBboMZkIjdrcN/o03iBHEZdG',1,0,NULL,NULL,NULL,0,0,NULL,0.0000,5,3,NULL,90000.0000,0.0000,0.0000,0.0000,0.0000,0.0000,0.0000,0.0000,0.0000,0.0000,100000.0000,0.0000,0.0000,0.0000,0.0000,0.0000,0.0000,0.0000,0.0000,0.0000,100000,0,NULL,NULL,NULL,'2022-09-20 13:44:36','Active',0,0,0,0,NULL,NULL,'EREwlQN3y7kKX4bpICghO1Kc6S317MRARIRR9jLh6fDBCWokAGVsR9TeQZuYziJs',0,NULL,'en',NULL,'2022-09-20 13:44:36','2022-09-20 13:44:36','2022-09-20 13:44:36','2022-09-18 12:44:36','2022-09-20 16:44:36','2022-09-20 12:44:37','2022-10-20 22:25:04'),(14,'','Distr2','$2y$10$D8G0bbdAUjHHuNPlPK2e5ODPFFVMEnY9eoOfdXqA.h6LmeRB.WnlG',13,0,NULL,NULL,NULL,0,0,NULL,0.0000,4,3,NULL,7500.0000,0.0000,0.0000,0.0000,0.0000,0.0000,0.0000,0.0000,0.0000,0.0000,7500.0000,0.0000,0.0000,0.0000,0.0000,0.0000,0.0000,0.0000,0.0000,0.0000,10000,0,NULL,NULL,NULL,'2022-09-20 13:44:36','Active',0,0,0,0,NULL,NULL,'F0WFsI5gM8t6vVu0ZiUQzVfNdcqDZ1Elo7XkQ4TRqJOeJkXnkosOrCO3OWj2OLOa',0,NULL,'en',NULL,'2022-09-20 13:44:36','2022-09-20 13:44:36','2022-09-20 13:44:36','2022-09-18 12:44:36','2022-09-20 16:44:36','2022-09-20 12:44:38','2022-10-20 22:25:04'),(15,'','Manage2','$2y$10$tj8UkaAXZxUsIfdhVAShfOEGKwQPnqEpfHZpFhHTJ53qesJ2SB/Ji',14,0,NULL,NULL,NULL,0,0,NULL,0.0000,3,3,NULL,0.0000,0.0000,0.0000,0.0000,0.0000,0.0000,0.0000,0.0000,0.0000,0.0000,0.0000,0.0000,0.0000,0.0000,0.0000,0.0000,0.0000,0.0000,0.0000,0.0000,0,0,NULL,NULL,NULL,'2022-09-20 13:44:36','Active',0,0,0,0,NULL,NULL,'KYwWbBcGrhSlTUBjhjH9eJL3J95nCtA0n69x7DawUNeM81qddOB6Njn1IGI3eqGE',0,NULL,'en',NULL,'2022-09-20 13:44:36','2022-09-20 13:44:36','2022-09-20 13:44:36','2022-09-18 12:44:36','2022-09-20 16:44:36','2022-09-20 12:44:39','2022-10-20 22:25:04'),(16,'','Cashier2','$2y$10$1BQgM9XvuNoSY2JuYb/OIuo4LXyenSdy0g6KgPJ0PJLprFbQj4MYW',15,0,NULL,NULL,NULL,0,0,NULL,0.0000,2,3,NULL,0.0000,0.0000,0.0000,0.0000,0.0000,0.0000,0.0000,0.0000,0.0000,0.0000,0.0000,0.0000,0.0000,0.0000,0.0000,0.0000,0.0000,0.0000,0.0000,0.0000,0,0,NULL,NULL,NULL,'2022-09-20 13:44:36','Active',0,0,0,0,NULL,NULL,'gA5owvnROopEhBqEMxmphZZSsvnpmK8JbhDT69Bgm6XQK1dDWVDYjJO3ssyKLQQa',0,NULL,'en',NULL,'2022-09-20 13:44:36','2022-09-20 13:44:36','2022-09-20 13:44:36','2022-09-18 12:44:36','2022-09-20 16:44:36','2022-09-20 12:44:40','2022-10-20 22:25:04'),(17,'','Player1','$2y$10$WukhWz9eJTHAZtQUq3eIKejnZ4cThb/s5Kof9OXFnV5Vzo7Z6MAnK',16,0,NULL,NULL,'',0,0,NULL,0.0000,1,3,NULL,0.0000,0.0000,0.0000,0.0000,0.0000,0.0000,0.0000,0.0000,0.0000,0.0000,0.0000,0.0000,0.0000,0.0000,0.0000,0.0000,0.0000,0.0000,0.0000,0.0000,0,0,NULL,NULL,NULL,'2022-09-20 13:44:37','Active',0,0,0,0,'yMr5cP8aetM36ByPYKD4bYQXy9A6bFO3pBFqp9IZHM6oWdDknvFoza5MAwP7',NULL,'GSOXiFb637w128p7GcsPzlR0E7p4A30AH6PDeW4myTNcNKDxaIcDsbl1difntZEz',0,NULL,'en','a:7:{s:22:\"GoldenFruitsNGBonusWin\";a:2:{s:8:\"timelife\";i:1663849641;s:7:\"payload\";i:0;}s:23:\"GoldenFruitsNGFreeGames\";a:2:{s:8:\"timelife\";i:1663849641;s:7:\"payload\";i:0;}s:29:\"GoldenFruitsNGCurrentFreeGame\";a:2:{s:8:\"timelife\";i:1663849641;s:7:\"payload\";i:0;}s:22:\"GoldenFruitsNGTotalWin\";a:2:{s:8:\"timelife\";i:1663849641;s:7:\"payload\";i:0;}s:25:\"GoldenFruitsNGFreeBalance\";a:2:{s:8:\"timelife\";i:1663849641;s:7:\"payload\";i:0;}s:26:\"GoldenFruitsNGFreeStartWin\";a:2:{s:8:\"timelife\";i:1663849641;s:7:\"payload\";i:0;}s:25:\"GoldenFruitsNGBonusSymbol\";a:2:{s:8:\"timelife\";i:1663849641;s:7:\"payload\";i:-1;}}','2023-03-08 01:24:41','2022-09-20 13:44:37','2022-09-20 13:44:37','2022-09-18 12:44:37','2022-09-20 16:44:37','2022-09-20 12:44:42','2023-03-08 01:24:42'),(18,'','TesTerminal','123456',1,0,NULL,NULL,NULL,0,0,NULL,0.0000,7,1,NULL,0.0000,0.0000,0.0000,0.0000,0.0000,0.0000,0.0000,0.0000,0.0000,0.0000,0.0000,0.0000,0.0000,0.0000,0.0000,0.0000,0.0000,0.0000,0.0000,0.0000,0,0,NULL,NULL,NULL,'2022-10-20 13:39:08','Active',0,0,0,0,NULL,NULL,'Fc8RplDt3WPQMnbaBYrcqiTRXR4JUPkZVs0DCxlvfvj6OGRYP0jucoL7z8GxLGOp',0,NULL,'en',NULL,'2022-10-20 13:39:08','2022-10-20 13:39:08','2022-10-20 13:39:08','2022-10-20 13:39:08','2022-10-20 16:39:08',NULL,'2022-10-20 22:25:04'),(20,'samrawlings296@gmail.com','Samraw2002','$2y$10$DKcdobJbZodNbI.FSl.iMOb0ZbW0A.pTtVGew3N6f/bHb9r5s.BIe',0,0,NULL,NULL,NULL,0,0,NULL,10.0000,1,1,NULL,0.0000,0.0000,0.0000,0.0000,0.0000,0.0000,0.0000,0.0000,0.0000,0.0000,0.0000,0.0000,0.0000,0.0000,0.0000,0.0000,0.0000,0.0000,0.0000,0.0000,100,92,NULL,NULL,NULL,'2023-03-07 23:12:55','Active',0,0,0,0,'f6X429RoeLouPWHwwOneorZr9yEDI8wiJyHlq5aUPI3ZOnAI8t58vcnyzIOU',NULL,NULL,0,NULL,'en','a:17:{s:23:\"AncientEgyptPMMBonusWin\";a:2:{s:8:\"timelife\";i:1678323600;s:7:\"payload\";d:1;}s:24:\"AncientEgyptPMMFreeGames\";a:2:{s:8:\"timelife\";i:1678323599;s:7:\"payload\";i:0;}s:30:\"AncientEgyptPMMCurrentFreeGame\";a:2:{s:8:\"timelife\";i:1678323599;s:7:\"payload\";i:0;}s:23:\"AncientEgyptPMMTotalWin\";a:2:{s:8:\"timelife\";i:1678323600;s:7:\"payload\";d:1;}s:26:\"AncientEgyptPMMFreeBalance\";a:2:{s:8:\"timelife\";i:1678323599;s:7:\"payload\";d:92.9;}s:25:\"AncientEgyptPMMBonusState\";a:2:{s:8:\"timelife\";i:1678323599;s:7:\"payload\";i:0;}s:23:\"AncientEgyptPMMBonusMpl\";a:2:{s:8:\"timelife\";i:1678323599;s:7:\"payload\";i:0;}s:18:\"AncientEgyptPMMSym\";a:2:{s:8:\"timelife\";i:1678323599;s:7:\"payload\";i:0;}s:21:\"AncientEgyptPMMAllBet\";a:2:{s:8:\"timelife\";i:1678323599;s:7:\"payload\";d:2;}s:23:\"WildsGoneWildGMBonusWin\";a:2:{s:8:\"timelife\";i:1678323845;s:7:\"payload\";i:0;}s:24:\"WildsGoneWildGMFreeGames\";a:2:{s:8:\"timelife\";i:1678323845;s:7:\"payload\";i:0;}s:30:\"WildsGoneWildGMCurrentFreeGame\";a:2:{s:8:\"timelife\";i:1678323845;s:7:\"payload\";i:0;}s:23:\"WildsGoneWildGMTotalWin\";a:2:{s:8:\"timelife\";i:1678323845;s:7:\"payload\";d:0;}s:26:\"WildsGoneWildGMFreeBalance\";a:2:{s:8:\"timelife\";i:1678323845;s:7:\"payload\";d:9200;}s:22:\"WildsGoneWildGMBetStep\";a:2:{s:8:\"timelife\";i:1678323785;s:7:\"payload\";i:4;}s:25:\"WildsGoneWildGMCurrentBet\";a:2:{s:8:\"timelife\";i:1678323785;s:7:\"payload\";s:5:\" 0.20\";}s:20:\"WildsGoneWildGMLines\";a:2:{s:8:\"timelife\";i:1678323767;s:7:\"payload\";i:10;}}','2023-03-09 06:40:49','2023-03-08 02:04:05','2023-03-07 23:12:55','2023-03-06 00:12:55','2023-03-07 23:12:55','2023-03-08 00:12:55','2023-03-09 06:40:49'),(21,'Test@test.com','Test123','$2y$10$DQH6XMcGn2rbNhJrE.av3eW25GiG.FyfpS.wh2Mj/uCjoS3Kthnlm',0,0,NULL,NULL,NULL,0,0,NULL,10.0000,1,1,NULL,1800.1500,0.0000,0.0000,0.0000,0.0000,0.0000,0.0000,10.0000,0.0000,0.0000,2156.5000,0.0000,0.0000,0.0000,0.0000,0.0000,0.0000,10.0000,0.0000,0.0000,2000,200,NULL,NULL,NULL,'2023-03-08 07:57:26','Active',0,0,0,0,'edTY1JZlQ7NfLJHvRqR8VYTxM6NSxraoAt81yvpNHLbdLo3Ih9nVbKg9vTJ5',NULL,NULL,0,NULL,'en','a:21:{s:20:\"PrimalHuntBSBonusWin\";a:2:{s:8:\"timelife\";i:1678372858;s:7:\"payload\";i:0;}s:21:\"PrimalHuntBSFreeGames\";a:2:{s:8:\"timelife\";i:1678372858;s:7:\"payload\";i:0;}s:27:\"PrimalHuntBSCurrentFreeGame\";a:2:{s:8:\"timelife\";i:1678372858;s:7:\"payload\";i:0;}s:20:\"PrimalHuntBSTotalWin\";a:2:{s:8:\"timelife\";i:1678372858;s:7:\"payload\";i:0;}s:23:\"PrimalHuntBSFreeBalance\";a:2:{s:8:\"timelife\";i:1678372858;s:7:\"payload\";i:0;}s:17:\"PrimalHuntBSLines\";a:2:{s:8:\"timelife\";i:1678372858;s:7:\"payload\";i:10;}s:19:\"PrimalHuntBSBetline\";a:2:{s:8:\"timelife\";i:1678372858;s:7:\"payload\";i:0;}s:24:\"RedHotChilli7sNGBonusWin\";a:2:{s:8:\"timelife\";i:1678395585;s:7:\"payload\";i:0;}s:25:\"RedHotChilli7sNGFreeGames\";a:2:{s:8:\"timelife\";i:1678395585;s:7:\"payload\";i:0;}s:31:\"RedHotChilli7sNGCurrentFreeGame\";a:2:{s:8:\"timelife\";i:1678395585;s:7:\"payload\";i:0;}s:24:\"RedHotChilli7sNGTotalWin\";a:2:{s:8:\"timelife\";i:1678395585;s:7:\"payload\";d:0;}s:27:\"RedHotChilli7sNGFreeBalance\";a:2:{s:8:\"timelife\";i:1678395585;s:7:\"payload\";i:0;}s:28:\"RedHotChilli7sNGFreeStartWin\";a:2:{s:8:\"timelife\";i:1678395585;s:7:\"payload\";i:0;}s:27:\"RedHotChilli7sNGBonusSymbol\";a:2:{s:8:\"timelife\";i:1678395585;s:7:\"payload\";i:-1;}s:30:\"RedHotChilli7sNGinitialSymbols\";a:2:{s:8:\"timelife\";i:1678395585;s:7:\"payload\";s:41:\"[\"0\",\"5\",\"0\"],[\"3\",\"0\",\"7\"],[\"0\",\"7\",\"0\"]\";}s:21:\"BookOfRaDXGTExpSymbol\";a:2:{s:8:\"timelife\";i:1678395852;s:7:\"payload\";s:4:\"NONE\";}s:20:\"BookOfRaDXGTBonusWin\";a:2:{s:8:\"timelife\";i:1678395852;s:7:\"payload\";i:0;}s:21:\"BookOfRaDXGTFreeGames\";a:2:{s:8:\"timelife\";i:1678395852;s:7:\"payload\";i:0;}s:27:\"BookOfRaDXGTCurrentFreeGame\";a:2:{s:8:\"timelife\";i:1678395852;s:7:\"payload\";i:0;}s:20:\"BookOfRaDXGTTotalWin\";a:2:{s:8:\"timelife\";i:1678395852;s:7:\"payload\";d:0;}s:23:\"BookOfRaDXGTFreeBalance\";a:2:{s:8:\"timelife\";i:1678395852;s:7:\"payload\";i:0;}}','2023-03-08 18:24:22','2023-03-08 22:04:12','2023-03-08 07:57:26','2023-03-06 08:57:26','2023-03-08 07:57:26','2023-03-08 08:57:26','2023-03-08 22:04:12'),(22,'Baenen@gmail.com','Bennybrown56','$2y$10$fM6zU.h3MwEtnb.ilahrKOXuOzE27naYkdK/8rf8abx17tW/sActW',0,0,NULL,NULL,NULL,0,0,NULL,0.0000,1,1,NULL,0.0000,0.0000,0.0000,0.0000,0.0000,0.0000,0.0000,0.0000,0.0000,0.0000,0.0000,0.0000,0.0000,0.0000,0.0000,0.0000,0.0000,0.0000,0.0000,0.0000,0,0,NULL,NULL,NULL,'2023-03-09 05:42:39','Active',0,0,0,0,'hfQCx5WvVUNFyNM2UAsG5BS1RdEUFVgsAho4HIJiF7mDhXzxBAxkrEDuR9Ev',NULL,NULL,0,NULL,'en',NULL,'2023-03-09 06:49:31','2023-03-09 05:42:39','2023-03-09 05:42:39','2023-03-07 06:42:39','2023-03-09 05:42:39','2023-03-09 06:42:39','2023-03-09 06:49:31'),(23,'bb829829@yahoo.com','gggg','$2y$10$90l4LI8DRXEohL0XyqHjmeDStqoBEJ40Aknst7NG1KyU639CWm3QO',0,0,NULL,NULL,NULL,0,0,NULL,0.0000,1,1,NULL,0.0000,0.0000,0.0000,0.0000,0.0000,0.0000,0.0000,0.0000,0.0000,0.0000,0.0000,0.0000,0.0000,0.0000,0.0000,0.0000,0.0000,0.0000,0.0000,0.0000,0,0,NULL,NULL,NULL,'2023-03-09 07:37:52','Active',0,0,0,0,'dMkbciXVJsYvqpHCavzat7GXIByyFKcaXE7xYuf5clw0A4WUDEwcJ0VbP66B',NULL,NULL,0,NULL,'en','a:0:{}','2023-03-09 08:55:26','2023-03-09 07:37:52','2023-03-09 07:37:52','2023-03-07 08:37:52','2023-03-09 07:37:52','2023-03-09 08:37:52','2023-03-09 08:55:26'),(24,'56ghsjsjs@gmail.com','Samraw565','$2y$10$iBXE1h0LtnxrTVNNkeuKBusI/MDwx5trn6oPf657IQR8/c295AaAi',0,0,NULL,NULL,NULL,0,0,NULL,0.0000,1,1,NULL,0.0000,0.0000,0.0000,0.0000,0.0000,0.0000,0.0000,0.0000,0.0000,0.0000,0.0000,0.0000,0.0000,0.0000,0.0000,0.0000,0.0000,0.0000,0.0000,0.0000,0,0,NULL,NULL,NULL,'2023-03-09 13:45:05','Active',0,0,0,0,'oVXUC67pHTpmzV7MvAha8kdghAYHKRCDjcdPeLTryaabEI4pKrWIUR2ZY06o',NULL,NULL,0,NULL,'en',NULL,'2023-03-09 14:50:26','2023-03-09 13:45:05','2023-03-09 13:45:05','2023-03-07 14:45:05','2023-03-09 13:45:05','2023-03-09 14:45:05','2023-03-09 14:50:26');

--
-- Table structure for table `w_welcomebonuses`
--

CREATE TABLE `w_welcomebonuses` (
  `id` int(55) NOT NULL AUTO_INCREMENT,
  `pay` varchar(55) COLLATE utf8mb4_unicode_ci NOT NULL,
  `sum` double NOT NULL,
  `type` varchar(255) COLLATE utf8mb4_unicode_ci NOT NULL DEFAULT 'one_pay',
  `bonus` double NOT NULL,
  `wager` int(5) NOT NULL,
  `shop_id` int(55) NOT NULL DEFAULT '0',
  PRIMARY KEY (`id`)
) ENGINE=InnoDB AUTO_INCREMENT=13 DEFAULT CHARSET=utf8mb4 COLLATE=utf8mb4_unicode_ci;

--
-- Dumping data for table `w_welcomebonuses`
--

INSERT INTO `w_welcomebonuses` VALUES (1,'1',100,'one_pay',10,1,0),(2,'2',1000,'one_pay',2000,1,0),(3,'3',2000,'one_pay',3000,1,0),(4,'1',100,'one_pay',10,1,1),(5,'2',1000,'one_pay',2000,1,1),(6,'3',2000,'one_pay',3000,1,1),(7,'1',100,'one_pay',10,1,2),(8,'2',1000,'one_pay',2000,1,2),(9,'3',2000,'one_pay',3000,1,2),(10,'1',100,'one_pay',10,1,3),(11,'2',1000,'one_pay',2000,1,3),(12,'3',2000,'one_pay',3000,1,3);

--
-- Table structure for table `w_wheelfortune`
--

CREATE TABLE `w_wheelfortune` (
  `id` int(55) NOT NULL AUTO_INCREMENT,
  `wh1_1` int(5) NOT NULL,
  `wh1_2` int(5) NOT NULL,
  `wh1_3` int(5) NOT NULL,
  `wh1_4` int(5) NOT NULL,
  `wh1_5` int(5) NOT NULL,
  `wh1_6` int(5) NOT NULL,
  `wh1_7` int(5) NOT NULL,
  `wh2_1` int(5) NOT NULL,
  `wh2_2` int(5) NOT NULL,
  `wh2_3` int(5) NOT NULL,
  `wh2_4` int(5) NOT NULL,
  `wh2_5` int(5) NOT NULL,
  `wh2_6` int(5) NOT NULL,
  `wh2_7` int(5) NOT NULL,
  `wh2_8` int(5) NOT NULL,
  `wh3_1` int(5) NOT NULL,
  `wh3_2` int(5) NOT NULL,
  `wh3_3` int(5) NOT NULL,
  `wh3_4` int(5) NOT NULL,
  `wh3_5` int(5) NOT NULL,
  `wh3_6` int(5) NOT NULL,
  `wh3_7` int(5) NOT NULL,
  `wh3_8` int(5) NOT NULL,
  `wh3_9` int(5) NOT NULL,
  `wh3_10` int(5) NOT NULL,
  `wh3_11` int(5) NOT NULL,
  `wh3_12` int(5) NOT NULL,
  `wh3_13` int(5) NOT NULL,
  `wh3_14` int(5) NOT NULL,
  `wh3_15` int(5) NOT NULL,
  `wh3_16` int(5) NOT NULL,
  `wager` int(5) NOT NULL,
  `status` int(2) NOT NULL DEFAULT '1',
  `shop_id` int(55) NOT NULL,
  PRIMARY KEY (`id`)
) ENGINE=InnoDB AUTO_INCREMENT=5 DEFAULT CHARSET=utf8mb4 COLLATE=utf8mb4_unicode_ci;

--
-- Dumping data for table `w_wheelfortune`
--

INSERT INTO `w_wheelfortune` VALUES (1,0,1,2,3,4,5,15,0,8,5,0,6,4,8,15,0,9,12,5,8,14,10,5,6,7,14,0,13,6,5,9,1,1,0),(2,0,1,2,3,4,5,15,0,8,5,0,6,4,8,15,0,9,12,5,8,14,10,5,6,7,14,0,13,6,5,9,1,0,1),(3,0,1,2,3,4,5,15,0,8,5,0,6,4,8,15,0,9,12,5,8,14,10,5,6,7,14,0,13,6,5,9,1,1,2),(4,0,1,2,3,4,5,15,0,8,5,0,6,4,8,15,0,9,12,5,8,14,10,5,6,7,14,0,13,6,5,9,1,1,3);

--
-- Table structure for table `w_withdraw_funds`
--

CREATE TABLE `w_withdraw_funds` (
  `id` int(11) NOT NULL,
  `user_id` int(11) NOT NULL,
  `amount` float NOT NULL,
  `currency` varchar(55) COLLATE utf8mb4_unicode_ci NOT NULL,
  `wallet` varchar(255) COLLATE utf8mb4_unicode_ci NOT NULL,
  `status` int(11) NOT NULL,
  `shop_id` int(11) NOT NULL,
  `created_at` timestamp NOT NULL DEFAULT CURRENT_TIMESTAMP,
  `confirmed_at` timestamp NOT NULL DEFAULT CURRENT_TIMESTAMP
) ENGINE=MyISAM DEFAULT CHARSET=utf8mb4 COLLATE=utf8mb4_unicode_ci ROW_FORMAT=DYNAMIC;

--
-- Dumping data for table `w_withdraw_funds`
--

INSERT INTO `w_withdraw_funds` VALUES (0,20,92,'EUR','Jdjjdhdhsysyusus63673',2,1,'2023-03-08 05:34:50','2023-03-08 09:01:24'),(0,21,200,'EUR','33GcYnRzqb3U8uokmQWhwXTMQkT46Q4QTc',2,1,'2023-03-08 08:00:39','2023-03-08 09:01:24');


